{"id":7672,"date":"2025-08-29T16:56:15","date_gmt":"2025-08-29T14:56:15","guid":{"rendered":"https:\/\/b19.be\/galerie\/b19-brussels-sebastien-bazin\/"},"modified":"2025-08-29T16:56:15","modified_gmt":"2025-08-29T14:56:15","slug":"b19-brussels-sebastien-bazin","status":"publish","type":"gallery","link":"https:\/\/b19.be\/nl\/galerie\/b19-brussels-sebastien-bazin\/","title":{"rendered":"B19 Brussels \u2013 S\u00e9bastien Bazin"},"content":{"rendered":"<p><strong>S\u00e9bastien Bazin (PDG Accor) : Du g\u00e9nie et de la chance ! <\/strong><\/p>\n<p>En pr\u00e9sence de quelques fleurons de l\u2019entrepreneuriatbruxellois, le grand patron du groupe Accor est venu pr\u00e9senter sa vision d\u2019un monde h\u00f4telier que le groupe qu\u2019il dirige domine dans de nombreuses parties du monde. L\u2019homme \u00ab qui ouvre un h\u00f4tel par jour \u00bb est d\u2019abord revenu sur son intuition et sa vision au moment de vendre le patrimoine immobilier de l\u2019empire Accor pour se concentrer uniquement sur la partie op\u00e9rative de son activit\u00e9.<\/p>\n<p>Chance et g\u00e9nie, cela a permis \u00e0 Accor de passer la crise Covid avec suffisamment de cash que pour ne pas se retrouver devant le tribunal de commerce apr\u00e8s avoir ferm\u00e9 tous ses h\u00f4tels dans le monde \u00e0 partir du 1er avril 2020 ! Une d\u00e9cision tr\u00e8s difficile \u00e0 prendre pour le PDG qui \u00e9tait bien.conscient qu\u2019elle allait sceller le sort de nombreux salari\u00e9s. Raison laquelle,\u00e0 sa demande, le CA (presqu\u2019\u00e0 l\u2019unanimit\u00e9 !) avait d\u2019ailleurs d\u00e9cid\u00e9 de ne pas distribuer de dividendes tout en gardant 25% d\u00e9di\u00e9s \u00e0 l\u2019aide octroy\u00e9e aux familles du personnel touch\u00e9 par la mesure (on parle tout de m\u00eame de 120 .000 personnes !). C\u2019est la pire et la plus juste d\u00e9cision que j\u2019ai eu \u00e0 prendre \u00bb, dit-il avec une modeste sagesse.&nbsp;<\/p>\n<p>Quant au futur de la profession apr\u00e8s la pand\u00e9mie, S\u00e9bastien Bazin voit une \u00e9volution des coutumes et des formes de voyage, une adaptation de l\u2019offre h\u00f4teli\u00e8re en termes de proximit\u00e9 et un positionnement ambitieux dans le d\u00e9veloppement durable.&nbsp;<\/p>\n<p>On rajoutera quelques anecdotes ou pens\u00e9es sur Airbnb (\u00ab J\u2019adore le concept mais je n\u2019aurais pas mis\u00e9 un centime dessus \u00bb), sur Bernard Tapie (\u00ab C\u2019\u00e9tait un bon type et les Fran\u00e7ais adorent les gens qui meurent ! \u00bb) ou sur la Fondation Gustave Roussy, premier centre de lutte contre le cancer en Europe, qui lui est ch\u00e8re (\u00ab Il faudrait mettre toutes les ressources en commun mais on y arrivera\u2026 \u00bb) et nous conclurons sur une impression enthousiaste : \u00e7a c\u2019est du boss !&nbsp;&nbsp;<\/p>\n","protected":false},"excerpt":{"rendered":"<p>S\u00e9bastien Bazin (PDG Accor) : Du g\u00e9nie et de la chance ! En pr\u00e9sence de quelques fleurons de l\u2019entrepreneuriatbruxellois, le grand patron du groupe Accor est venu pr\u00e9senter sa vision d\u2019un monde h\u00f4telier que le groupe qu\u2019il dirige domine dans de nombreuses parties du monde. L\u2019homme \u00ab qui ouvre un h\u00f4tel par jour \u00bb est [&hellip;]<\/p>\n","protected":false},"featured_media":7673,"template":"","class_list":["post-7672","gallery","type-gallery","status-publish","has-post-thumbnail","hentry"],"acf":[],"yoast_head":"<!-- This site is optimized with the Yoast SEO plugin v27.4 - https:\/\/yoast.com\/product\/yoast-seo-wordpress\/ -->\n<title>B19 Brussels - S\u00e9bastien Bazin - B19<\/title>\n<meta name=\"robots\" content=\"index, follow, max-snippet:-1, max-image-preview:large, max-video-preview:-1\" \/>\n<link rel=\"canonical\" href=\"https:\/\/b19.be\/nl\/galerie\/b19-brussels-sebastien-bazin\/\" \/>\n<meta property=\"og:locale\" content=\"nl_BE\" \/>\n<meta property=\"og:type\" content=\"article\" \/>\n<meta property=\"og:title\" content=\"B19 Brussels - S\u00e9bastien Bazin - B19\" \/>\n<meta property=\"og:description\" content=\"S\u00e9bastien Bazin (PDG Accor) : Du g\u00e9nie et de la chance ! En pr\u00e9sence de quelques fleurons de l\u2019entrepreneuriatbruxellois, le grand patron du groupe Accor est venu pr\u00e9senter sa vision d\u2019un monde h\u00f4telier que le groupe qu\u2019il dirige domine dans de nombreuses parties du monde. L\u2019homme \u00ab qui ouvre un h\u00f4tel par jour \u00bb est [&hellip;]\" \/>\n<meta property=\"og:url\" content=\"https:\/\/b19.be\/nl\/galerie\/b19-brussels-sebastien-bazin\/\" \/>\n<meta property=\"og:site_name\" content=\"B19\" \/>\n<meta property=\"article:publisher\" content=\"https:\/\/www.facebook.com\/B19BusinessClub\" \/>\n<meta property=\"og:image\" content=\"https:\/\/b19.be\/wp-content\/uploads\/2023\/09\/b19-national-business-club.jpg\" \/>\n\t<meta property=\"og:image:width\" content=\"2000\" \/>\n\t<meta property=\"og:image:height\" content=\"1331\" \/>\n\t<meta property=\"og:image:type\" content=\"image\/jpeg\" \/>\n<meta name=\"twitter:card\" content=\"summary_large_image\" \/>\n<meta name=\"twitter:label1\" content=\"Geschatte leestijd\" \/>\n\t<meta name=\"twitter:data1\" content=\"2 minuten\" \/>\n<script type=\"application\/ld+json\" class=\"yoast-schema-graph\">{\"@context\":\"https:\\\/\\\/schema.org\",\"@graph\":[{\"@type\":\"WebPage\",\"@id\":\"https:\\\/\\\/b19.be\\\/nl\\\/galerie\\\/b19-brussels-sebastien-bazin\\\/\",\"url\":\"https:\\\/\\\/b19.be\\\/nl\\\/galerie\\\/b19-brussels-sebastien-bazin\\\/\",\"name\":\"B19 Brussels - S\u00e9bastien Bazin - B19\",\"isPartOf\":{\"@id\":\"https:\\\/\\\/b19.be\\\/nl\\\/#website\"},\"primaryImageOfPage\":{\"@id\":\"https:\\\/\\\/b19.be\\\/nl\\\/galerie\\\/b19-brussels-sebastien-bazin\\\/#primaryimage\"},\"image\":{\"@id\":\"https:\\\/\\\/b19.be\\\/nl\\\/galerie\\\/b19-brussels-sebastien-bazin\\\/#primaryimage\"},\"thumbnailUrl\":\"https:\\\/\\\/b19.be\\\/wp-content\\\/uploads\\\/2025\\\/08\\\/9ceba1c1-03bc-423f-a8d1-cba6c807bf45.jpg\",\"datePublished\":\"2025-08-29T14:56:15+00:00\",\"breadcrumb\":{\"@id\":\"https:\\\/\\\/b19.be\\\/nl\\\/galerie\\\/b19-brussels-sebastien-bazin\\\/#breadcrumb\"},\"inLanguage\":\"nl-BE\",\"potentialAction\":[{\"@type\":\"ReadAction\",\"target\":[\"https:\\\/\\\/b19.be\\\/nl\\\/galerie\\\/b19-brussels-sebastien-bazin\\\/\"]}]},{\"@type\":\"ImageObject\",\"inLanguage\":\"nl-BE\",\"@id\":\"https:\\\/\\\/b19.be\\\/nl\\\/galerie\\\/b19-brussels-sebastien-bazin\\\/#primaryimage\",\"url\":\"https:\\\/\\\/b19.be\\\/wp-content\\\/uploads\\\/2025\\\/08\\\/9ceba1c1-03bc-423f-a8d1-cba6c807bf45.jpg\",\"contentUrl\":\"https:\\\/\\\/b19.be\\\/wp-content\\\/uploads\\\/2025\\\/08\\\/9ceba1c1-03bc-423f-a8d1-cba6c807bf45.jpg\",\"width\":4320,\"height\":2875},{\"@type\":\"BreadcrumbList\",\"@id\":\"https:\\\/\\\/b19.be\\\/nl\\\/galerie\\\/b19-brussels-sebastien-bazin\\\/#breadcrumb\",\"itemListElement\":[{\"@type\":\"ListItem\",\"position\":1,\"name\":\"Home\",\"item\":\"https:\\\/\\\/b19.be\\\/nl\\\/\"},{\"@type\":\"ListItem\",\"position\":2,\"name\":\"B19 Brussels \u2013 S\u00e9bastien Bazin\"}]},{\"@type\":\"WebSite\",\"@id\":\"https:\\\/\\\/b19.be\\\/nl\\\/#website\",\"url\":\"https:\\\/\\\/b19.be\\\/nl\\\/\",\"name\":\"B19\",\"description\":\"National Business Club &amp; Networking\",\"publisher\":{\"@id\":\"https:\\\/\\\/b19.be\\\/nl\\\/#organization\"},\"alternateName\":\"B19 Business Club\",\"potentialAction\":[{\"@type\":\"SearchAction\",\"target\":{\"@type\":\"EntryPoint\",\"urlTemplate\":\"https:\\\/\\\/b19.be\\\/nl\\\/?s={search_term_string}\"},\"query-input\":{\"@type\":\"PropertyValueSpecification\",\"valueRequired\":true,\"valueName\":\"search_term_string\"}}],\"inLanguage\":\"nl-BE\"},{\"@type\":\"Organization\",\"@id\":\"https:\\\/\\\/b19.be\\\/nl\\\/#organization\",\"name\":\"B19\",\"alternateName\":\"B19 Business Club\",\"url\":\"https:\\\/\\\/b19.be\\\/nl\\\/\",\"logo\":{\"@type\":\"ImageObject\",\"inLanguage\":\"nl-BE\",\"@id\":\"https:\\\/\\\/b19.be\\\/nl\\\/#\\\/schema\\\/logo\\\/image\\\/\",\"url\":\"https:\\\/\\\/b19.be\\\/wp-content\\\/uploads\\\/2023\\\/09\\\/logob19.svg\",\"contentUrl\":\"https:\\\/\\\/b19.be\\\/wp-content\\\/uploads\\\/2023\\\/09\\\/logob19.svg\",\"width\":1,\"height\":1,\"caption\":\"B19\"},\"image\":{\"@id\":\"https:\\\/\\\/b19.be\\\/nl\\\/#\\\/schema\\\/logo\\\/image\\\/\"},\"sameAs\":[\"https:\\\/\\\/www.facebook.com\\\/B19BusinessClub\",\"https:\\\/\\\/www.linkedin.com\\\/company\\\/b19-country-club\\\/\",\"https:\\\/\\\/www.instagram.com\\\/b19_business_club\\\/\"]}]}<\/script>\n<!-- \/ Yoast SEO plugin. -->","yoast_head_json":{"title":"B19 Brussels - S\u00e9bastien Bazin - B19","robots":{"index":"index","follow":"follow","max-snippet":"max-snippet:-1","max-image-preview":"max-image-preview:large","max-video-preview":"max-video-preview:-1"},"canonical":"https:\/\/b19.be\/nl\/galerie\/b19-brussels-sebastien-bazin\/","og_locale":"nl_BE","og_type":"article","og_title":"B19 Brussels - S\u00e9bastien Bazin - B19","og_description":"S\u00e9bastien Bazin (PDG Accor) : Du g\u00e9nie et de la chance ! En pr\u00e9sence de quelques fleurons de l\u2019entrepreneuriatbruxellois, le grand patron du groupe Accor est venu pr\u00e9senter sa vision d\u2019un monde h\u00f4telier que le groupe qu\u2019il dirige domine dans de nombreuses parties du monde. L\u2019homme \u00ab qui ouvre un h\u00f4tel par jour \u00bb est [&hellip;]","og_url":"https:\/\/b19.be\/nl\/galerie\/b19-brussels-sebastien-bazin\/","og_site_name":"B19","article_publisher":"https:\/\/www.facebook.com\/B19BusinessClub","og_image":[{"width":2000,"height":1331,"url":"https:\/\/b19.be\/wp-content\/uploads\/2023\/09\/b19-national-business-club.jpg","type":"image\/jpeg"}],"twitter_card":"summary_large_image","twitter_misc":{"Geschatte leestijd":"2 minuten"},"schema":{"@context":"https:\/\/schema.org","@graph":[{"@type":"WebPage","@id":"https:\/\/b19.be\/nl\/galerie\/b19-brussels-sebastien-bazin\/","url":"https:\/\/b19.be\/nl\/galerie\/b19-brussels-sebastien-bazin\/","name":"B19 Brussels - S\u00e9bastien Bazin - B19","isPartOf":{"@id":"https:\/\/b19.be\/nl\/#website"},"primaryImageOfPage":{"@id":"https:\/\/b19.be\/nl\/galerie\/b19-brussels-sebastien-bazin\/#primaryimage"},"image":{"@id":"https:\/\/b19.be\/nl\/galerie\/b19-brussels-sebastien-bazin\/#primaryimage"},"thumbnailUrl":"https:\/\/b19.be\/wp-content\/uploads\/2025\/08\/9ceba1c1-03bc-423f-a8d1-cba6c807bf45.jpg","datePublished":"2025-08-29T14:56:15+00:00","breadcrumb":{"@id":"https:\/\/b19.be\/nl\/galerie\/b19-brussels-sebastien-bazin\/#breadcrumb"},"inLanguage":"nl-BE","potentialAction":[{"@type":"ReadAction","target":["https:\/\/b19.be\/nl\/galerie\/b19-brussels-sebastien-bazin\/"]}]},{"@type":"ImageObject","inLanguage":"nl-BE","@id":"https:\/\/b19.be\/nl\/galerie\/b19-brussels-sebastien-bazin\/#primaryimage","url":"https:\/\/b19.be\/wp-content\/uploads\/2025\/08\/9ceba1c1-03bc-423f-a8d1-cba6c807bf45.jpg","contentUrl":"https:\/\/b19.be\/wp-content\/uploads\/2025\/08\/9ceba1c1-03bc-423f-a8d1-cba6c807bf45.jpg","width":4320,"height":2875},{"@type":"BreadcrumbList","@id":"https:\/\/b19.be\/nl\/galerie\/b19-brussels-sebastien-bazin\/#breadcrumb","itemListElement":[{"@type":"ListItem","position":1,"name":"Home","item":"https:\/\/b19.be\/nl\/"},{"@type":"ListItem","position":2,"name":"B19 Brussels \u2013 S\u00e9bastien Bazin"}]},{"@type":"WebSite","@id":"https:\/\/b19.be\/nl\/#website","url":"https:\/\/b19.be\/nl\/","name":"B19","description":"National Business Club &amp; Networking","publisher":{"@id":"https:\/\/b19.be\/nl\/#organization"},"alternateName":"B19 Business Club","potentialAction":[{"@type":"SearchAction","target":{"@type":"EntryPoint","urlTemplate":"https:\/\/b19.be\/nl\/?s={search_term_string}"},"query-input":{"@type":"PropertyValueSpecification","valueRequired":true,"valueName":"search_term_string"}}],"inLanguage":"nl-BE"},{"@type":"Organization","@id":"https:\/\/b19.be\/nl\/#organization","name":"B19","alternateName":"B19 Business Club","url":"https:\/\/b19.be\/nl\/","logo":{"@type":"ImageObject","inLanguage":"nl-BE","@id":"https:\/\/b19.be\/nl\/#\/schema\/logo\/image\/","url":"https:\/\/b19.be\/wp-content\/uploads\/2023\/09\/logob19.svg","contentUrl":"https:\/\/b19.be\/wp-content\/uploads\/2023\/09\/logob19.svg","width":1,"height":1,"caption":"B19"},"image":{"@id":"https:\/\/b19.be\/nl\/#\/schema\/logo\/image\/"},"sameAs":["https:\/\/www.facebook.com\/B19BusinessClub","https:\/\/www.linkedin.com\/company\/b19-country-club\/","https:\/\/www.instagram.com\/b19_business_club\/"]}]}},"_links":{"self":[{"href":"https:\/\/b19.be\/nl\/wp-json\/wp\/v2\/gallery\/7672","targetHints":{"allow":["GET"]}}],"collection":[{"href":"https:\/\/b19.be\/nl\/wp-json\/wp\/v2\/gallery"}],"about":[{"href":"https:\/\/b19.be\/nl\/wp-json\/wp\/v2\/types\/gallery"}],"version-history":[{"count":0,"href":"https:\/\/b19.be\/nl\/wp-json\/wp\/v2\/gallery\/7672\/revisions"}],"wp:featuredmedia":[{"embeddable":true,"href":"https:\/\/b19.be\/nl\/wp-json\/wp\/v2\/media\/7673"}],"wp:attachment":[{"href":"https:\/\/b19.be\/nl\/wp-json\/wp\/v2\/media?parent=7672"}],"curies":[{"name":"wp","href":"https:\/\/api.w.org\/{rel}","templated":true}]}}

B19 Brussels – Sébastien Bazin

<p><strong>Sébastien Bazin (PDG Accor) : Du génie et de la chance ! </strong></p>
<p>En présence de quelques fleurons de l’entrepreneuriatbruxellois, le grand patron du groupe Accor est venu présenter sa vision d’un monde hôtelier que le groupe qu’il dirige domine dans de nombreuses parties du monde. L’homme « qui ouvre un hôtel par jour » est d’abord revenu sur son intuition et sa vision au moment de vendre le patrimoine immobilier de l’empire Accor pour se concentrer uniquement sur la partie opérative de son activité.</p>
<p>Chance et génie, cela a permis à Accor de passer la crise Covid avec suffisamment de cash que pour ne pas se retrouver devant le tribunal de commerce après avoir fermé tous ses hôtels dans le monde à partir du 1er avril 2020 ! Une décision très difficile à prendre pour le PDG qui était bien.conscient qu’elle allait sceller le sort de nombreux salariés. Raison laquelle,à sa demande, le CA (presqu’à l’unanimité !) avait d’ailleurs décidé de ne pas distribuer de dividendes tout en gardant 25% dédiés à l’aide octroyée aux familles du personnel touché par la mesure (on parle tout de même de 120 .000 personnes !). C’est la pire et la plus juste décision que j’ai eu à prendre », dit-il avec une modeste sagesse.&nbsp;</p>
<p>Quant au futur de la profession après la pandémie, Sébastien Bazin voit une évolution des coutumes et des formes de voyage, une adaptation de l’offre hôtelière en termes de proximité et un positionnement ambitieux dans le développement durable.&nbsp;</p>
<p>On rajoutera quelques anecdotes ou pensées sur Airbnb (« J’adore le concept mais je n’aurais pas misé un centime dessus »), sur Bernard Tapie (« C’était un bon type et les Français adorent les gens qui meurent ! ») ou sur la Fondation Gustave Roussy, premier centre de lutte contre le cancer en Europe, qui lui est chère (« Il faudrait mettre toutes les ressources en commun mais on y arrivera… ») et nous conclurons sur une impression enthousiaste : ça c’est du boss !&nbsp;&nbsp;</p>

<p>Sébastien Bazin (PDG Accor) : Du génie et de la chance ! En présence de quelques fleurons de l’entrepreneuriatbruxellois, le grand patron du groupe Accor est venu présenter sa vision d’un monde hôtelier que le groupe qu’il dirige domine dans de nombreuses parties du monde. L’homme « qui ouvre un hôtel par jour » est [&hellip;]</p>

<!-- This site is optimized with the Yoast SEO plugin v27.4 - https://yoast.com/product/yoast-seo-wordpress/ -->
<title>B19 Brussels - Sébastien Bazin - B19</title>
<meta name="robots" content="index, follow, max-snippet:-1, max-image-preview:large, max-video-preview:-1" />
<link rel="canonical" href="https://b19.be/nl/galerie/b19-brussels-sebastien-bazin/" />
<meta property="og:locale" content="nl_BE" />
<meta property="og:type" content="article" />
<meta property="og:title" content="B19 Brussels - Sébastien Bazin - B19" />
<meta property="og:description" content="Sébastien Bazin (PDG Accor) : Du génie et de la chance ! En présence de quelques fleurons de l’entrepreneuriatbruxellois, le grand patron du groupe Accor est venu présenter sa vision d’un monde hôtelier que le groupe qu’il dirige domine dans de nombreuses parties du monde. L’homme « qui ouvre un hôtel par jour » est [&hellip;]" />
<meta property="og:url" content="https://b19.be/nl/galerie/b19-brussels-sebastien-bazin/" />
<meta property="og:site_name" content="B19" />
<meta property="article:publisher" content="https://www.facebook.com/B19BusinessClub" />
<meta property="og:image" content="https://b19.be/wp-content/uploads/2023/09/b19-national-business-club.jpg" />
	<meta property="og:image:width" content="2000" />
	<meta property="og:image:height" content="1331" />
	<meta property="og:image:type" content="image/jpeg" />
<meta name="twitter:card" content="summary_large_image" />
<meta name="twitter:label1" content="Geschatte leestijd" />
	<meta name="twitter:data1" content="2 minuten" />
<script type="application/ld+json" class="yoast-schema-graph">{"@context":"https:\/\/schema.org","@graph":[{"@type":"WebPage","@id":"https:\/\/b19.be\/nl\/galerie\/b19-brussels-sebastien-bazin\/","url":"https:\/\/b19.be\/nl\/galerie\/b19-brussels-sebastien-bazin\/","name":"B19 Brussels - Sébastien Bazin - B19","isPartOf":{"@id":"https:\/\/b19.be\/nl\/#website"},"primaryImageOfPage":{"@id":"https:\/\/b19.be\/nl\/galerie\/b19-brussels-sebastien-bazin\/#primaryimage"},"image":{"@id":"https:\/\/b19.be\/nl\/galerie\/b19-brussels-sebastien-bazin\/#primaryimage"},"thumbnailUrl":"https:\/\/b19.be\/wp-content\/uploads\/2025\/08\/9ceba1c1-03bc-423f-a8d1-cba6c807bf45.jpg","datePublished":"2025-08-29T14:56:15+00:00","breadcrumb":{"@id":"https:\/\/b19.be\/nl\/galerie\/b19-brussels-sebastien-bazin\/#breadcrumb"},"inLanguage":"nl-BE","potentialAction":[{"@type":"ReadAction","target":["https:\/\/b19.be\/nl\/galerie\/b19-brussels-sebastien-bazin\/"]}]},{"@type":"ImageObject","inLanguage":"nl-BE","@id":"https:\/\/b19.be\/nl\/galerie\/b19-brussels-sebastien-bazin\/#primaryimage","url":"https:\/\/b19.be\/wp-content\/uploads\/2025\/08\/9ceba1c1-03bc-423f-a8d1-cba6c807bf45.jpg","contentUrl":"https:\/\/b19.be\/wp-content\/uploads\/2025\/08\/9ceba1c1-03bc-423f-a8d1-cba6c807bf45.jpg","width":4320,"height":2875},{"@type":"BreadcrumbList","@id":"https:\/\/b19.be\/nl\/galerie\/b19-brussels-sebastien-bazin\/#breadcrumb","itemListElement":[{"@type":"ListItem","position":1,"name":"Home","item":"https:\/\/b19.be\/nl\/"},{"@type":"ListItem","position":2,"name":"B19 Brussels – Sébastien Bazin"}]},{"@type":"WebSite","@id":"https:\/\/b19.be\/nl\/#website","url":"https:\/\/b19.be\/nl\/","name":"B19","description":"National Business Club &amp; Networking","publisher":{"@id":"https:\/\/b19.be\/nl\/#organization"},"alternateName":"B19 Business Club","potentialAction":[{"@type":"SearchAction","target":{"@type":"EntryPoint","urlTemplate":"https:\/\/b19.be\/nl\/?s={search_term_string}"},"query-input":{"@type":"PropertyValueSpecification","valueRequired":true,"valueName":"search_term_string"}}],"inLanguage":"nl-BE"},{"@type":"Organization","@id":"https:\/\/b19.be\/nl\/#organization","name":"B19","alternateName":"B19 Business Club","url":"https:\/\/b19.be\/nl\/","logo":{"@type":"ImageObject","inLanguage":"nl-BE","@id":"https:\/\/b19.be\/nl\/#\/schema\/logo\/image\/","url":"https:\/\/b19.be\/wp-content\/uploads\/2023\/09\/logob19.svg","contentUrl":"https:\/\/b19.be\/wp-content\/uploads\/2023\/09\/logob19.svg","width":1,"height":1,"caption":"B19"},"image":{"@id":"https:\/\/b19.be\/nl\/#\/schema\/logo\/image\/"},"sameAs":["https:\/\/www.facebook.com\/B19BusinessClub","https:\/\/www.linkedin.com\/company\/b19-country-club\/","https:\/\/www.instagram.com\/b19_business_club\/"]}]}</script>
<!-- / Yoast SEO plugin. -->

B19 Brussels - Sébastien Bazin - B19

Sébastien Bazin (PDG Accor) : Du génie et de la chance ! En présence de quelques fleurons de l’entrepreneuriatbruxellois, le grand patron du groupe Accor est venu présenter sa vision d’un monde hôtelier que le groupe qu’il dirige domine dans de nombreuses parties du monde. L’homme « qui ouvre un hôtel par jour » est [&hellip;]
