{"id":7612,"date":"2025-08-29T16:55:34","date_gmt":"2025-08-29T14:55:34","guid":{"rendered":"https:\/\/b19.be\/galerie\/b19-brabant-wallon-roland-duchatelet\/"},"modified":"2025-08-29T16:55:34","modified_gmt":"2025-08-29T14:55:34","slug":"b19-brabant-wallon-roland-duchatelet","status":"publish","type":"gallery","link":"https:\/\/b19.be\/nl\/galerie\/b19-brabant-wallon-roland-duchatelet\/","title":{"rendered":"B19 Brabant Wallon \u2013 Roland D\u00fbchatelet"},"content":{"rendered":"<p>Ing\u00e9nieur civil en \u00e9lectronique (KUL) et entrepreneur \u00e0 succ\u00e8s (avec une fortune personnelle \u00e9valu\u00e9e \u00e0 pr\u00e8s de 750 millions d\u2019euros)<br \/>Roland Duch\u00e2telet est connu pour son franc-parler. Sous le feu des questions de Bruno Wattenbergh, il a donn\u00e9 sa vision politico-\u00e9conomique d\u2019un monde qui<br \/>\u00e9volue vite et d\u2019une Belgique qui stagne dans sa particratie.&nbsp;&nbsp;<\/p>\n<p>Fondateur du parti politique Vivant, dont le programme est construit autour de l&#8217;id\u00e9e de l&#8217;allocation universelle qu\u2019il continue \u00e0 appeler de ses v\u0153ux en imaginant \u00e0 termes la fin progressive du salariat, il a \u00e9galement \u00e9t\u00e9 parlementaire mais avoue sa d\u00e9ception d\u2019un monde politique incoh\u00e9rent et compliqu\u00e9 qui a perdu ses valeurs et ses id\u00e9aux\u2026&nbsp;<\/p>\n<p>Il a construit sa fortune gr\u00e2ce \u00e0 ses soci\u00e9t\u00e9s dans le secteur des circuits int\u00e9gr\u00e9s, notamment avec sa soci\u00e9t\u00e9 Melexis qui occupe 1700 personnes et qui r\u00e9alise un chiffre d\u2019affaires de 700 millions d\u2019euros.&nbsp;<\/p>\n<p>L\u2019\u00e9volution de la Chine, l\u2019inflation en Europe et aux USA, l\u2019exc\u00e8s des subsides allou\u00e9s aux entreprises en Belgique (14 milliards par an !), la fiscalit\u00e9 galopante dans notre pays, \u2026 sont autant de sujets qui ont \u00e9t\u00e9 abord\u00e9s avec des id\u00e9es bien tremp\u00e9es.&nbsp;<\/p>\n<p>La phrase : \u00ab Je n\u2019investis plus en Belgique, il y a trop de charges et c\u2019est trop mal g\u00e9r\u00e9 par l\u2019Etat ! \u00bb&nbsp;&nbsp;<\/p>\n","protected":false},"excerpt":{"rendered":"<p>Ing\u00e9nieur civil en \u00e9lectronique (KUL) et entrepreneur \u00e0 succ\u00e8s (avec une fortune personnelle \u00e9valu\u00e9e \u00e0 pr\u00e8s de 750 millions d\u2019euros)Roland Duch\u00e2telet est connu pour son franc-parler. Sous le feu des questions de Bruno Wattenbergh, il a donn\u00e9 sa vision politico-\u00e9conomique d\u2019un monde qui\u00e9volue vite et d\u2019une Belgique qui stagne dans sa particratie.&nbsp;&nbsp; Fondateur du parti [&hellip;]<\/p>\n","protected":false},"featured_media":7613,"template":"","class_list":["post-7612","gallery","type-gallery","status-publish","has-post-thumbnail","hentry"],"acf":[],"yoast_head":"<!-- This site is optimized with the Yoast SEO plugin v27.4 - https:\/\/yoast.com\/product\/yoast-seo-wordpress\/ -->\n<title>B19 Brabant Wallon - Roland D\u00fbchatelet - B19<\/title>\n<meta name=\"robots\" content=\"index, follow, max-snippet:-1, max-image-preview:large, max-video-preview:-1\" \/>\n<link rel=\"canonical\" href=\"https:\/\/b19.be\/nl\/galerie\/b19-brabant-wallon-roland-duchatelet\/\" \/>\n<meta property=\"og:locale\" content=\"nl_BE\" \/>\n<meta property=\"og:type\" content=\"article\" \/>\n<meta property=\"og:title\" content=\"B19 Brabant Wallon - Roland D\u00fbchatelet - B19\" \/>\n<meta property=\"og:description\" content=\"Ing\u00e9nieur civil en \u00e9lectronique (KUL) et entrepreneur \u00e0 succ\u00e8s (avec une fortune personnelle \u00e9valu\u00e9e \u00e0 pr\u00e8s de 750 millions d\u2019euros)Roland Duch\u00e2telet est connu pour son franc-parler. Sous le feu des questions de Bruno Wattenbergh, il a donn\u00e9 sa vision politico-\u00e9conomique d\u2019un monde qui\u00e9volue vite et d\u2019une Belgique qui stagne dans sa particratie.&nbsp;&nbsp; Fondateur du parti [&hellip;]\" \/>\n<meta property=\"og:url\" content=\"https:\/\/b19.be\/nl\/galerie\/b19-brabant-wallon-roland-duchatelet\/\" \/>\n<meta property=\"og:site_name\" content=\"B19\" \/>\n<meta property=\"article:publisher\" content=\"https:\/\/www.facebook.com\/B19BusinessClub\" \/>\n<meta property=\"og:image\" content=\"https:\/\/b19.be\/wp-content\/uploads\/2023\/09\/b19-national-business-club.jpg\" \/>\n\t<meta property=\"og:image:width\" content=\"2000\" \/>\n\t<meta property=\"og:image:height\" content=\"1331\" \/>\n\t<meta property=\"og:image:type\" content=\"image\/jpeg\" \/>\n<meta name=\"twitter:card\" content=\"summary_large_image\" \/>\n<meta name=\"twitter:label1\" content=\"Geschatte leestijd\" \/>\n\t<meta name=\"twitter:data1\" content=\"1 minuut\" \/>\n<script type=\"application\/ld+json\" class=\"yoast-schema-graph\">{\"@context\":\"https:\\\/\\\/schema.org\",\"@graph\":[{\"@type\":\"WebPage\",\"@id\":\"https:\\\/\\\/b19.be\\\/nl\\\/galerie\\\/b19-brabant-wallon-roland-duchatelet\\\/\",\"url\":\"https:\\\/\\\/b19.be\\\/nl\\\/galerie\\\/b19-brabant-wallon-roland-duchatelet\\\/\",\"name\":\"B19 Brabant Wallon - Roland D\u00fbchatelet - B19\",\"isPartOf\":{\"@id\":\"https:\\\/\\\/b19.be\\\/nl\\\/#website\"},\"primaryImageOfPage\":{\"@id\":\"https:\\\/\\\/b19.be\\\/nl\\\/galerie\\\/b19-brabant-wallon-roland-duchatelet\\\/#primaryimage\"},\"image\":{\"@id\":\"https:\\\/\\\/b19.be\\\/nl\\\/galerie\\\/b19-brabant-wallon-roland-duchatelet\\\/#primaryimage\"},\"thumbnailUrl\":\"https:\\\/\\\/b19.be\\\/wp-content\\\/uploads\\\/2025\\\/08\\\/887d5a41-ae08-44bd-ba56-1183b2d1be81.jpg\",\"datePublished\":\"2025-08-29T14:55:34+00:00\",\"breadcrumb\":{\"@id\":\"https:\\\/\\\/b19.be\\\/nl\\\/galerie\\\/b19-brabant-wallon-roland-duchatelet\\\/#breadcrumb\"},\"inLanguage\":\"nl-BE\",\"potentialAction\":[{\"@type\":\"ReadAction\",\"target\":[\"https:\\\/\\\/b19.be\\\/nl\\\/galerie\\\/b19-brabant-wallon-roland-duchatelet\\\/\"]}]},{\"@type\":\"ImageObject\",\"inLanguage\":\"nl-BE\",\"@id\":\"https:\\\/\\\/b19.be\\\/nl\\\/galerie\\\/b19-brabant-wallon-roland-duchatelet\\\/#primaryimage\",\"url\":\"https:\\\/\\\/b19.be\\\/wp-content\\\/uploads\\\/2025\\\/08\\\/887d5a41-ae08-44bd-ba56-1183b2d1be81.jpg\",\"contentUrl\":\"https:\\\/\\\/b19.be\\\/wp-content\\\/uploads\\\/2025\\\/08\\\/887d5a41-ae08-44bd-ba56-1183b2d1be81.jpg\",\"width\":2212,\"height\":1472},{\"@type\":\"BreadcrumbList\",\"@id\":\"https:\\\/\\\/b19.be\\\/nl\\\/galerie\\\/b19-brabant-wallon-roland-duchatelet\\\/#breadcrumb\",\"itemListElement\":[{\"@type\":\"ListItem\",\"position\":1,\"name\":\"Home\",\"item\":\"https:\\\/\\\/b19.be\\\/nl\\\/\"},{\"@type\":\"ListItem\",\"position\":2,\"name\":\"B19 Brabant Wallon \u2013 Roland D\u00fbchatelet\"}]},{\"@type\":\"WebSite\",\"@id\":\"https:\\\/\\\/b19.be\\\/nl\\\/#website\",\"url\":\"https:\\\/\\\/b19.be\\\/nl\\\/\",\"name\":\"B19\",\"description\":\"National Business Club &amp; Networking\",\"publisher\":{\"@id\":\"https:\\\/\\\/b19.be\\\/nl\\\/#organization\"},\"alternateName\":\"B19 Business Club\",\"potentialAction\":[{\"@type\":\"SearchAction\",\"target\":{\"@type\":\"EntryPoint\",\"urlTemplate\":\"https:\\\/\\\/b19.be\\\/nl\\\/?s={search_term_string}\"},\"query-input\":{\"@type\":\"PropertyValueSpecification\",\"valueRequired\":true,\"valueName\":\"search_term_string\"}}],\"inLanguage\":\"nl-BE\"},{\"@type\":\"Organization\",\"@id\":\"https:\\\/\\\/b19.be\\\/nl\\\/#organization\",\"name\":\"B19\",\"alternateName\":\"B19 Business Club\",\"url\":\"https:\\\/\\\/b19.be\\\/nl\\\/\",\"logo\":{\"@type\":\"ImageObject\",\"inLanguage\":\"nl-BE\",\"@id\":\"https:\\\/\\\/b19.be\\\/nl\\\/#\\\/schema\\\/logo\\\/image\\\/\",\"url\":\"https:\\\/\\\/b19.be\\\/wp-content\\\/uploads\\\/2023\\\/09\\\/logob19.svg\",\"contentUrl\":\"https:\\\/\\\/b19.be\\\/wp-content\\\/uploads\\\/2023\\\/09\\\/logob19.svg\",\"width\":1,\"height\":1,\"caption\":\"B19\"},\"image\":{\"@id\":\"https:\\\/\\\/b19.be\\\/nl\\\/#\\\/schema\\\/logo\\\/image\\\/\"},\"sameAs\":[\"https:\\\/\\\/www.facebook.com\\\/B19BusinessClub\",\"https:\\\/\\\/www.linkedin.com\\\/company\\\/b19-country-club\\\/\",\"https:\\\/\\\/www.instagram.com\\\/b19_business_club\\\/\"]}]}<\/script>\n<!-- \/ Yoast SEO plugin. -->","yoast_head_json":{"title":"B19 Brabant Wallon - Roland D\u00fbchatelet - B19","robots":{"index":"index","follow":"follow","max-snippet":"max-snippet:-1","max-image-preview":"max-image-preview:large","max-video-preview":"max-video-preview:-1"},"canonical":"https:\/\/b19.be\/nl\/galerie\/b19-brabant-wallon-roland-duchatelet\/","og_locale":"nl_BE","og_type":"article","og_title":"B19 Brabant Wallon - Roland D\u00fbchatelet - B19","og_description":"Ing\u00e9nieur civil en \u00e9lectronique (KUL) et entrepreneur \u00e0 succ\u00e8s (avec une fortune personnelle \u00e9valu\u00e9e \u00e0 pr\u00e8s de 750 millions d\u2019euros)Roland Duch\u00e2telet est connu pour son franc-parler. Sous le feu des questions de Bruno Wattenbergh, il a donn\u00e9 sa vision politico-\u00e9conomique d\u2019un monde qui\u00e9volue vite et d\u2019une Belgique qui stagne dans sa particratie.&nbsp;&nbsp; Fondateur du parti [&hellip;]","og_url":"https:\/\/b19.be\/nl\/galerie\/b19-brabant-wallon-roland-duchatelet\/","og_site_name":"B19","article_publisher":"https:\/\/www.facebook.com\/B19BusinessClub","og_image":[{"width":2000,"height":1331,"url":"https:\/\/b19.be\/wp-content\/uploads\/2023\/09\/b19-national-business-club.jpg","type":"image\/jpeg"}],"twitter_card":"summary_large_image","twitter_misc":{"Geschatte leestijd":"1 minuut"},"schema":{"@context":"https:\/\/schema.org","@graph":[{"@type":"WebPage","@id":"https:\/\/b19.be\/nl\/galerie\/b19-brabant-wallon-roland-duchatelet\/","url":"https:\/\/b19.be\/nl\/galerie\/b19-brabant-wallon-roland-duchatelet\/","name":"B19 Brabant Wallon - Roland D\u00fbchatelet - B19","isPartOf":{"@id":"https:\/\/b19.be\/nl\/#website"},"primaryImageOfPage":{"@id":"https:\/\/b19.be\/nl\/galerie\/b19-brabant-wallon-roland-duchatelet\/#primaryimage"},"image":{"@id":"https:\/\/b19.be\/nl\/galerie\/b19-brabant-wallon-roland-duchatelet\/#primaryimage"},"thumbnailUrl":"https:\/\/b19.be\/wp-content\/uploads\/2025\/08\/887d5a41-ae08-44bd-ba56-1183b2d1be81.jpg","datePublished":"2025-08-29T14:55:34+00:00","breadcrumb":{"@id":"https:\/\/b19.be\/nl\/galerie\/b19-brabant-wallon-roland-duchatelet\/#breadcrumb"},"inLanguage":"nl-BE","potentialAction":[{"@type":"ReadAction","target":["https:\/\/b19.be\/nl\/galerie\/b19-brabant-wallon-roland-duchatelet\/"]}]},{"@type":"ImageObject","inLanguage":"nl-BE","@id":"https:\/\/b19.be\/nl\/galerie\/b19-brabant-wallon-roland-duchatelet\/#primaryimage","url":"https:\/\/b19.be\/wp-content\/uploads\/2025\/08\/887d5a41-ae08-44bd-ba56-1183b2d1be81.jpg","contentUrl":"https:\/\/b19.be\/wp-content\/uploads\/2025\/08\/887d5a41-ae08-44bd-ba56-1183b2d1be81.jpg","width":2212,"height":1472},{"@type":"BreadcrumbList","@id":"https:\/\/b19.be\/nl\/galerie\/b19-brabant-wallon-roland-duchatelet\/#breadcrumb","itemListElement":[{"@type":"ListItem","position":1,"name":"Home","item":"https:\/\/b19.be\/nl\/"},{"@type":"ListItem","position":2,"name":"B19 Brabant Wallon \u2013 Roland D\u00fbchatelet"}]},{"@type":"WebSite","@id":"https:\/\/b19.be\/nl\/#website","url":"https:\/\/b19.be\/nl\/","name":"B19","description":"National Business Club &amp; Networking","publisher":{"@id":"https:\/\/b19.be\/nl\/#organization"},"alternateName":"B19 Business Club","potentialAction":[{"@type":"SearchAction","target":{"@type":"EntryPoint","urlTemplate":"https:\/\/b19.be\/nl\/?s={search_term_string}"},"query-input":{"@type":"PropertyValueSpecification","valueRequired":true,"valueName":"search_term_string"}}],"inLanguage":"nl-BE"},{"@type":"Organization","@id":"https:\/\/b19.be\/nl\/#organization","name":"B19","alternateName":"B19 Business Club","url":"https:\/\/b19.be\/nl\/","logo":{"@type":"ImageObject","inLanguage":"nl-BE","@id":"https:\/\/b19.be\/nl\/#\/schema\/logo\/image\/","url":"https:\/\/b19.be\/wp-content\/uploads\/2023\/09\/logob19.svg","contentUrl":"https:\/\/b19.be\/wp-content\/uploads\/2023\/09\/logob19.svg","width":1,"height":1,"caption":"B19"},"image":{"@id":"https:\/\/b19.be\/nl\/#\/schema\/logo\/image\/"},"sameAs":["https:\/\/www.facebook.com\/B19BusinessClub","https:\/\/www.linkedin.com\/company\/b19-country-club\/","https:\/\/www.instagram.com\/b19_business_club\/"]}]}},"_links":{"self":[{"href":"https:\/\/b19.be\/nl\/wp-json\/wp\/v2\/gallery\/7612","targetHints":{"allow":["GET"]}}],"collection":[{"href":"https:\/\/b19.be\/nl\/wp-json\/wp\/v2\/gallery"}],"about":[{"href":"https:\/\/b19.be\/nl\/wp-json\/wp\/v2\/types\/gallery"}],"version-history":[{"count":0,"href":"https:\/\/b19.be\/nl\/wp-json\/wp\/v2\/gallery\/7612\/revisions"}],"wp:featuredmedia":[{"embeddable":true,"href":"https:\/\/b19.be\/nl\/wp-json\/wp\/v2\/media\/7613"}],"wp:attachment":[{"href":"https:\/\/b19.be\/nl\/wp-json\/wp\/v2\/media?parent=7612"}],"curies":[{"name":"wp","href":"https:\/\/api.w.org\/{rel}","templated":true}]}}

B19 Brabant Wallon – Roland Dûchatelet

<p>Ingénieur civil en électronique (KUL) et entrepreneur à succès (avec une fortune personnelle évaluée à près de 750 millions d’euros)<br />Roland Duchâtelet est connu pour son franc-parler. Sous le feu des questions de Bruno Wattenbergh, il a donné sa vision politico-économique d’un monde qui<br />évolue vite et d’une Belgique qui stagne dans sa particratie.&nbsp;&nbsp;</p>
<p>Fondateur du parti politique Vivant, dont le programme est construit autour de l&#8217;idée de l&#8217;allocation universelle qu’il continue à appeler de ses vœux en imaginant à termes la fin progressive du salariat, il a également été parlementaire mais avoue sa déception d’un monde politique incohérent et compliqué qui a perdu ses valeurs et ses idéaux…&nbsp;</p>
<p>Il a construit sa fortune grâce à ses sociétés dans le secteur des circuits intégrés, notamment avec sa société Melexis qui occupe 1700 personnes et qui réalise un chiffre d’affaires de 700 millions d’euros.&nbsp;</p>
<p>L’évolution de la Chine, l’inflation en Europe et aux USA, l’excès des subsides alloués aux entreprises en Belgique (14 milliards par an !), la fiscalité galopante dans notre pays, … sont autant de sujets qui ont été abordés avec des idées bien trempées.&nbsp;</p>
<p>La phrase : « Je n’investis plus en Belgique, il y a trop de charges et c’est trop mal géré par l’Etat ! »&nbsp;&nbsp;</p>

<p>Ingénieur civil en électronique (KUL) et entrepreneur à succès (avec une fortune personnelle évaluée à près de 750 millions d’euros)Roland Duchâtelet est connu pour son franc-parler. Sous le feu des questions de Bruno Wattenbergh, il a donné sa vision politico-économique d’un monde quiévolue vite et d’une Belgique qui stagne dans sa particratie.&nbsp;&nbsp; Fondateur du parti [&hellip;]</p>

<!-- This site is optimized with the Yoast SEO plugin v27.4 - https://yoast.com/product/yoast-seo-wordpress/ -->
<title>B19 Brabant Wallon - Roland Dûchatelet - B19</title>
<meta name="robots" content="index, follow, max-snippet:-1, max-image-preview:large, max-video-preview:-1" />
<link rel="canonical" href="https://b19.be/nl/galerie/b19-brabant-wallon-roland-duchatelet/" />
<meta property="og:locale" content="nl_BE" />
<meta property="og:type" content="article" />
<meta property="og:title" content="B19 Brabant Wallon - Roland Dûchatelet - B19" />
<meta property="og:description" content="Ingénieur civil en électronique (KUL) et entrepreneur à succès (avec une fortune personnelle évaluée à près de 750 millions d’euros)Roland Duchâtelet est connu pour son franc-parler. Sous le feu des questions de Bruno Wattenbergh, il a donné sa vision politico-économique d’un monde quiévolue vite et d’une Belgique qui stagne dans sa particratie.&nbsp;&nbsp; Fondateur du parti [&hellip;]" />
<meta property="og:url" content="https://b19.be/nl/galerie/b19-brabant-wallon-roland-duchatelet/" />
<meta property="og:site_name" content="B19" />
<meta property="article:publisher" content="https://www.facebook.com/B19BusinessClub" />
<meta property="og:image" content="https://b19.be/wp-content/uploads/2023/09/b19-national-business-club.jpg" />
	<meta property="og:image:width" content="2000" />
	<meta property="og:image:height" content="1331" />
	<meta property="og:image:type" content="image/jpeg" />
<meta name="twitter:card" content="summary_large_image" />
<meta name="twitter:label1" content="Geschatte leestijd" />
	<meta name="twitter:data1" content="1 minuut" />
<script type="application/ld+json" class="yoast-schema-graph">{"@context":"https:\/\/schema.org","@graph":[{"@type":"WebPage","@id":"https:\/\/b19.be\/nl\/galerie\/b19-brabant-wallon-roland-duchatelet\/","url":"https:\/\/b19.be\/nl\/galerie\/b19-brabant-wallon-roland-duchatelet\/","name":"B19 Brabant Wallon - Roland Dûchatelet - B19","isPartOf":{"@id":"https:\/\/b19.be\/nl\/#website"},"primaryImageOfPage":{"@id":"https:\/\/b19.be\/nl\/galerie\/b19-brabant-wallon-roland-duchatelet\/#primaryimage"},"image":{"@id":"https:\/\/b19.be\/nl\/galerie\/b19-brabant-wallon-roland-duchatelet\/#primaryimage"},"thumbnailUrl":"https:\/\/b19.be\/wp-content\/uploads\/2025\/08\/887d5a41-ae08-44bd-ba56-1183b2d1be81.jpg","datePublished":"2025-08-29T14:55:34+00:00","breadcrumb":{"@id":"https:\/\/b19.be\/nl\/galerie\/b19-brabant-wallon-roland-duchatelet\/#breadcrumb"},"inLanguage":"nl-BE","potentialAction":[{"@type":"ReadAction","target":["https:\/\/b19.be\/nl\/galerie\/b19-brabant-wallon-roland-duchatelet\/"]}]},{"@type":"ImageObject","inLanguage":"nl-BE","@id":"https:\/\/b19.be\/nl\/galerie\/b19-brabant-wallon-roland-duchatelet\/#primaryimage","url":"https:\/\/b19.be\/wp-content\/uploads\/2025\/08\/887d5a41-ae08-44bd-ba56-1183b2d1be81.jpg","contentUrl":"https:\/\/b19.be\/wp-content\/uploads\/2025\/08\/887d5a41-ae08-44bd-ba56-1183b2d1be81.jpg","width":2212,"height":1472},{"@type":"BreadcrumbList","@id":"https:\/\/b19.be\/nl\/galerie\/b19-brabant-wallon-roland-duchatelet\/#breadcrumb","itemListElement":[{"@type":"ListItem","position":1,"name":"Home","item":"https:\/\/b19.be\/nl\/"},{"@type":"ListItem","position":2,"name":"B19 Brabant Wallon – Roland Dûchatelet"}]},{"@type":"WebSite","@id":"https:\/\/b19.be\/nl\/#website","url":"https:\/\/b19.be\/nl\/","name":"B19","description":"National Business Club &amp; Networking","publisher":{"@id":"https:\/\/b19.be\/nl\/#organization"},"alternateName":"B19 Business Club","potentialAction":[{"@type":"SearchAction","target":{"@type":"EntryPoint","urlTemplate":"https:\/\/b19.be\/nl\/?s={search_term_string}"},"query-input":{"@type":"PropertyValueSpecification","valueRequired":true,"valueName":"search_term_string"}}],"inLanguage":"nl-BE"},{"@type":"Organization","@id":"https:\/\/b19.be\/nl\/#organization","name":"B19","alternateName":"B19 Business Club","url":"https:\/\/b19.be\/nl\/","logo":{"@type":"ImageObject","inLanguage":"nl-BE","@id":"https:\/\/b19.be\/nl\/#\/schema\/logo\/image\/","url":"https:\/\/b19.be\/wp-content\/uploads\/2023\/09\/logob19.svg","contentUrl":"https:\/\/b19.be\/wp-content\/uploads\/2023\/09\/logob19.svg","width":1,"height":1,"caption":"B19"},"image":{"@id":"https:\/\/b19.be\/nl\/#\/schema\/logo\/image\/"},"sameAs":["https:\/\/www.facebook.com\/B19BusinessClub","https:\/\/www.linkedin.com\/company\/b19-country-club\/","https:\/\/www.instagram.com\/b19_business_club\/"]}]}</script>
<!-- / Yoast SEO plugin. -->

B19 Brabant Wallon - Roland Dûchatelet - B19

Ingénieur civil en électronique (KUL) et entrepreneur à succès (avec une fortune personnelle évaluée à près de 750 millions d’euros)Roland Duchâtelet est connu pour son franc-parler. Sous le feu des questions de Bruno Wattenbergh, il a donné sa vision politico-économique d’un monde quiévolue vite et d’une Belgique qui stagne dans sa particratie.&nbsp;&nbsp; Fondateur du parti [&hellip;]
