{"id":7546,"date":"2025-08-29T16:54:41","date_gmt":"2025-08-29T14:54:41","guid":{"rendered":"https:\/\/b19.be\/galerie\/afterwork-sven-gatz\/"},"modified":"2025-08-29T16:54:41","modified_gmt":"2025-08-29T14:54:41","slug":"afterwork-sven-gatz","status":"publish","type":"gallery","link":"https:\/\/b19.be\/nl\/galerie\/afterwork-sven-gatz\/","title":{"rendered":"Afterwork \u2013 Sven Gatz"},"content":{"rendered":"<p><strong> <\/strong><span><strong>\u00ab Je suis un f\u00e9d\u00e9raliste belge et europ\u00e9en \u00bb<\/strong><\/span><strong> <\/strong><\/p>\n<p>Ministre du Gouvernement de la R\u00e9gion de Bruxelles-Capitale, charg\u00e9 des Finances, du Budget, de la Fonction publique, de la Promotion du<br \/>Multilinguisme et de l\u2019Image de Bruxelles,<strong> Sven Gatz<\/strong> est un politicien qui a trouv\u00e9 sa vocation pr\u00e9coce dans les rangs du scoutisme.&nbsp;<\/p>\n<p>Fid\u00e8le de <strong>Vic Ansiaux<\/strong> avec qui il a d\u00e9marr\u00e9 sa carri\u00e8re en politique, il a ensuite \u00e9largi son spectre pour devenir un grand d\u00e9fenseur d\u2019une<br \/>Europe concert\u00e9e, d\u2019une Belgique unie et d\u2019un Bruxelles cosmopolite.&nbsp;<\/p>\n<p><strong>Morceaux choisis : <\/strong><\/p>\n<p>\u00ab Le communautarisme est toujours pr\u00e9sent, il faut rester vigilant \u00bb&nbsp;<\/p>\n<p>\u00ab Covid : l\u2019Etat n\u2019est pas une compagnie d\u2019assurances \u00bb&nbsp;<\/p>\n<p>\u00ab En politique, il faut savoir respecter la parole donn\u00e9e \u00bb&nbsp;<\/p>\n<p>\u00ab Il faut donner une meilleure formation en langues.<br \/>Les Ecoles et les Bruxellois sont demandeurs ! \u00bb&nbsp;<\/p>\n<p><strong>Objectifs : <\/strong><\/p>\n<p>\u00ab Plus de bi\u00e8res et moins de taxes \u00bb&nbsp;&nbsp;<\/p>\n<p>\u00ab Adapter une fiscalit\u00e9 plus propice \u00e0 l\u2019achat d\u2019un premier logement \u00bb&nbsp;<\/p>\n<p>\u00ab Implanter le nouveau m\u00e9tro \u00bb&nbsp;<\/p>\n<p>Voil\u00e0 bien un ministre un peu atypique et toujours soucieux de pr\u00e9server au mieux une certaine autonomie\u2026&nbsp;&nbsp;<\/p>\n","protected":false},"excerpt":{"rendered":"<p>\u00ab Je suis un f\u00e9d\u00e9raliste belge et europ\u00e9en \u00bb Ministre du Gouvernement de la R\u00e9gion de Bruxelles-Capitale, charg\u00e9 des Finances, du Budget, de la Fonction publique, de la Promotion duMultilinguisme et de l\u2019Image de Bruxelles, Sven Gatz est un politicien qui a trouv\u00e9 sa vocation pr\u00e9coce dans les rangs du scoutisme.&nbsp; Fid\u00e8le de Vic Ansiaux [&hellip;]<\/p>\n","protected":false},"featured_media":7547,"template":"","class_list":["post-7546","gallery","type-gallery","status-publish","has-post-thumbnail","hentry"],"acf":[],"yoast_head":"<!-- This site is optimized with the Yoast SEO plugin v27.5 - https:\/\/yoast.com\/product\/yoast-seo-wordpress\/ -->\n<title>Afterwork - Sven Gatz - B19<\/title>\n<meta name=\"robots\" content=\"index, follow, max-snippet:-1, max-image-preview:large, max-video-preview:-1\" \/>\n<link rel=\"canonical\" href=\"https:\/\/b19.be\/nl\/galerie\/afterwork-sven-gatz\/\" \/>\n<meta property=\"og:locale\" content=\"nl_BE\" \/>\n<meta property=\"og:type\" content=\"article\" \/>\n<meta property=\"og:title\" content=\"Afterwork - Sven Gatz - B19\" \/>\n<meta property=\"og:description\" content=\"\u00ab Je suis un f\u00e9d\u00e9raliste belge et europ\u00e9en \u00bb Ministre du Gouvernement de la R\u00e9gion de Bruxelles-Capitale, charg\u00e9 des Finances, du Budget, de la Fonction publique, de la Promotion duMultilinguisme et de l\u2019Image de Bruxelles, Sven Gatz est un politicien qui a trouv\u00e9 sa vocation pr\u00e9coce dans les rangs du scoutisme.&nbsp; Fid\u00e8le de Vic Ansiaux [&hellip;]\" \/>\n<meta property=\"og:url\" content=\"https:\/\/b19.be\/nl\/galerie\/afterwork-sven-gatz\/\" \/>\n<meta property=\"og:site_name\" content=\"B19\" \/>\n<meta property=\"article:publisher\" content=\"https:\/\/www.facebook.com\/B19BusinessClub\" \/>\n<meta property=\"og:image\" content=\"https:\/\/b19.be\/wp-content\/uploads\/2023\/09\/b19-national-business-club.jpg\" \/>\n\t<meta property=\"og:image:width\" content=\"2000\" \/>\n\t<meta property=\"og:image:height\" content=\"1331\" \/>\n\t<meta property=\"og:image:type\" content=\"image\/jpeg\" \/>\n<meta name=\"twitter:card\" content=\"summary_large_image\" \/>\n<meta name=\"twitter:label1\" content=\"Geschatte leestijd\" \/>\n\t<meta name=\"twitter:data1\" content=\"1 minuut\" \/>\n<script type=\"application\/ld+json\" class=\"yoast-schema-graph\">{\"@context\":\"https:\\\/\\\/schema.org\",\"@graph\":[{\"@type\":\"WebPage\",\"@id\":\"https:\\\/\\\/b19.be\\\/nl\\\/galerie\\\/afterwork-sven-gatz\\\/\",\"url\":\"https:\\\/\\\/b19.be\\\/nl\\\/galerie\\\/afterwork-sven-gatz\\\/\",\"name\":\"Afterwork - Sven Gatz - B19\",\"isPartOf\":{\"@id\":\"https:\\\/\\\/b19.be\\\/nl\\\/#website\"},\"primaryImageOfPage\":{\"@id\":\"https:\\\/\\\/b19.be\\\/nl\\\/galerie\\\/afterwork-sven-gatz\\\/#primaryimage\"},\"image\":{\"@id\":\"https:\\\/\\\/b19.be\\\/nl\\\/galerie\\\/afterwork-sven-gatz\\\/#primaryimage\"},\"thumbnailUrl\":\"https:\\\/\\\/b19.be\\\/wp-content\\\/uploads\\\/2025\\\/08\\\/9c88b431-c7c4-477d-93a2-00eda0a35b9c.jpg\",\"datePublished\":\"2025-08-29T14:54:41+00:00\",\"breadcrumb\":{\"@id\":\"https:\\\/\\\/b19.be\\\/nl\\\/galerie\\\/afterwork-sven-gatz\\\/#breadcrumb\"},\"inLanguage\":\"nl-BE\",\"potentialAction\":[{\"@type\":\"ReadAction\",\"target\":[\"https:\\\/\\\/b19.be\\\/nl\\\/galerie\\\/afterwork-sven-gatz\\\/\"]}]},{\"@type\":\"ImageObject\",\"inLanguage\":\"nl-BE\",\"@id\":\"https:\\\/\\\/b19.be\\\/nl\\\/galerie\\\/afterwork-sven-gatz\\\/#primaryimage\",\"url\":\"https:\\\/\\\/b19.be\\\/wp-content\\\/uploads\\\/2025\\\/08\\\/9c88b431-c7c4-477d-93a2-00eda0a35b9c.jpg\",\"contentUrl\":\"https:\\\/\\\/b19.be\\\/wp-content\\\/uploads\\\/2025\\\/08\\\/9c88b431-c7c4-477d-93a2-00eda0a35b9c.jpg\",\"width\":2092,\"height\":1393},{\"@type\":\"BreadcrumbList\",\"@id\":\"https:\\\/\\\/b19.be\\\/nl\\\/galerie\\\/afterwork-sven-gatz\\\/#breadcrumb\",\"itemListElement\":[{\"@type\":\"ListItem\",\"position\":1,\"name\":\"Home\",\"item\":\"https:\\\/\\\/b19.be\\\/nl\\\/\"},{\"@type\":\"ListItem\",\"position\":2,\"name\":\"Afterwork \u2013 Sven Gatz\"}]},{\"@type\":\"WebSite\",\"@id\":\"https:\\\/\\\/b19.be\\\/nl\\\/#website\",\"url\":\"https:\\\/\\\/b19.be\\\/nl\\\/\",\"name\":\"B19\",\"description\":\"National Business Club &amp; Networking\",\"publisher\":{\"@id\":\"https:\\\/\\\/b19.be\\\/nl\\\/#organization\"},\"alternateName\":\"B19 Business Club\",\"potentialAction\":[{\"@type\":\"SearchAction\",\"target\":{\"@type\":\"EntryPoint\",\"urlTemplate\":\"https:\\\/\\\/b19.be\\\/nl\\\/?s={search_term_string}\"},\"query-input\":{\"@type\":\"PropertyValueSpecification\",\"valueRequired\":true,\"valueName\":\"search_term_string\"}}],\"inLanguage\":\"nl-BE\"},{\"@type\":\"Organization\",\"@id\":\"https:\\\/\\\/b19.be\\\/nl\\\/#organization\",\"name\":\"B19\",\"alternateName\":\"B19 Business Club\",\"url\":\"https:\\\/\\\/b19.be\\\/nl\\\/\",\"logo\":{\"@type\":\"ImageObject\",\"inLanguage\":\"nl-BE\",\"@id\":\"https:\\\/\\\/b19.be\\\/nl\\\/#\\\/schema\\\/logo\\\/image\\\/\",\"url\":\"https:\\\/\\\/b19.be\\\/wp-content\\\/uploads\\\/2023\\\/09\\\/logob19.svg\",\"contentUrl\":\"https:\\\/\\\/b19.be\\\/wp-content\\\/uploads\\\/2023\\\/09\\\/logob19.svg\",\"width\":1,\"height\":1,\"caption\":\"B19\"},\"image\":{\"@id\":\"https:\\\/\\\/b19.be\\\/nl\\\/#\\\/schema\\\/logo\\\/image\\\/\"},\"sameAs\":[\"https:\\\/\\\/www.facebook.com\\\/B19BusinessClub\",\"https:\\\/\\\/www.linkedin.com\\\/company\\\/b19-country-club\\\/\",\"https:\\\/\\\/www.instagram.com\\\/b19_business_club\\\/\"]}]}<\/script>\n<!-- \/ Yoast SEO plugin. -->","yoast_head_json":{"title":"Afterwork - Sven Gatz - B19","robots":{"index":"index","follow":"follow","max-snippet":"max-snippet:-1","max-image-preview":"max-image-preview:large","max-video-preview":"max-video-preview:-1"},"canonical":"https:\/\/b19.be\/nl\/galerie\/afterwork-sven-gatz\/","og_locale":"nl_BE","og_type":"article","og_title":"Afterwork - Sven Gatz - B19","og_description":"\u00ab Je suis un f\u00e9d\u00e9raliste belge et europ\u00e9en \u00bb Ministre du Gouvernement de la R\u00e9gion de Bruxelles-Capitale, charg\u00e9 des Finances, du Budget, de la Fonction publique, de la Promotion duMultilinguisme et de l\u2019Image de Bruxelles, Sven Gatz est un politicien qui a trouv\u00e9 sa vocation pr\u00e9coce dans les rangs du scoutisme.&nbsp; Fid\u00e8le de Vic Ansiaux [&hellip;]","og_url":"https:\/\/b19.be\/nl\/galerie\/afterwork-sven-gatz\/","og_site_name":"B19","article_publisher":"https:\/\/www.facebook.com\/B19BusinessClub","og_image":[{"width":2000,"height":1331,"url":"https:\/\/b19.be\/wp-content\/uploads\/2023\/09\/b19-national-business-club.jpg","type":"image\/jpeg"}],"twitter_card":"summary_large_image","twitter_misc":{"Geschatte leestijd":"1 minuut"},"schema":{"@context":"https:\/\/schema.org","@graph":[{"@type":"WebPage","@id":"https:\/\/b19.be\/nl\/galerie\/afterwork-sven-gatz\/","url":"https:\/\/b19.be\/nl\/galerie\/afterwork-sven-gatz\/","name":"Afterwork - Sven Gatz - B19","isPartOf":{"@id":"https:\/\/b19.be\/nl\/#website"},"primaryImageOfPage":{"@id":"https:\/\/b19.be\/nl\/galerie\/afterwork-sven-gatz\/#primaryimage"},"image":{"@id":"https:\/\/b19.be\/nl\/galerie\/afterwork-sven-gatz\/#primaryimage"},"thumbnailUrl":"https:\/\/b19.be\/wp-content\/uploads\/2025\/08\/9c88b431-c7c4-477d-93a2-00eda0a35b9c.jpg","datePublished":"2025-08-29T14:54:41+00:00","breadcrumb":{"@id":"https:\/\/b19.be\/nl\/galerie\/afterwork-sven-gatz\/#breadcrumb"},"inLanguage":"nl-BE","potentialAction":[{"@type":"ReadAction","target":["https:\/\/b19.be\/nl\/galerie\/afterwork-sven-gatz\/"]}]},{"@type":"ImageObject","inLanguage":"nl-BE","@id":"https:\/\/b19.be\/nl\/galerie\/afterwork-sven-gatz\/#primaryimage","url":"https:\/\/b19.be\/wp-content\/uploads\/2025\/08\/9c88b431-c7c4-477d-93a2-00eda0a35b9c.jpg","contentUrl":"https:\/\/b19.be\/wp-content\/uploads\/2025\/08\/9c88b431-c7c4-477d-93a2-00eda0a35b9c.jpg","width":2092,"height":1393},{"@type":"BreadcrumbList","@id":"https:\/\/b19.be\/nl\/galerie\/afterwork-sven-gatz\/#breadcrumb","itemListElement":[{"@type":"ListItem","position":1,"name":"Home","item":"https:\/\/b19.be\/nl\/"},{"@type":"ListItem","position":2,"name":"Afterwork \u2013 Sven Gatz"}]},{"@type":"WebSite","@id":"https:\/\/b19.be\/nl\/#website","url":"https:\/\/b19.be\/nl\/","name":"B19","description":"National Business Club &amp; Networking","publisher":{"@id":"https:\/\/b19.be\/nl\/#organization"},"alternateName":"B19 Business Club","potentialAction":[{"@type":"SearchAction","target":{"@type":"EntryPoint","urlTemplate":"https:\/\/b19.be\/nl\/?s={search_term_string}"},"query-input":{"@type":"PropertyValueSpecification","valueRequired":true,"valueName":"search_term_string"}}],"inLanguage":"nl-BE"},{"@type":"Organization","@id":"https:\/\/b19.be\/nl\/#organization","name":"B19","alternateName":"B19 Business Club","url":"https:\/\/b19.be\/nl\/","logo":{"@type":"ImageObject","inLanguage":"nl-BE","@id":"https:\/\/b19.be\/nl\/#\/schema\/logo\/image\/","url":"https:\/\/b19.be\/wp-content\/uploads\/2023\/09\/logob19.svg","contentUrl":"https:\/\/b19.be\/wp-content\/uploads\/2023\/09\/logob19.svg","width":1,"height":1,"caption":"B19"},"image":{"@id":"https:\/\/b19.be\/nl\/#\/schema\/logo\/image\/"},"sameAs":["https:\/\/www.facebook.com\/B19BusinessClub","https:\/\/www.linkedin.com\/company\/b19-country-club\/","https:\/\/www.instagram.com\/b19_business_club\/"]}]}},"_links":{"self":[{"href":"https:\/\/b19.be\/nl\/wp-json\/wp\/v2\/gallery\/7546","targetHints":{"allow":["GET"]}}],"collection":[{"href":"https:\/\/b19.be\/nl\/wp-json\/wp\/v2\/gallery"}],"about":[{"href":"https:\/\/b19.be\/nl\/wp-json\/wp\/v2\/types\/gallery"}],"version-history":[{"count":0,"href":"https:\/\/b19.be\/nl\/wp-json\/wp\/v2\/gallery\/7546\/revisions"}],"wp:featuredmedia":[{"embeddable":true,"href":"https:\/\/b19.be\/nl\/wp-json\/wp\/v2\/media\/7547"}],"wp:attachment":[{"href":"https:\/\/b19.be\/nl\/wp-json\/wp\/v2\/media?parent=7546"}],"curies":[{"name":"wp","href":"https:\/\/api.w.org\/{rel}","templated":true}]}}

<p><strong> </strong><span><strong>« Je suis un fédéraliste belge et européen »</strong></span><strong> </strong></p>
<p>Ministre du Gouvernement de la Région de Bruxelles-Capitale, chargé des Finances, du Budget, de la Fonction publique, de la Promotion du<br />Multilinguisme et de l’Image de Bruxelles,<strong> Sven Gatz</strong> est un politicien qui a trouvé sa vocation précoce dans les rangs du scoutisme.&nbsp;</p>
<p>Fidèle de <strong>Vic Ansiaux</strong> avec qui il a démarré sa carrière en politique, il a ensuite élargi son spectre pour devenir un grand défenseur d’une<br />Europe concertée, d’une Belgique unie et d’un Bruxelles cosmopolite.&nbsp;</p>
<p><strong>Morceaux choisis : </strong></p>
<p>« Le communautarisme est toujours présent, il faut rester vigilant »&nbsp;</p>
<p>« Covid : l’Etat n’est pas une compagnie d’assurances »&nbsp;</p>
<p>« En politique, il faut savoir respecter la parole donnée »&nbsp;</p>
<p>« Il faut donner une meilleure formation en langues.<br />Les Ecoles et les Bruxellois sont demandeurs ! »&nbsp;</p>
<p><strong>Objectifs : </strong></p>
<p>« Plus de bières et moins de taxes »&nbsp;&nbsp;</p>
<p>« Adapter une fiscalité plus propice à l’achat d’un premier logement »&nbsp;</p>
<p>« Implanter le nouveau métro »&nbsp;</p>
<p>Voilà bien un ministre un peu atypique et toujours soucieux de préserver au mieux une certaine autonomie…&nbsp;&nbsp;</p>

<p>« Je suis un fédéraliste belge et européen » Ministre du Gouvernement de la Région de Bruxelles-Capitale, chargé des Finances, du Budget, de la Fonction publique, de la Promotion duMultilinguisme et de l’Image de Bruxelles, Sven Gatz est un politicien qui a trouvé sa vocation précoce dans les rangs du scoutisme.&nbsp; Fidèle de Vic Ansiaux [&hellip;]</p>

<!-- This site is optimized with the Yoast SEO plugin v27.5 - https://yoast.com/product/yoast-seo-wordpress/ -->
<title>Afterwork - Sven Gatz - B19</title>
<meta name="robots" content="index, follow, max-snippet:-1, max-image-preview:large, max-video-preview:-1" />
<link rel="canonical" href="https://b19.be/nl/galerie/afterwork-sven-gatz/" />
<meta property="og:locale" content="nl_BE" />
<meta property="og:type" content="article" />
<meta property="og:title" content="Afterwork - Sven Gatz - B19" />
<meta property="og:description" content="« Je suis un fédéraliste belge et européen » Ministre du Gouvernement de la Région de Bruxelles-Capitale, chargé des Finances, du Budget, de la Fonction publique, de la Promotion duMultilinguisme et de l’Image de Bruxelles, Sven Gatz est un politicien qui a trouvé sa vocation précoce dans les rangs du scoutisme.&nbsp; Fidèle de Vic Ansiaux [&hellip;]" />
<meta property="og:url" content="https://b19.be/nl/galerie/afterwork-sven-gatz/" />
<meta property="og:site_name" content="B19" />
<meta property="article:publisher" content="https://www.facebook.com/B19BusinessClub" />
<meta property="og:image" content="https://b19.be/wp-content/uploads/2023/09/b19-national-business-club.jpg" />
	<meta property="og:image:width" content="2000" />
	<meta property="og:image:height" content="1331" />
	<meta property="og:image:type" content="image/jpeg" />
<meta name="twitter:card" content="summary_large_image" />
<meta name="twitter:label1" content="Geschatte leestijd" />
	<meta name="twitter:data1" content="1 minuut" />
<script type="application/ld+json" class="yoast-schema-graph">{"@context":"https:\/\/schema.org","@graph":[{"@type":"WebPage","@id":"https:\/\/b19.be\/nl\/galerie\/afterwork-sven-gatz\/","url":"https:\/\/b19.be\/nl\/galerie\/afterwork-sven-gatz\/","name":"Afterwork - Sven Gatz - B19","isPartOf":{"@id":"https:\/\/b19.be\/nl\/#website"},"primaryImageOfPage":{"@id":"https:\/\/b19.be\/nl\/galerie\/afterwork-sven-gatz\/#primaryimage"},"image":{"@id":"https:\/\/b19.be\/nl\/galerie\/afterwork-sven-gatz\/#primaryimage"},"thumbnailUrl":"https:\/\/b19.be\/wp-content\/uploads\/2025\/08\/9c88b431-c7c4-477d-93a2-00eda0a35b9c.jpg","datePublished":"2025-08-29T14:54:41+00:00","breadcrumb":{"@id":"https:\/\/b19.be\/nl\/galerie\/afterwork-sven-gatz\/#breadcrumb"},"inLanguage":"nl-BE","potentialAction":[{"@type":"ReadAction","target":["https:\/\/b19.be\/nl\/galerie\/afterwork-sven-gatz\/"]}]},{"@type":"ImageObject","inLanguage":"nl-BE","@id":"https:\/\/b19.be\/nl\/galerie\/afterwork-sven-gatz\/#primaryimage","url":"https:\/\/b19.be\/wp-content\/uploads\/2025\/08\/9c88b431-c7c4-477d-93a2-00eda0a35b9c.jpg","contentUrl":"https:\/\/b19.be\/wp-content\/uploads\/2025\/08\/9c88b431-c7c4-477d-93a2-00eda0a35b9c.jpg","width":2092,"height":1393},{"@type":"BreadcrumbList","@id":"https:\/\/b19.be\/nl\/galerie\/afterwork-sven-gatz\/#breadcrumb","itemListElement":[{"@type":"ListItem","position":1,"name":"Home","item":"https:\/\/b19.be\/nl\/"},{"@type":"ListItem","position":2,"name":"Afterwork – Sven Gatz"}]},{"@type":"WebSite","@id":"https:\/\/b19.be\/nl\/#website","url":"https:\/\/b19.be\/nl\/","name":"B19","description":"National Business Club &amp; Networking","publisher":{"@id":"https:\/\/b19.be\/nl\/#organization"},"alternateName":"B19 Business Club","potentialAction":[{"@type":"SearchAction","target":{"@type":"EntryPoint","urlTemplate":"https:\/\/b19.be\/nl\/?s={search_term_string}"},"query-input":{"@type":"PropertyValueSpecification","valueRequired":true,"valueName":"search_term_string"}}],"inLanguage":"nl-BE"},{"@type":"Organization","@id":"https:\/\/b19.be\/nl\/#organization","name":"B19","alternateName":"B19 Business Club","url":"https:\/\/b19.be\/nl\/","logo":{"@type":"ImageObject","inLanguage":"nl-BE","@id":"https:\/\/b19.be\/nl\/#\/schema\/logo\/image\/","url":"https:\/\/b19.be\/wp-content\/uploads\/2023\/09\/logob19.svg","contentUrl":"https:\/\/b19.be\/wp-content\/uploads\/2023\/09\/logob19.svg","width":1,"height":1,"caption":"B19"},"image":{"@id":"https:\/\/b19.be\/nl\/#\/schema\/logo\/image\/"},"sameAs":["https:\/\/www.facebook.com\/B19BusinessClub","https:\/\/www.linkedin.com\/company\/b19-country-club\/","https:\/\/www.instagram.com\/b19_business_club\/"]}]}</script>
<!-- / Yoast SEO plugin. -->

« Je suis un fédéraliste belge et européen » Ministre du Gouvernement de la Région de Bruxelles-Capitale, chargé des Finances, du Budget, de la Fonction publique, de la Promotion duMultilinguisme et de l’Image de Bruxelles, Sven Gatz est un politicien qui a trouvé sa vocation précoce dans les rangs du scoutisme.&nbsp; Fidèle de Vic Ansiaux [&hellip;]
