{"id":7399,"date":"2025-08-29T16:52:50","date_gmt":"2025-08-29T14:52:50","guid":{"rendered":"https:\/\/b19.be\/galerie\/afterwork-julien-breuer\/"},"modified":"2025-08-29T16:52:50","modified_gmt":"2025-08-29T14:52:50","slug":"afterwork-julien-breuer","status":"publish","type":"gallery","link":"https:\/\/b19.be\/nl\/galerie\/afterwork-julien-breuer\/","title":{"rendered":"Afterwork \u2013 Julien Breuer"},"content":{"rendered":"<p><strong> <\/strong><span><strong>Julien Breuer<\/strong><\/span>&nbsp;<\/p>\n<p><span>Un Bourgmestre gestionnaire<\/span>&nbsp;<\/p>\n<p>&nbsp;&nbsp;<\/p>\n<p>En 2018, \u00e0 33 ans, Julien Breuer est devenu le plus jeune bourgmestre du Brabant wallon \u00e0 Mont-Saint-Guibert. Il marchait ainsi sur les traces de son p\u00e8re, Jean-Fran\u00e7ois, qui avait veill\u00e9e \u00e9galement sur la destin\u00e9e de la commune durant 13 ans.&nbsp;<\/p>\n<p>La politique n\u2019\u00e9tait pourtant pas son dada ! Plut\u00f4t attir\u00e9 par l\u2019entrepreneuriat, il est tomb\u00e9 dans la marmite un peu contre-nature.<br \/>Mais, bon sang ne saurait mentir, le virus s\u2019est vite empar\u00e9 de lui. Apr\u00e8s avoir fait ses planches en tant qu\u2019\u00e9chevin, l\u2019image de son p\u00e8re \u00e9tait encore bien pr\u00e9sente dans tous les esprits mais comme il dit : \u00ab En 2018, mon \u00e9lection s\u2019est faite aussi sur un pr\u00e9nom ! \u00bb&nbsp;<\/p>\n<p>L\u2019un de ses grands d\u00e9fis en tant que bourgmestre de Mont-Saint-Guibert aujourd\u2019hui, c\u2019est de faire face \u00e0 une pression fonci\u00e8re et immobili\u00e8re importante. La commune est concern\u00e9e par de nombreux projets et sollicitations, son d\u00e9cor a chang\u00e9 et son essor se ressent notamment au niveau de la fiscalit\u00e9 en vigueur qui une des plus faibles en Wallonie\u2026 un gage de bonne gestion !&nbsp;<\/p>\n<p>Homme de terrain proche des concitoyens, ce lib\u00e9ral convaincu d\u00e9fend avant tout les libert\u00e9s individuelles comme message principal du lib\u00e9ralisme politique.&nbsp;<\/p>\n<p>Une transition parfaite pour aborder l\u2019autre visage de Julien Breuer, celui d\u2019entrepreneur. Il y a quelques ann\u00e9es, il a lanc\u00e9 sa propre marque de chemises (Reuer). Il les con\u00e7oit et les fait produire \u00e0 l\u2019\u00e9tranger (En chine d\u2019abord, au Portugal depuis peu) avant de les commercialiser sur internet et dans des magasins belges. \u00ab Mon arri\u00e8re-grand-p\u00e8re, qui \u00e9tait bourgmestre de Bousval, poss\u00e9dait la filature de coton de Basse-Lalou, \u00e0 Bousval. J&#8217;ai toujours eu une passion pour le textile en g\u00e9n\u00e9ral et les chemises en particulier. \u00bb&nbsp;<\/p>\n<p>Le lien entre son implication politique et son activit\u00e9 entrepreneuriale est donc tout trouv\u00e9 et profitable \u00e0 l\u2019essor de Mont-Saint-Guibert : \u00ab Je g\u00e8re la commune comme si c\u2019\u00e9tait une entreprise et avec mon portefeuille\u2026 \u00bb. Ce n\u2019est pas n\u00e9cessairement le cas nde tous les bourgmestres !&nbsp;&nbsp;<\/p>\n","protected":false},"excerpt":{"rendered":"<p>Julien Breuer&nbsp; Un Bourgmestre gestionnaire&nbsp; &nbsp;&nbsp; En 2018, \u00e0 33 ans, Julien Breuer est devenu le plus jeune bourgmestre du Brabant wallon \u00e0 Mont-Saint-Guibert. Il marchait ainsi sur les traces de son p\u00e8re, Jean-Fran\u00e7ois, qui avait veill\u00e9e \u00e9galement sur la destin\u00e9e de la commune durant 13 ans.&nbsp; La politique n\u2019\u00e9tait pourtant pas son dada ! [&hellip;]<\/p>\n","protected":false},"featured_media":7400,"template":"","class_list":["post-7399","gallery","type-gallery","status-publish","has-post-thumbnail","hentry"],"acf":[],"yoast_head":"<!-- This site is optimized with the Yoast SEO plugin v27.4 - https:\/\/yoast.com\/product\/yoast-seo-wordpress\/ -->\n<title>Afterwork - Julien Breuer - B19<\/title>\n<meta name=\"robots\" content=\"index, follow, max-snippet:-1, max-image-preview:large, max-video-preview:-1\" \/>\n<link rel=\"canonical\" href=\"https:\/\/b19.be\/nl\/galerie\/afterwork-julien-breuer\/\" \/>\n<meta property=\"og:locale\" content=\"nl_BE\" \/>\n<meta property=\"og:type\" content=\"article\" \/>\n<meta property=\"og:title\" content=\"Afterwork - Julien Breuer - B19\" \/>\n<meta property=\"og:description\" content=\"Julien Breuer&nbsp; Un Bourgmestre gestionnaire&nbsp; &nbsp;&nbsp; En 2018, \u00e0 33 ans, Julien Breuer est devenu le plus jeune bourgmestre du Brabant wallon \u00e0 Mont-Saint-Guibert. Il marchait ainsi sur les traces de son p\u00e8re, Jean-Fran\u00e7ois, qui avait veill\u00e9e \u00e9galement sur la destin\u00e9e de la commune durant 13 ans.&nbsp; La politique n\u2019\u00e9tait pourtant pas son dada ! [&hellip;]\" \/>\n<meta property=\"og:url\" content=\"https:\/\/b19.be\/nl\/galerie\/afterwork-julien-breuer\/\" \/>\n<meta property=\"og:site_name\" content=\"B19\" \/>\n<meta property=\"article:publisher\" content=\"https:\/\/www.facebook.com\/B19BusinessClub\" \/>\n<meta property=\"og:image\" content=\"https:\/\/b19.be\/wp-content\/uploads\/2023\/09\/b19-national-business-club.jpg\" \/>\n\t<meta property=\"og:image:width\" content=\"2000\" \/>\n\t<meta property=\"og:image:height\" content=\"1331\" \/>\n\t<meta property=\"og:image:type\" content=\"image\/jpeg\" \/>\n<meta name=\"twitter:card\" content=\"summary_large_image\" \/>\n<meta name=\"twitter:label1\" content=\"Geschatte leestijd\" \/>\n\t<meta name=\"twitter:data1\" content=\"2 minuten\" \/>\n<script type=\"application\/ld+json\" class=\"yoast-schema-graph\">{\"@context\":\"https:\\\/\\\/schema.org\",\"@graph\":[{\"@type\":\"WebPage\",\"@id\":\"https:\\\/\\\/b19.be\\\/nl\\\/galerie\\\/afterwork-julien-breuer\\\/\",\"url\":\"https:\\\/\\\/b19.be\\\/nl\\\/galerie\\\/afterwork-julien-breuer\\\/\",\"name\":\"Afterwork - Julien Breuer - B19\",\"isPartOf\":{\"@id\":\"https:\\\/\\\/b19.be\\\/nl\\\/#website\"},\"primaryImageOfPage\":{\"@id\":\"https:\\\/\\\/b19.be\\\/nl\\\/galerie\\\/afterwork-julien-breuer\\\/#primaryimage\"},\"image\":{\"@id\":\"https:\\\/\\\/b19.be\\\/nl\\\/galerie\\\/afterwork-julien-breuer\\\/#primaryimage\"},\"thumbnailUrl\":\"https:\\\/\\\/b19.be\\\/wp-content\\\/uploads\\\/2025\\\/08\\\/de4d395a-8fc4-4ef9-8ce1-0a03f226b335.jpg\",\"datePublished\":\"2025-08-29T14:52:50+00:00\",\"breadcrumb\":{\"@id\":\"https:\\\/\\\/b19.be\\\/nl\\\/galerie\\\/afterwork-julien-breuer\\\/#breadcrumb\"},\"inLanguage\":\"nl-BE\",\"potentialAction\":[{\"@type\":\"ReadAction\",\"target\":[\"https:\\\/\\\/b19.be\\\/nl\\\/galerie\\\/afterwork-julien-breuer\\\/\"]}]},{\"@type\":\"ImageObject\",\"inLanguage\":\"nl-BE\",\"@id\":\"https:\\\/\\\/b19.be\\\/nl\\\/galerie\\\/afterwork-julien-breuer\\\/#primaryimage\",\"url\":\"https:\\\/\\\/b19.be\\\/wp-content\\\/uploads\\\/2025\\\/08\\\/de4d395a-8fc4-4ef9-8ce1-0a03f226b335.jpg\",\"contentUrl\":\"https:\\\/\\\/b19.be\\\/wp-content\\\/uploads\\\/2025\\\/08\\\/de4d395a-8fc4-4ef9-8ce1-0a03f226b335.jpg\",\"width\":2206,\"height\":1468},{\"@type\":\"BreadcrumbList\",\"@id\":\"https:\\\/\\\/b19.be\\\/nl\\\/galerie\\\/afterwork-julien-breuer\\\/#breadcrumb\",\"itemListElement\":[{\"@type\":\"ListItem\",\"position\":1,\"name\":\"Home\",\"item\":\"https:\\\/\\\/b19.be\\\/nl\\\/\"},{\"@type\":\"ListItem\",\"position\":2,\"name\":\"Afterwork \u2013 Julien Breuer\"}]},{\"@type\":\"WebSite\",\"@id\":\"https:\\\/\\\/b19.be\\\/nl\\\/#website\",\"url\":\"https:\\\/\\\/b19.be\\\/nl\\\/\",\"name\":\"B19\",\"description\":\"National Business Club &amp; Networking\",\"publisher\":{\"@id\":\"https:\\\/\\\/b19.be\\\/nl\\\/#organization\"},\"alternateName\":\"B19 Business Club\",\"potentialAction\":[{\"@type\":\"SearchAction\",\"target\":{\"@type\":\"EntryPoint\",\"urlTemplate\":\"https:\\\/\\\/b19.be\\\/nl\\\/?s={search_term_string}\"},\"query-input\":{\"@type\":\"PropertyValueSpecification\",\"valueRequired\":true,\"valueName\":\"search_term_string\"}}],\"inLanguage\":\"nl-BE\"},{\"@type\":\"Organization\",\"@id\":\"https:\\\/\\\/b19.be\\\/nl\\\/#organization\",\"name\":\"B19\",\"alternateName\":\"B19 Business Club\",\"url\":\"https:\\\/\\\/b19.be\\\/nl\\\/\",\"logo\":{\"@type\":\"ImageObject\",\"inLanguage\":\"nl-BE\",\"@id\":\"https:\\\/\\\/b19.be\\\/nl\\\/#\\\/schema\\\/logo\\\/image\\\/\",\"url\":\"https:\\\/\\\/b19.be\\\/wp-content\\\/uploads\\\/2023\\\/09\\\/logob19.svg\",\"contentUrl\":\"https:\\\/\\\/b19.be\\\/wp-content\\\/uploads\\\/2023\\\/09\\\/logob19.svg\",\"width\":1,\"height\":1,\"caption\":\"B19\"},\"image\":{\"@id\":\"https:\\\/\\\/b19.be\\\/nl\\\/#\\\/schema\\\/logo\\\/image\\\/\"},\"sameAs\":[\"https:\\\/\\\/www.facebook.com\\\/B19BusinessClub\",\"https:\\\/\\\/www.linkedin.com\\\/company\\\/b19-country-club\\\/\",\"https:\\\/\\\/www.instagram.com\\\/b19_business_club\\\/\"]}]}<\/script>\n<!-- \/ Yoast SEO plugin. -->","yoast_head_json":{"title":"Afterwork - Julien Breuer - B19","robots":{"index":"index","follow":"follow","max-snippet":"max-snippet:-1","max-image-preview":"max-image-preview:large","max-video-preview":"max-video-preview:-1"},"canonical":"https:\/\/b19.be\/nl\/galerie\/afterwork-julien-breuer\/","og_locale":"nl_BE","og_type":"article","og_title":"Afterwork - Julien Breuer - B19","og_description":"Julien Breuer&nbsp; Un Bourgmestre gestionnaire&nbsp; &nbsp;&nbsp; En 2018, \u00e0 33 ans, Julien Breuer est devenu le plus jeune bourgmestre du Brabant wallon \u00e0 Mont-Saint-Guibert. Il marchait ainsi sur les traces de son p\u00e8re, Jean-Fran\u00e7ois, qui avait veill\u00e9e \u00e9galement sur la destin\u00e9e de la commune durant 13 ans.&nbsp; La politique n\u2019\u00e9tait pourtant pas son dada ! [&hellip;]","og_url":"https:\/\/b19.be\/nl\/galerie\/afterwork-julien-breuer\/","og_site_name":"B19","article_publisher":"https:\/\/www.facebook.com\/B19BusinessClub","og_image":[{"width":2000,"height":1331,"url":"https:\/\/b19.be\/wp-content\/uploads\/2023\/09\/b19-national-business-club.jpg","type":"image\/jpeg"}],"twitter_card":"summary_large_image","twitter_misc":{"Geschatte leestijd":"2 minuten"},"schema":{"@context":"https:\/\/schema.org","@graph":[{"@type":"WebPage","@id":"https:\/\/b19.be\/nl\/galerie\/afterwork-julien-breuer\/","url":"https:\/\/b19.be\/nl\/galerie\/afterwork-julien-breuer\/","name":"Afterwork - Julien Breuer - B19","isPartOf":{"@id":"https:\/\/b19.be\/nl\/#website"},"primaryImageOfPage":{"@id":"https:\/\/b19.be\/nl\/galerie\/afterwork-julien-breuer\/#primaryimage"},"image":{"@id":"https:\/\/b19.be\/nl\/galerie\/afterwork-julien-breuer\/#primaryimage"},"thumbnailUrl":"https:\/\/b19.be\/wp-content\/uploads\/2025\/08\/de4d395a-8fc4-4ef9-8ce1-0a03f226b335.jpg","datePublished":"2025-08-29T14:52:50+00:00","breadcrumb":{"@id":"https:\/\/b19.be\/nl\/galerie\/afterwork-julien-breuer\/#breadcrumb"},"inLanguage":"nl-BE","potentialAction":[{"@type":"ReadAction","target":["https:\/\/b19.be\/nl\/galerie\/afterwork-julien-breuer\/"]}]},{"@type":"ImageObject","inLanguage":"nl-BE","@id":"https:\/\/b19.be\/nl\/galerie\/afterwork-julien-breuer\/#primaryimage","url":"https:\/\/b19.be\/wp-content\/uploads\/2025\/08\/de4d395a-8fc4-4ef9-8ce1-0a03f226b335.jpg","contentUrl":"https:\/\/b19.be\/wp-content\/uploads\/2025\/08\/de4d395a-8fc4-4ef9-8ce1-0a03f226b335.jpg","width":2206,"height":1468},{"@type":"BreadcrumbList","@id":"https:\/\/b19.be\/nl\/galerie\/afterwork-julien-breuer\/#breadcrumb","itemListElement":[{"@type":"ListItem","position":1,"name":"Home","item":"https:\/\/b19.be\/nl\/"},{"@type":"ListItem","position":2,"name":"Afterwork \u2013 Julien Breuer"}]},{"@type":"WebSite","@id":"https:\/\/b19.be\/nl\/#website","url":"https:\/\/b19.be\/nl\/","name":"B19","description":"National Business Club &amp; Networking","publisher":{"@id":"https:\/\/b19.be\/nl\/#organization"},"alternateName":"B19 Business Club","potentialAction":[{"@type":"SearchAction","target":{"@type":"EntryPoint","urlTemplate":"https:\/\/b19.be\/nl\/?s={search_term_string}"},"query-input":{"@type":"PropertyValueSpecification","valueRequired":true,"valueName":"search_term_string"}}],"inLanguage":"nl-BE"},{"@type":"Organization","@id":"https:\/\/b19.be\/nl\/#organization","name":"B19","alternateName":"B19 Business Club","url":"https:\/\/b19.be\/nl\/","logo":{"@type":"ImageObject","inLanguage":"nl-BE","@id":"https:\/\/b19.be\/nl\/#\/schema\/logo\/image\/","url":"https:\/\/b19.be\/wp-content\/uploads\/2023\/09\/logob19.svg","contentUrl":"https:\/\/b19.be\/wp-content\/uploads\/2023\/09\/logob19.svg","width":1,"height":1,"caption":"B19"},"image":{"@id":"https:\/\/b19.be\/nl\/#\/schema\/logo\/image\/"},"sameAs":["https:\/\/www.facebook.com\/B19BusinessClub","https:\/\/www.linkedin.com\/company\/b19-country-club\/","https:\/\/www.instagram.com\/b19_business_club\/"]}]}},"_links":{"self":[{"href":"https:\/\/b19.be\/nl\/wp-json\/wp\/v2\/gallery\/7399","targetHints":{"allow":["GET"]}}],"collection":[{"href":"https:\/\/b19.be\/nl\/wp-json\/wp\/v2\/gallery"}],"about":[{"href":"https:\/\/b19.be\/nl\/wp-json\/wp\/v2\/types\/gallery"}],"version-history":[{"count":0,"href":"https:\/\/b19.be\/nl\/wp-json\/wp\/v2\/gallery\/7399\/revisions"}],"wp:featuredmedia":[{"embeddable":true,"href":"https:\/\/b19.be\/nl\/wp-json\/wp\/v2\/media\/7400"}],"wp:attachment":[{"href":"https:\/\/b19.be\/nl\/wp-json\/wp\/v2\/media?parent=7399"}],"curies":[{"name":"wp","href":"https:\/\/api.w.org\/{rel}","templated":true}]}}

<p><strong> </strong><span><strong>Julien Breuer</strong></span>&nbsp;</p>
<p><span>Un Bourgmestre gestionnaire</span>&nbsp;</p>
<p>&nbsp;&nbsp;</p>
<p>En 2018, à 33 ans, Julien Breuer est devenu le plus jeune bourgmestre du Brabant wallon à Mont-Saint-Guibert. Il marchait ainsi sur les traces de son père, Jean-François, qui avait veillée également sur la destinée de la commune durant 13 ans.&nbsp;</p>
<p>La politique n’était pourtant pas son dada ! Plutôt attiré par l’entrepreneuriat, il est tombé dans la marmite un peu contre-nature.<br />Mais, bon sang ne saurait mentir, le virus s’est vite emparé de lui. Après avoir fait ses planches en tant qu’échevin, l’image de son père était encore bien présente dans tous les esprits mais comme il dit : « En 2018, mon élection s’est faite aussi sur un prénom ! »&nbsp;</p>
<p>L’un de ses grands défis en tant que bourgmestre de Mont-Saint-Guibert aujourd’hui, c’est de faire face à une pression foncière et immobilière importante. La commune est concernée par de nombreux projets et sollicitations, son décor a changé et son essor se ressent notamment au niveau de la fiscalité en vigueur qui une des plus faibles en Wallonie… un gage de bonne gestion !&nbsp;</p>
<p>Homme de terrain proche des concitoyens, ce libéral convaincu défend avant tout les libertés individuelles comme message principal du libéralisme politique.&nbsp;</p>
<p>Une transition parfaite pour aborder l’autre visage de Julien Breuer, celui d’entrepreneur. Il y a quelques années, il a lancé sa propre marque de chemises (Reuer). Il les conçoit et les fait produire à l’étranger (En chine d’abord, au Portugal depuis peu) avant de les commercialiser sur internet et dans des magasins belges. « Mon arrière-grand-père, qui était bourgmestre de Bousval, possédait la filature de coton de Basse-Lalou, à Bousval. J&#8217;ai toujours eu une passion pour le textile en général et les chemises en particulier. »&nbsp;</p>
<p>Le lien entre son implication politique et son activité entrepreneuriale est donc tout trouvé et profitable à l’essor de Mont-Saint-Guibert : « Je gère la commune comme si c’était une entreprise et avec mon portefeuille… ». Ce n’est pas nécessairement le cas nde tous les bourgmestres !&nbsp;&nbsp;</p>

<p>Julien Breuer&nbsp; Un Bourgmestre gestionnaire&nbsp; &nbsp;&nbsp; En 2018, à 33 ans, Julien Breuer est devenu le plus jeune bourgmestre du Brabant wallon à Mont-Saint-Guibert. Il marchait ainsi sur les traces de son père, Jean-François, qui avait veillée également sur la destinée de la commune durant 13 ans.&nbsp; La politique n’était pourtant pas son dada ! [&hellip;]</p>

<!-- This site is optimized with the Yoast SEO plugin v27.4 - https://yoast.com/product/yoast-seo-wordpress/ -->
<title>Afterwork - Julien Breuer - B19</title>
<meta name="robots" content="index, follow, max-snippet:-1, max-image-preview:large, max-video-preview:-1" />
<link rel="canonical" href="https://b19.be/nl/galerie/afterwork-julien-breuer/" />
<meta property="og:locale" content="nl_BE" />
<meta property="og:type" content="article" />
<meta property="og:title" content="Afterwork - Julien Breuer - B19" />
<meta property="og:description" content="Julien Breuer&nbsp; Un Bourgmestre gestionnaire&nbsp; &nbsp;&nbsp; En 2018, à 33 ans, Julien Breuer est devenu le plus jeune bourgmestre du Brabant wallon à Mont-Saint-Guibert. Il marchait ainsi sur les traces de son père, Jean-François, qui avait veillée également sur la destinée de la commune durant 13 ans.&nbsp; La politique n’était pourtant pas son dada ! [&hellip;]" />
<meta property="og:url" content="https://b19.be/nl/galerie/afterwork-julien-breuer/" />
<meta property="og:site_name" content="B19" />
<meta property="article:publisher" content="https://www.facebook.com/B19BusinessClub" />
<meta property="og:image" content="https://b19.be/wp-content/uploads/2023/09/b19-national-business-club.jpg" />
	<meta property="og:image:width" content="2000" />
	<meta property="og:image:height" content="1331" />
	<meta property="og:image:type" content="image/jpeg" />
<meta name="twitter:card" content="summary_large_image" />
<meta name="twitter:label1" content="Geschatte leestijd" />
	<meta name="twitter:data1" content="2 minuten" />
<script type="application/ld+json" class="yoast-schema-graph">{"@context":"https:\/\/schema.org","@graph":[{"@type":"WebPage","@id":"https:\/\/b19.be\/nl\/galerie\/afterwork-julien-breuer\/","url":"https:\/\/b19.be\/nl\/galerie\/afterwork-julien-breuer\/","name":"Afterwork - Julien Breuer - B19","isPartOf":{"@id":"https:\/\/b19.be\/nl\/#website"},"primaryImageOfPage":{"@id":"https:\/\/b19.be\/nl\/galerie\/afterwork-julien-breuer\/#primaryimage"},"image":{"@id":"https:\/\/b19.be\/nl\/galerie\/afterwork-julien-breuer\/#primaryimage"},"thumbnailUrl":"https:\/\/b19.be\/wp-content\/uploads\/2025\/08\/de4d395a-8fc4-4ef9-8ce1-0a03f226b335.jpg","datePublished":"2025-08-29T14:52:50+00:00","breadcrumb":{"@id":"https:\/\/b19.be\/nl\/galerie\/afterwork-julien-breuer\/#breadcrumb"},"inLanguage":"nl-BE","potentialAction":[{"@type":"ReadAction","target":["https:\/\/b19.be\/nl\/galerie\/afterwork-julien-breuer\/"]}]},{"@type":"ImageObject","inLanguage":"nl-BE","@id":"https:\/\/b19.be\/nl\/galerie\/afterwork-julien-breuer\/#primaryimage","url":"https:\/\/b19.be\/wp-content\/uploads\/2025\/08\/de4d395a-8fc4-4ef9-8ce1-0a03f226b335.jpg","contentUrl":"https:\/\/b19.be\/wp-content\/uploads\/2025\/08\/de4d395a-8fc4-4ef9-8ce1-0a03f226b335.jpg","width":2206,"height":1468},{"@type":"BreadcrumbList","@id":"https:\/\/b19.be\/nl\/galerie\/afterwork-julien-breuer\/#breadcrumb","itemListElement":[{"@type":"ListItem","position":1,"name":"Home","item":"https:\/\/b19.be\/nl\/"},{"@type":"ListItem","position":2,"name":"Afterwork – Julien Breuer"}]},{"@type":"WebSite","@id":"https:\/\/b19.be\/nl\/#website","url":"https:\/\/b19.be\/nl\/","name":"B19","description":"National Business Club &amp; Networking","publisher":{"@id":"https:\/\/b19.be\/nl\/#organization"},"alternateName":"B19 Business Club","potentialAction":[{"@type":"SearchAction","target":{"@type":"EntryPoint","urlTemplate":"https:\/\/b19.be\/nl\/?s={search_term_string}"},"query-input":{"@type":"PropertyValueSpecification","valueRequired":true,"valueName":"search_term_string"}}],"inLanguage":"nl-BE"},{"@type":"Organization","@id":"https:\/\/b19.be\/nl\/#organization","name":"B19","alternateName":"B19 Business Club","url":"https:\/\/b19.be\/nl\/","logo":{"@type":"ImageObject","inLanguage":"nl-BE","@id":"https:\/\/b19.be\/nl\/#\/schema\/logo\/image\/","url":"https:\/\/b19.be\/wp-content\/uploads\/2023\/09\/logob19.svg","contentUrl":"https:\/\/b19.be\/wp-content\/uploads\/2023\/09\/logob19.svg","width":1,"height":1,"caption":"B19"},"image":{"@id":"https:\/\/b19.be\/nl\/#\/schema\/logo\/image\/"},"sameAs":["https:\/\/www.facebook.com\/B19BusinessClub","https:\/\/www.linkedin.com\/company\/b19-country-club\/","https:\/\/www.instagram.com\/b19_business_club\/"]}]}</script>
<!-- / Yoast SEO plugin. -->

Julien Breuer&nbsp; Un Bourgmestre gestionnaire&nbsp; &nbsp;&nbsp; En 2018, à 33 ans, Julien Breuer est devenu le plus jeune bourgmestre du Brabant wallon à Mont-Saint-Guibert. Il marchait ainsi sur les traces de son père, Jean-François, qui avait veillée également sur la destinée de la commune durant 13 ans.&nbsp; La politique n’était pourtant pas son dada ! [&hellip;]
