{"id":7234,"date":"2025-08-29T16:50:39","date_gmt":"2025-08-29T14:50:39","guid":{"rendered":"https:\/\/b19.be\/galerie\/afterwork-franck-dubosc\/"},"modified":"2025-08-29T16:50:39","modified_gmt":"2025-08-29T14:50:39","slug":"afterwork-franck-dubosc","status":"publish","type":"gallery","link":"https:\/\/b19.be\/nl\/galerie\/afterwork-franck-dubosc\/","title":{"rendered":"Afterwork \u2013 Franck Dubosc"},"content":{"rendered":"<p>Franck Dubosc : \u00ab Les Belges sont bienveillants\u2026 \u00bb&nbsp;<\/p>\n<p>C\u2019est une tradition et un des nombreux avantages du B19, des c\u00e9l\u00e9brit\u00e9s au parcours inspirant nous font chaque ann\u00e9e l\u2019honneur de venir partager leur v\u00e9cu et leurs anecdotes.&nbsp;<\/p>\n<p>Quel meilleur cadre que celui de la grande salle des Jeux d\u2019Hiver pour recevoir Franck Dubosc qui, en plein tournage, s\u2019est gentiment rendu disponible pour nous faire une visite \u00e9clair tr\u00e8s amicale.&nbsp;<\/p>\n<p>En forme et en verve, le com\u00e9dien-producteur-r\u00e9alisateur-humoriste est revenu sur sa carri\u00e8re et ses activit\u00e9s en toute d\u00e9contraction.&nbsp;<\/p>\n<p>Morceaux choisis :&nbsp;<\/p>\n<p>Son enfance :&nbsp;&nbsp;<\/p>\n<p>\u00ab Quand on grandit dans certains quartiers, on vole toujours un petit quelque chose pour ne pas passer pour un con ! \u00bb&nbsp;<\/p>\n<p>Ses enfants :&nbsp;&nbsp;<\/p>\n<p>\u00ab C\u2019est difficile de priver un enfant de certaines choses qu\u2019on peut lui offrir. Mais les valeurs de travail et de respect restent fondamentales \u00bb&nbsp;<\/p>\n<p>Sa carri\u00e8re :&nbsp;<\/p>\n<p>\u00ab Apr\u00e8s une fac d\u2019anglais, j\u2019ai fait le Conservatoire parce que Je n\u2019\u00e9tais dou\u00e9 en rien ! \u00bb&nbsp;<\/p>\n<p>\u00ab Je voulais \u00eatre c\u00e9l\u00e8bre \u00bb&nbsp;<\/p>\n<p>\u00ab Mon personnage de dragueur mythomane vient en partie de mes d\u00e9buts sur de petites sc\u00e8nes avec Guillaume Canet \u00bb&nbsp;<\/p>\n<p>\u00ab Je dois beaucoup \u00e0 Laurent Ruquier et aux Petites Annonces avec Elie Semoun \u00bb&nbsp;<\/p>\n<p>\u00ab Le slip dans Camping\u2026 c\u2019est ingrat mais on finit par l\u2019oublier ! \u00bb&nbsp;<\/p>\n<p>\u00ab Il serait pr\u00e9tentieux de pr\u00e9tendre que la Saga<br \/>\u00ab Camping \u00bb repose uniquement sur Patrick Chirac. Je n\u2019envisage pas un quatri\u00e8me volet \u00bb&nbsp;&nbsp;<\/p>\n<p>\u00ab Le one-man show et les \u00e9missions de t\u00e9l\u00e9 deviennent casse-gueule\u2026 On doit faire attention \u00e0 tout ce que l\u2019on dit ! \u00bb&nbsp;<\/p>\n<p>Quant \u00e0 sa relation particuli\u00e8re avec la Belgique, il n\u2019oublie pas sa premi\u00e8re couverture en tant que jeune acteur pour Cin\u00e9 T\u00e9l\u00e9<br \/>Revue en 1985 ni sa premi\u00e8re relation sexuelle avec une Belge\u2026 qui n\u2019\u00e9tait pas dans la salle, ce n\u2019\u00e9tait pas non plus Sacr\u00e9e Soir\u00e9e !&nbsp;<\/p>\n<p>Sympa, dr\u00f4le et disponible Franck Dubosc a poursuivi les festivit\u00e9s autour d\u2019un verre de l\u2019amiti\u00e9 et de nombreux fans sous le charme.&nbsp;&nbsp;<\/p>\n","protected":false},"excerpt":{"rendered":"<p>Franck Dubosc : \u00ab Les Belges sont bienveillants\u2026 \u00bb&nbsp; C\u2019est une tradition et un des nombreux avantages du B19, des c\u00e9l\u00e9brit\u00e9s au parcours inspirant nous font chaque ann\u00e9e l\u2019honneur de venir partager leur v\u00e9cu et leurs anecdotes.&nbsp; Quel meilleur cadre que celui de la grande salle des Jeux d\u2019Hiver pour recevoir Franck Dubosc qui, en [&hellip;]<\/p>\n","protected":false},"featured_media":7235,"template":"","class_list":["post-7234","gallery","type-gallery","status-publish","has-post-thumbnail","hentry"],"acf":[],"yoast_head":"<!-- This site is optimized with the Yoast SEO plugin v27.4 - https:\/\/yoast.com\/product\/yoast-seo-wordpress\/ -->\n<title>Afterwork - Franck Dubosc - B19<\/title>\n<meta name=\"robots\" content=\"index, follow, max-snippet:-1, max-image-preview:large, max-video-preview:-1\" \/>\n<link rel=\"canonical\" href=\"https:\/\/b19.be\/nl\/galerie\/afterwork-franck-dubosc\/\" \/>\n<meta property=\"og:locale\" content=\"nl_BE\" \/>\n<meta property=\"og:type\" content=\"article\" \/>\n<meta property=\"og:title\" content=\"Afterwork - Franck Dubosc - B19\" \/>\n<meta property=\"og:description\" content=\"Franck Dubosc : \u00ab Les Belges sont bienveillants\u2026 \u00bb&nbsp; C\u2019est une tradition et un des nombreux avantages du B19, des c\u00e9l\u00e9brit\u00e9s au parcours inspirant nous font chaque ann\u00e9e l\u2019honneur de venir partager leur v\u00e9cu et leurs anecdotes.&nbsp; Quel meilleur cadre que celui de la grande salle des Jeux d\u2019Hiver pour recevoir Franck Dubosc qui, en [&hellip;]\" \/>\n<meta property=\"og:url\" content=\"https:\/\/b19.be\/nl\/galerie\/afterwork-franck-dubosc\/\" \/>\n<meta property=\"og:site_name\" content=\"B19\" \/>\n<meta property=\"article:publisher\" content=\"https:\/\/www.facebook.com\/B19BusinessClub\" \/>\n<meta property=\"og:image\" content=\"https:\/\/b19.be\/wp-content\/uploads\/2023\/09\/b19-national-business-club.jpg\" \/>\n\t<meta property=\"og:image:width\" content=\"2000\" \/>\n\t<meta property=\"og:image:height\" content=\"1331\" \/>\n\t<meta property=\"og:image:type\" content=\"image\/jpeg\" \/>\n<meta name=\"twitter:card\" content=\"summary_large_image\" \/>\n<meta name=\"twitter:label1\" content=\"Geschatte leestijd\" \/>\n\t<meta name=\"twitter:data1\" content=\"2 minuten\" \/>\n<script type=\"application\/ld+json\" class=\"yoast-schema-graph\">{\"@context\":\"https:\\\/\\\/schema.org\",\"@graph\":[{\"@type\":\"WebPage\",\"@id\":\"https:\\\/\\\/b19.be\\\/nl\\\/galerie\\\/afterwork-franck-dubosc\\\/\",\"url\":\"https:\\\/\\\/b19.be\\\/nl\\\/galerie\\\/afterwork-franck-dubosc\\\/\",\"name\":\"Afterwork - Franck Dubosc - B19\",\"isPartOf\":{\"@id\":\"https:\\\/\\\/b19.be\\\/nl\\\/#website\"},\"primaryImageOfPage\":{\"@id\":\"https:\\\/\\\/b19.be\\\/nl\\\/galerie\\\/afterwork-franck-dubosc\\\/#primaryimage\"},\"image\":{\"@id\":\"https:\\\/\\\/b19.be\\\/nl\\\/galerie\\\/afterwork-franck-dubosc\\\/#primaryimage\"},\"thumbnailUrl\":\"https:\\\/\\\/b19.be\\\/wp-content\\\/uploads\\\/2025\\\/08\\\/8ab64911-891b-4cad-9e69-6524bd303e65.jpg\",\"datePublished\":\"2025-08-29T14:50:39+00:00\",\"breadcrumb\":{\"@id\":\"https:\\\/\\\/b19.be\\\/nl\\\/galerie\\\/afterwork-franck-dubosc\\\/#breadcrumb\"},\"inLanguage\":\"nl-BE\",\"potentialAction\":[{\"@type\":\"ReadAction\",\"target\":[\"https:\\\/\\\/b19.be\\\/nl\\\/galerie\\\/afterwork-franck-dubosc\\\/\"]}]},{\"@type\":\"ImageObject\",\"inLanguage\":\"nl-BE\",\"@id\":\"https:\\\/\\\/b19.be\\\/nl\\\/galerie\\\/afterwork-franck-dubosc\\\/#primaryimage\",\"url\":\"https:\\\/\\\/b19.be\\\/wp-content\\\/uploads\\\/2025\\\/08\\\/8ab64911-891b-4cad-9e69-6524bd303e65.jpg\",\"contentUrl\":\"https:\\\/\\\/b19.be\\\/wp-content\\\/uploads\\\/2025\\\/08\\\/8ab64911-891b-4cad-9e69-6524bd303e65.jpg\",\"width\":2136,\"height\":1422},{\"@type\":\"BreadcrumbList\",\"@id\":\"https:\\\/\\\/b19.be\\\/nl\\\/galerie\\\/afterwork-franck-dubosc\\\/#breadcrumb\",\"itemListElement\":[{\"@type\":\"ListItem\",\"position\":1,\"name\":\"Home\",\"item\":\"https:\\\/\\\/b19.be\\\/nl\\\/\"},{\"@type\":\"ListItem\",\"position\":2,\"name\":\"Afterwork \u2013 Franck Dubosc\"}]},{\"@type\":\"WebSite\",\"@id\":\"https:\\\/\\\/b19.be\\\/nl\\\/#website\",\"url\":\"https:\\\/\\\/b19.be\\\/nl\\\/\",\"name\":\"B19\",\"description\":\"National Business Club &amp; Networking\",\"publisher\":{\"@id\":\"https:\\\/\\\/b19.be\\\/nl\\\/#organization\"},\"alternateName\":\"B19 Business Club\",\"potentialAction\":[{\"@type\":\"SearchAction\",\"target\":{\"@type\":\"EntryPoint\",\"urlTemplate\":\"https:\\\/\\\/b19.be\\\/nl\\\/?s={search_term_string}\"},\"query-input\":{\"@type\":\"PropertyValueSpecification\",\"valueRequired\":true,\"valueName\":\"search_term_string\"}}],\"inLanguage\":\"nl-BE\"},{\"@type\":\"Organization\",\"@id\":\"https:\\\/\\\/b19.be\\\/nl\\\/#organization\",\"name\":\"B19\",\"alternateName\":\"B19 Business Club\",\"url\":\"https:\\\/\\\/b19.be\\\/nl\\\/\",\"logo\":{\"@type\":\"ImageObject\",\"inLanguage\":\"nl-BE\",\"@id\":\"https:\\\/\\\/b19.be\\\/nl\\\/#\\\/schema\\\/logo\\\/image\\\/\",\"url\":\"https:\\\/\\\/b19.be\\\/wp-content\\\/uploads\\\/2023\\\/09\\\/logob19.svg\",\"contentUrl\":\"https:\\\/\\\/b19.be\\\/wp-content\\\/uploads\\\/2023\\\/09\\\/logob19.svg\",\"width\":1,\"height\":1,\"caption\":\"B19\"},\"image\":{\"@id\":\"https:\\\/\\\/b19.be\\\/nl\\\/#\\\/schema\\\/logo\\\/image\\\/\"},\"sameAs\":[\"https:\\\/\\\/www.facebook.com\\\/B19BusinessClub\",\"https:\\\/\\\/www.linkedin.com\\\/company\\\/b19-country-club\\\/\",\"https:\\\/\\\/www.instagram.com\\\/b19_business_club\\\/\"]}]}<\/script>\n<!-- \/ Yoast SEO plugin. -->","yoast_head_json":{"title":"Afterwork - Franck Dubosc - B19","robots":{"index":"index","follow":"follow","max-snippet":"max-snippet:-1","max-image-preview":"max-image-preview:large","max-video-preview":"max-video-preview:-1"},"canonical":"https:\/\/b19.be\/nl\/galerie\/afterwork-franck-dubosc\/","og_locale":"nl_BE","og_type":"article","og_title":"Afterwork - Franck Dubosc - B19","og_description":"Franck Dubosc : \u00ab Les Belges sont bienveillants\u2026 \u00bb&nbsp; C\u2019est une tradition et un des nombreux avantages du B19, des c\u00e9l\u00e9brit\u00e9s au parcours inspirant nous font chaque ann\u00e9e l\u2019honneur de venir partager leur v\u00e9cu et leurs anecdotes.&nbsp; Quel meilleur cadre que celui de la grande salle des Jeux d\u2019Hiver pour recevoir Franck Dubosc qui, en [&hellip;]","og_url":"https:\/\/b19.be\/nl\/galerie\/afterwork-franck-dubosc\/","og_site_name":"B19","article_publisher":"https:\/\/www.facebook.com\/B19BusinessClub","og_image":[{"width":2000,"height":1331,"url":"https:\/\/b19.be\/wp-content\/uploads\/2023\/09\/b19-national-business-club.jpg","type":"image\/jpeg"}],"twitter_card":"summary_large_image","twitter_misc":{"Geschatte leestijd":"2 minuten"},"schema":{"@context":"https:\/\/schema.org","@graph":[{"@type":"WebPage","@id":"https:\/\/b19.be\/nl\/galerie\/afterwork-franck-dubosc\/","url":"https:\/\/b19.be\/nl\/galerie\/afterwork-franck-dubosc\/","name":"Afterwork - Franck Dubosc - B19","isPartOf":{"@id":"https:\/\/b19.be\/nl\/#website"},"primaryImageOfPage":{"@id":"https:\/\/b19.be\/nl\/galerie\/afterwork-franck-dubosc\/#primaryimage"},"image":{"@id":"https:\/\/b19.be\/nl\/galerie\/afterwork-franck-dubosc\/#primaryimage"},"thumbnailUrl":"https:\/\/b19.be\/wp-content\/uploads\/2025\/08\/8ab64911-891b-4cad-9e69-6524bd303e65.jpg","datePublished":"2025-08-29T14:50:39+00:00","breadcrumb":{"@id":"https:\/\/b19.be\/nl\/galerie\/afterwork-franck-dubosc\/#breadcrumb"},"inLanguage":"nl-BE","potentialAction":[{"@type":"ReadAction","target":["https:\/\/b19.be\/nl\/galerie\/afterwork-franck-dubosc\/"]}]},{"@type":"ImageObject","inLanguage":"nl-BE","@id":"https:\/\/b19.be\/nl\/galerie\/afterwork-franck-dubosc\/#primaryimage","url":"https:\/\/b19.be\/wp-content\/uploads\/2025\/08\/8ab64911-891b-4cad-9e69-6524bd303e65.jpg","contentUrl":"https:\/\/b19.be\/wp-content\/uploads\/2025\/08\/8ab64911-891b-4cad-9e69-6524bd303e65.jpg","width":2136,"height":1422},{"@type":"BreadcrumbList","@id":"https:\/\/b19.be\/nl\/galerie\/afterwork-franck-dubosc\/#breadcrumb","itemListElement":[{"@type":"ListItem","position":1,"name":"Home","item":"https:\/\/b19.be\/nl\/"},{"@type":"ListItem","position":2,"name":"Afterwork \u2013 Franck Dubosc"}]},{"@type":"WebSite","@id":"https:\/\/b19.be\/nl\/#website","url":"https:\/\/b19.be\/nl\/","name":"B19","description":"National Business Club &amp; Networking","publisher":{"@id":"https:\/\/b19.be\/nl\/#organization"},"alternateName":"B19 Business Club","potentialAction":[{"@type":"SearchAction","target":{"@type":"EntryPoint","urlTemplate":"https:\/\/b19.be\/nl\/?s={search_term_string}"},"query-input":{"@type":"PropertyValueSpecification","valueRequired":true,"valueName":"search_term_string"}}],"inLanguage":"nl-BE"},{"@type":"Organization","@id":"https:\/\/b19.be\/nl\/#organization","name":"B19","alternateName":"B19 Business Club","url":"https:\/\/b19.be\/nl\/","logo":{"@type":"ImageObject","inLanguage":"nl-BE","@id":"https:\/\/b19.be\/nl\/#\/schema\/logo\/image\/","url":"https:\/\/b19.be\/wp-content\/uploads\/2023\/09\/logob19.svg","contentUrl":"https:\/\/b19.be\/wp-content\/uploads\/2023\/09\/logob19.svg","width":1,"height":1,"caption":"B19"},"image":{"@id":"https:\/\/b19.be\/nl\/#\/schema\/logo\/image\/"},"sameAs":["https:\/\/www.facebook.com\/B19BusinessClub","https:\/\/www.linkedin.com\/company\/b19-country-club\/","https:\/\/www.instagram.com\/b19_business_club\/"]}]}},"_links":{"self":[{"href":"https:\/\/b19.be\/nl\/wp-json\/wp\/v2\/gallery\/7234","targetHints":{"allow":["GET"]}}],"collection":[{"href":"https:\/\/b19.be\/nl\/wp-json\/wp\/v2\/gallery"}],"about":[{"href":"https:\/\/b19.be\/nl\/wp-json\/wp\/v2\/types\/gallery"}],"version-history":[{"count":0,"href":"https:\/\/b19.be\/nl\/wp-json\/wp\/v2\/gallery\/7234\/revisions"}],"wp:featuredmedia":[{"embeddable":true,"href":"https:\/\/b19.be\/nl\/wp-json\/wp\/v2\/media\/7235"}],"wp:attachment":[{"href":"https:\/\/b19.be\/nl\/wp-json\/wp\/v2\/media?parent=7234"}],"curies":[{"name":"wp","href":"https:\/\/api.w.org\/{rel}","templated":true}]}}

<p>Franck Dubosc : « Les Belges sont bienveillants… »&nbsp;</p>
<p>C’est une tradition et un des nombreux avantages du B19, des célébrités au parcours inspirant nous font chaque année l’honneur de venir partager leur vécu et leurs anecdotes.&nbsp;</p>
<p>Quel meilleur cadre que celui de la grande salle des Jeux d’Hiver pour recevoir Franck Dubosc qui, en plein tournage, s’est gentiment rendu disponible pour nous faire une visite éclair très amicale.&nbsp;</p>
<p>En forme et en verve, le comédien-producteur-réalisateur-humoriste est revenu sur sa carrière et ses activités en toute décontraction.&nbsp;</p>
<p>Morceaux choisis :&nbsp;</p>
<p>Son enfance :&nbsp;&nbsp;</p>
<p>« Quand on grandit dans certains quartiers, on vole toujours un petit quelque chose pour ne pas passer pour un con ! »&nbsp;</p>
<p>Ses enfants :&nbsp;&nbsp;</p>
<p>« C’est difficile de priver un enfant de certaines choses qu’on peut lui offrir. Mais les valeurs de travail et de respect restent fondamentales »&nbsp;</p>
<p>Sa carrière :&nbsp;</p>
<p>« Après une fac d’anglais, j’ai fait le Conservatoire parce que Je n’étais doué en rien ! »&nbsp;</p>
<p>« Je voulais être célèbre »&nbsp;</p>
<p>« Mon personnage de dragueur mythomane vient en partie de mes débuts sur de petites scènes avec Guillaume Canet »&nbsp;</p>
<p>« Je dois beaucoup à Laurent Ruquier et aux Petites Annonces avec Elie Semoun »&nbsp;</p>
<p>« Le slip dans Camping… c’est ingrat mais on finit par l’oublier ! »&nbsp;</p>
<p>« Il serait prétentieux de prétendre que la Saga<br />« Camping » repose uniquement sur Patrick Chirac. Je n’envisage pas un quatrième volet »&nbsp;&nbsp;</p>
<p>« Le one-man show et les émissions de télé deviennent casse-gueule… On doit faire attention à tout ce que l’on dit ! »&nbsp;</p>
<p>Quant à sa relation particulière avec la Belgique, il n’oublie pas sa première couverture en tant que jeune acteur pour Ciné Télé<br />Revue en 1985 ni sa première relation sexuelle avec une Belge… qui n’était pas dans la salle, ce n’était pas non plus Sacrée Soirée !&nbsp;</p>
<p>Sympa, drôle et disponible Franck Dubosc a poursuivi les festivités autour d’un verre de l’amitié et de nombreux fans sous le charme.&nbsp;&nbsp;</p>

<p>Franck Dubosc : « Les Belges sont bienveillants… »&nbsp; C’est une tradition et un des nombreux avantages du B19, des célébrités au parcours inspirant nous font chaque année l’honneur de venir partager leur vécu et leurs anecdotes.&nbsp; Quel meilleur cadre que celui de la grande salle des Jeux d’Hiver pour recevoir Franck Dubosc qui, en [&hellip;]</p>

<!-- This site is optimized with the Yoast SEO plugin v27.4 - https://yoast.com/product/yoast-seo-wordpress/ -->
<title>Afterwork - Franck Dubosc - B19</title>
<meta name="robots" content="index, follow, max-snippet:-1, max-image-preview:large, max-video-preview:-1" />
<link rel="canonical" href="https://b19.be/nl/galerie/afterwork-franck-dubosc/" />
<meta property="og:locale" content="nl_BE" />
<meta property="og:type" content="article" />
<meta property="og:title" content="Afterwork - Franck Dubosc - B19" />
<meta property="og:description" content="Franck Dubosc : « Les Belges sont bienveillants… »&nbsp; C’est une tradition et un des nombreux avantages du B19, des célébrités au parcours inspirant nous font chaque année l’honneur de venir partager leur vécu et leurs anecdotes.&nbsp; Quel meilleur cadre que celui de la grande salle des Jeux d’Hiver pour recevoir Franck Dubosc qui, en [&hellip;]" />
<meta property="og:url" content="https://b19.be/nl/galerie/afterwork-franck-dubosc/" />
<meta property="og:site_name" content="B19" />
<meta property="article:publisher" content="https://www.facebook.com/B19BusinessClub" />
<meta property="og:image" content="https://b19.be/wp-content/uploads/2023/09/b19-national-business-club.jpg" />
	<meta property="og:image:width" content="2000" />
	<meta property="og:image:height" content="1331" />
	<meta property="og:image:type" content="image/jpeg" />
<meta name="twitter:card" content="summary_large_image" />
<meta name="twitter:label1" content="Geschatte leestijd" />
	<meta name="twitter:data1" content="2 minuten" />
<script type="application/ld+json" class="yoast-schema-graph">{"@context":"https:\/\/schema.org","@graph":[{"@type":"WebPage","@id":"https:\/\/b19.be\/nl\/galerie\/afterwork-franck-dubosc\/","url":"https:\/\/b19.be\/nl\/galerie\/afterwork-franck-dubosc\/","name":"Afterwork - Franck Dubosc - B19","isPartOf":{"@id":"https:\/\/b19.be\/nl\/#website"},"primaryImageOfPage":{"@id":"https:\/\/b19.be\/nl\/galerie\/afterwork-franck-dubosc\/#primaryimage"},"image":{"@id":"https:\/\/b19.be\/nl\/galerie\/afterwork-franck-dubosc\/#primaryimage"},"thumbnailUrl":"https:\/\/b19.be\/wp-content\/uploads\/2025\/08\/8ab64911-891b-4cad-9e69-6524bd303e65.jpg","datePublished":"2025-08-29T14:50:39+00:00","breadcrumb":{"@id":"https:\/\/b19.be\/nl\/galerie\/afterwork-franck-dubosc\/#breadcrumb"},"inLanguage":"nl-BE","potentialAction":[{"@type":"ReadAction","target":["https:\/\/b19.be\/nl\/galerie\/afterwork-franck-dubosc\/"]}]},{"@type":"ImageObject","inLanguage":"nl-BE","@id":"https:\/\/b19.be\/nl\/galerie\/afterwork-franck-dubosc\/#primaryimage","url":"https:\/\/b19.be\/wp-content\/uploads\/2025\/08\/8ab64911-891b-4cad-9e69-6524bd303e65.jpg","contentUrl":"https:\/\/b19.be\/wp-content\/uploads\/2025\/08\/8ab64911-891b-4cad-9e69-6524bd303e65.jpg","width":2136,"height":1422},{"@type":"BreadcrumbList","@id":"https:\/\/b19.be\/nl\/galerie\/afterwork-franck-dubosc\/#breadcrumb","itemListElement":[{"@type":"ListItem","position":1,"name":"Home","item":"https:\/\/b19.be\/nl\/"},{"@type":"ListItem","position":2,"name":"Afterwork – Franck Dubosc"}]},{"@type":"WebSite","@id":"https:\/\/b19.be\/nl\/#website","url":"https:\/\/b19.be\/nl\/","name":"B19","description":"National Business Club &amp; Networking","publisher":{"@id":"https:\/\/b19.be\/nl\/#organization"},"alternateName":"B19 Business Club","potentialAction":[{"@type":"SearchAction","target":{"@type":"EntryPoint","urlTemplate":"https:\/\/b19.be\/nl\/?s={search_term_string}"},"query-input":{"@type":"PropertyValueSpecification","valueRequired":true,"valueName":"search_term_string"}}],"inLanguage":"nl-BE"},{"@type":"Organization","@id":"https:\/\/b19.be\/nl\/#organization","name":"B19","alternateName":"B19 Business Club","url":"https:\/\/b19.be\/nl\/","logo":{"@type":"ImageObject","inLanguage":"nl-BE","@id":"https:\/\/b19.be\/nl\/#\/schema\/logo\/image\/","url":"https:\/\/b19.be\/wp-content\/uploads\/2023\/09\/logob19.svg","contentUrl":"https:\/\/b19.be\/wp-content\/uploads\/2023\/09\/logob19.svg","width":1,"height":1,"caption":"B19"},"image":{"@id":"https:\/\/b19.be\/nl\/#\/schema\/logo\/image\/"},"sameAs":["https:\/\/www.facebook.com\/B19BusinessClub","https:\/\/www.linkedin.com\/company\/b19-country-club\/","https:\/\/www.instagram.com\/b19_business_club\/"]}]}</script>
<!-- / Yoast SEO plugin. -->

Franck Dubosc : « Les Belges sont bienveillants… »&nbsp; C’est une tradition et un des nombreux avantages du B19, des célébrités au parcours inspirant nous font chaque année l’honneur de venir partager leur vécu et leurs anecdotes.&nbsp; Quel meilleur cadre que celui de la grande salle des Jeux d’Hiver pour recevoir Franck Dubosc qui, en [&hellip;]
