{"id":5898,"date":"2025-05-09T08:18:45","date_gmt":"2025-05-09T06:18:45","guid":{"rendered":"https:\/\/b19.be\/galerie\/afterwork-amaury-bertholome-ceo-circuit-de-spa-francorchamps\/"},"modified":"2025-05-09T08:18:45","modified_gmt":"2025-05-09T06:18:45","slug":"afterwork-amaury-bertholome-ceo-circuit-de-spa-francorchamps","status":"publish","type":"gallery","link":"https:\/\/b19.be\/nl\/galerie\/afterwork-amaury-bertholome-ceo-circuit-de-spa-francorchamps\/","title":{"rendered":"Afterwork \u2013 Amaury Bertholom\u00e9 (CEO Circuit de Spa-Francorchamps)"},"content":{"rendered":"<p><span >Lors de l&#8217;afterwork au <strong>B19 Li\u00e8ge Bocholtz<\/strong>, <strong>Amaury Bertholom\u00e9<\/strong> a \u00e9t\u00e9 pr\u00e9sent\u00e9 par <strong>Fr\u00e9d\u00e9ric Rossilion<\/strong>. <br \/>Amaury a offert un aper\u00e7u captivant du <strong>Circuit de Spa-Francorchamps<\/strong>, soulignant son importance comme site sportif, attraction touristique et acteur \u00e9conomique majeur de la r\u00e9gion. <\/span><\/p>\n<p><span >Il a d\u00e9voil\u00e9 le plan strat\u00e9gique pour les cinq prochaines ann\u00e9es, incluant des investissements pour moderniser les infrastructures, diversifier les activit\u00e9s et int\u00e9grer des innovations technologiques. <br \/>Amaury a \u00e9galement mis en avant l&#8217;engagement du circuit envers la responsabilit\u00e9 soci\u00e9tale et environnementale, avec des initiatives pour r\u00e9duire son empreinte \u00e9cologique. <br \/>Des strat\u00e9gies de d\u00e9veloppement commercial ont \u00e9t\u00e9 pr\u00e9sent\u00e9es pour attirer plus de partenaires et accro\u00eetre la visibilit\u00e9 internationale.<\/span><\/p>\n<p><span >L&#8217;expos\u00e9 a \u00e9t\u00e9 appr\u00e9ci\u00e9 pour sa clart\u00e9 et son ambition, offrant une vision prometteuse pour l&#8217;avenir du <strong>Circuit de Spa-Francorchamps<\/strong> et son impact sur l&#8217;\u00e9conomie et la communaut\u00e9 locale.<\/span><\/p>\n<p><span >Photos: <\/span><span >\u00a9 Virginie Willemet &#8211;<\/span><span > <\/span><a href=\"http:\/\/vyou.be\/\" target=\"_blank\"><span >vyou.be<\/span><\/a><\/p>\n","protected":false},"excerpt":{"rendered":"<p>Lors de l&#8217;afterwork au B19 Li\u00e8ge Bocholtz, Amaury Bertholom\u00e9 a \u00e9t\u00e9 pr\u00e9sent\u00e9 par Fr\u00e9d\u00e9ric Rossilion. Amaury a offert un aper\u00e7u captivant du Circuit de Spa-Francorchamps, soulignant son importance comme site sportif, attraction touristique et acteur \u00e9conomique majeur de la r\u00e9gion. Il a d\u00e9voil\u00e9 le plan strat\u00e9gique pour les cinq prochaines ann\u00e9es, incluant des investissements pour [&hellip;]<\/p>\n","protected":false},"featured_media":5899,"template":"","class_list":["post-5898","gallery","type-gallery","status-publish","has-post-thumbnail","hentry"],"acf":[],"yoast_head":"<!-- This site is optimized with the Yoast SEO plugin v27.4 - https:\/\/yoast.com\/product\/yoast-seo-wordpress\/ -->\n<title>Afterwork - Amaury Bertholom\u00e9 (CEO Circuit de Spa-Francorchamps) - B19<\/title>\n<meta name=\"robots\" content=\"index, follow, max-snippet:-1, max-image-preview:large, max-video-preview:-1\" \/>\n<link rel=\"canonical\" href=\"https:\/\/b19.be\/nl\/galerie\/afterwork-amaury-bertholome-ceo-circuit-de-spa-francorchamps\/\" \/>\n<meta property=\"og:locale\" content=\"nl_BE\" \/>\n<meta property=\"og:type\" content=\"article\" \/>\n<meta property=\"og:title\" content=\"Afterwork - Amaury Bertholom\u00e9 (CEO Circuit de Spa-Francorchamps) - B19\" \/>\n<meta property=\"og:description\" content=\"Lors de l&#8217;afterwork au B19 Li\u00e8ge Bocholtz, Amaury Bertholom\u00e9 a \u00e9t\u00e9 pr\u00e9sent\u00e9 par Fr\u00e9d\u00e9ric Rossilion. Amaury a offert un aper\u00e7u captivant du Circuit de Spa-Francorchamps, soulignant son importance comme site sportif, attraction touristique et acteur \u00e9conomique majeur de la r\u00e9gion. Il a d\u00e9voil\u00e9 le plan strat\u00e9gique pour les cinq prochaines ann\u00e9es, incluant des investissements pour [&hellip;]\" \/>\n<meta property=\"og:url\" content=\"https:\/\/b19.be\/nl\/galerie\/afterwork-amaury-bertholome-ceo-circuit-de-spa-francorchamps\/\" \/>\n<meta property=\"og:site_name\" content=\"B19\" \/>\n<meta property=\"article:publisher\" content=\"https:\/\/www.facebook.com\/B19BusinessClub\" \/>\n<meta property=\"og:image\" content=\"https:\/\/b19.be\/wp-content\/uploads\/2023\/09\/b19-national-business-club.jpg\" \/>\n\t<meta property=\"og:image:width\" content=\"2000\" \/>\n\t<meta property=\"og:image:height\" content=\"1331\" \/>\n\t<meta property=\"og:image:type\" content=\"image\/jpeg\" \/>\n<meta name=\"twitter:card\" content=\"summary_large_image\" \/>\n<meta name=\"twitter:label1\" content=\"Geschatte leestijd\" \/>\n\t<meta name=\"twitter:data1\" content=\"1 minuut\" \/>\n<script type=\"application\/ld+json\" class=\"yoast-schema-graph\">{\"@context\":\"https:\\\/\\\/schema.org\",\"@graph\":[{\"@type\":\"WebPage\",\"@id\":\"https:\\\/\\\/b19.be\\\/nl\\\/galerie\\\/afterwork-amaury-bertholome-ceo-circuit-de-spa-francorchamps\\\/\",\"url\":\"https:\\\/\\\/b19.be\\\/nl\\\/galerie\\\/afterwork-amaury-bertholome-ceo-circuit-de-spa-francorchamps\\\/\",\"name\":\"Afterwork - Amaury Bertholom\u00e9 (CEO Circuit de Spa-Francorchamps) - B19\",\"isPartOf\":{\"@id\":\"https:\\\/\\\/b19.be\\\/nl\\\/#website\"},\"primaryImageOfPage\":{\"@id\":\"https:\\\/\\\/b19.be\\\/nl\\\/galerie\\\/afterwork-amaury-bertholome-ceo-circuit-de-spa-francorchamps\\\/#primaryimage\"},\"image\":{\"@id\":\"https:\\\/\\\/b19.be\\\/nl\\\/galerie\\\/afterwork-amaury-bertholome-ceo-circuit-de-spa-francorchamps\\\/#primaryimage\"},\"thumbnailUrl\":\"https:\\\/\\\/b19.be\\\/wp-content\\\/uploads\\\/2025\\\/05\\\/daf45878-d702-4677-8653-c0d106d3f82b.jpg\",\"datePublished\":\"2025-05-09T06:18:45+00:00\",\"breadcrumb\":{\"@id\":\"https:\\\/\\\/b19.be\\\/nl\\\/galerie\\\/afterwork-amaury-bertholome-ceo-circuit-de-spa-francorchamps\\\/#breadcrumb\"},\"inLanguage\":\"nl-BE\",\"potentialAction\":[{\"@type\":\"ReadAction\",\"target\":[\"https:\\\/\\\/b19.be\\\/nl\\\/galerie\\\/afterwork-amaury-bertholome-ceo-circuit-de-spa-francorchamps\\\/\"]}]},{\"@type\":\"ImageObject\",\"inLanguage\":\"nl-BE\",\"@id\":\"https:\\\/\\\/b19.be\\\/nl\\\/galerie\\\/afterwork-amaury-bertholome-ceo-circuit-de-spa-francorchamps\\\/#primaryimage\",\"url\":\"https:\\\/\\\/b19.be\\\/wp-content\\\/uploads\\\/2025\\\/05\\\/daf45878-d702-4677-8653-c0d106d3f82b.jpg\",\"contentUrl\":\"https:\\\/\\\/b19.be\\\/wp-content\\\/uploads\\\/2025\\\/05\\\/daf45878-d702-4677-8653-c0d106d3f82b.jpg\",\"width\":2200,\"height\":1467},{\"@type\":\"BreadcrumbList\",\"@id\":\"https:\\\/\\\/b19.be\\\/nl\\\/galerie\\\/afterwork-amaury-bertholome-ceo-circuit-de-spa-francorchamps\\\/#breadcrumb\",\"itemListElement\":[{\"@type\":\"ListItem\",\"position\":1,\"name\":\"Home\",\"item\":\"https:\\\/\\\/b19.be\\\/nl\\\/\"},{\"@type\":\"ListItem\",\"position\":2,\"name\":\"Afterwork \u2013 Amaury Bertholom\u00e9 (CEO Circuit de Spa-Francorchamps)\"}]},{\"@type\":\"WebSite\",\"@id\":\"https:\\\/\\\/b19.be\\\/nl\\\/#website\",\"url\":\"https:\\\/\\\/b19.be\\\/nl\\\/\",\"name\":\"B19\",\"description\":\"National Business Club &amp; Networking\",\"publisher\":{\"@id\":\"https:\\\/\\\/b19.be\\\/nl\\\/#organization\"},\"alternateName\":\"B19 Business Club\",\"potentialAction\":[{\"@type\":\"SearchAction\",\"target\":{\"@type\":\"EntryPoint\",\"urlTemplate\":\"https:\\\/\\\/b19.be\\\/nl\\\/?s={search_term_string}\"},\"query-input\":{\"@type\":\"PropertyValueSpecification\",\"valueRequired\":true,\"valueName\":\"search_term_string\"}}],\"inLanguage\":\"nl-BE\"},{\"@type\":\"Organization\",\"@id\":\"https:\\\/\\\/b19.be\\\/nl\\\/#organization\",\"name\":\"B19\",\"alternateName\":\"B19 Business Club\",\"url\":\"https:\\\/\\\/b19.be\\\/nl\\\/\",\"logo\":{\"@type\":\"ImageObject\",\"inLanguage\":\"nl-BE\",\"@id\":\"https:\\\/\\\/b19.be\\\/nl\\\/#\\\/schema\\\/logo\\\/image\\\/\",\"url\":\"https:\\\/\\\/b19.be\\\/wp-content\\\/uploads\\\/2023\\\/09\\\/logob19.svg\",\"contentUrl\":\"https:\\\/\\\/b19.be\\\/wp-content\\\/uploads\\\/2023\\\/09\\\/logob19.svg\",\"width\":1,\"height\":1,\"caption\":\"B19\"},\"image\":{\"@id\":\"https:\\\/\\\/b19.be\\\/nl\\\/#\\\/schema\\\/logo\\\/image\\\/\"},\"sameAs\":[\"https:\\\/\\\/www.facebook.com\\\/B19BusinessClub\",\"https:\\\/\\\/www.linkedin.com\\\/company\\\/b19-country-club\\\/\",\"https:\\\/\\\/www.instagram.com\\\/b19_business_club\\\/\"]}]}<\/script>\n<!-- \/ Yoast SEO plugin. -->","yoast_head_json":{"title":"Afterwork - Amaury Bertholom\u00e9 (CEO Circuit de Spa-Francorchamps) - B19","robots":{"index":"index","follow":"follow","max-snippet":"max-snippet:-1","max-image-preview":"max-image-preview:large","max-video-preview":"max-video-preview:-1"},"canonical":"https:\/\/b19.be\/nl\/galerie\/afterwork-amaury-bertholome-ceo-circuit-de-spa-francorchamps\/","og_locale":"nl_BE","og_type":"article","og_title":"Afterwork - Amaury Bertholom\u00e9 (CEO Circuit de Spa-Francorchamps) - B19","og_description":"Lors de l&#8217;afterwork au B19 Li\u00e8ge Bocholtz, Amaury Bertholom\u00e9 a \u00e9t\u00e9 pr\u00e9sent\u00e9 par Fr\u00e9d\u00e9ric Rossilion. Amaury a offert un aper\u00e7u captivant du Circuit de Spa-Francorchamps, soulignant son importance comme site sportif, attraction touristique et acteur \u00e9conomique majeur de la r\u00e9gion. Il a d\u00e9voil\u00e9 le plan strat\u00e9gique pour les cinq prochaines ann\u00e9es, incluant des investissements pour [&hellip;]","og_url":"https:\/\/b19.be\/nl\/galerie\/afterwork-amaury-bertholome-ceo-circuit-de-spa-francorchamps\/","og_site_name":"B19","article_publisher":"https:\/\/www.facebook.com\/B19BusinessClub","og_image":[{"width":2000,"height":1331,"url":"https:\/\/b19.be\/wp-content\/uploads\/2023\/09\/b19-national-business-club.jpg","type":"image\/jpeg"}],"twitter_card":"summary_large_image","twitter_misc":{"Geschatte leestijd":"1 minuut"},"schema":{"@context":"https:\/\/schema.org","@graph":[{"@type":"WebPage","@id":"https:\/\/b19.be\/nl\/galerie\/afterwork-amaury-bertholome-ceo-circuit-de-spa-francorchamps\/","url":"https:\/\/b19.be\/nl\/galerie\/afterwork-amaury-bertholome-ceo-circuit-de-spa-francorchamps\/","name":"Afterwork - Amaury Bertholom\u00e9 (CEO Circuit de Spa-Francorchamps) - B19","isPartOf":{"@id":"https:\/\/b19.be\/nl\/#website"},"primaryImageOfPage":{"@id":"https:\/\/b19.be\/nl\/galerie\/afterwork-amaury-bertholome-ceo-circuit-de-spa-francorchamps\/#primaryimage"},"image":{"@id":"https:\/\/b19.be\/nl\/galerie\/afterwork-amaury-bertholome-ceo-circuit-de-spa-francorchamps\/#primaryimage"},"thumbnailUrl":"https:\/\/b19.be\/wp-content\/uploads\/2025\/05\/daf45878-d702-4677-8653-c0d106d3f82b.jpg","datePublished":"2025-05-09T06:18:45+00:00","breadcrumb":{"@id":"https:\/\/b19.be\/nl\/galerie\/afterwork-amaury-bertholome-ceo-circuit-de-spa-francorchamps\/#breadcrumb"},"inLanguage":"nl-BE","potentialAction":[{"@type":"ReadAction","target":["https:\/\/b19.be\/nl\/galerie\/afterwork-amaury-bertholome-ceo-circuit-de-spa-francorchamps\/"]}]},{"@type":"ImageObject","inLanguage":"nl-BE","@id":"https:\/\/b19.be\/nl\/galerie\/afterwork-amaury-bertholome-ceo-circuit-de-spa-francorchamps\/#primaryimage","url":"https:\/\/b19.be\/wp-content\/uploads\/2025\/05\/daf45878-d702-4677-8653-c0d106d3f82b.jpg","contentUrl":"https:\/\/b19.be\/wp-content\/uploads\/2025\/05\/daf45878-d702-4677-8653-c0d106d3f82b.jpg","width":2200,"height":1467},{"@type":"BreadcrumbList","@id":"https:\/\/b19.be\/nl\/galerie\/afterwork-amaury-bertholome-ceo-circuit-de-spa-francorchamps\/#breadcrumb","itemListElement":[{"@type":"ListItem","position":1,"name":"Home","item":"https:\/\/b19.be\/nl\/"},{"@type":"ListItem","position":2,"name":"Afterwork \u2013 Amaury Bertholom\u00e9 (CEO Circuit de Spa-Francorchamps)"}]},{"@type":"WebSite","@id":"https:\/\/b19.be\/nl\/#website","url":"https:\/\/b19.be\/nl\/","name":"B19","description":"National Business Club &amp; Networking","publisher":{"@id":"https:\/\/b19.be\/nl\/#organization"},"alternateName":"B19 Business Club","potentialAction":[{"@type":"SearchAction","target":{"@type":"EntryPoint","urlTemplate":"https:\/\/b19.be\/nl\/?s={search_term_string}"},"query-input":{"@type":"PropertyValueSpecification","valueRequired":true,"valueName":"search_term_string"}}],"inLanguage":"nl-BE"},{"@type":"Organization","@id":"https:\/\/b19.be\/nl\/#organization","name":"B19","alternateName":"B19 Business Club","url":"https:\/\/b19.be\/nl\/","logo":{"@type":"ImageObject","inLanguage":"nl-BE","@id":"https:\/\/b19.be\/nl\/#\/schema\/logo\/image\/","url":"https:\/\/b19.be\/wp-content\/uploads\/2023\/09\/logob19.svg","contentUrl":"https:\/\/b19.be\/wp-content\/uploads\/2023\/09\/logob19.svg","width":1,"height":1,"caption":"B19"},"image":{"@id":"https:\/\/b19.be\/nl\/#\/schema\/logo\/image\/"},"sameAs":["https:\/\/www.facebook.com\/B19BusinessClub","https:\/\/www.linkedin.com\/company\/b19-country-club\/","https:\/\/www.instagram.com\/b19_business_club\/"]}]}},"_links":{"self":[{"href":"https:\/\/b19.be\/nl\/wp-json\/wp\/v2\/gallery\/5898","targetHints":{"allow":["GET"]}}],"collection":[{"href":"https:\/\/b19.be\/nl\/wp-json\/wp\/v2\/gallery"}],"about":[{"href":"https:\/\/b19.be\/nl\/wp-json\/wp\/v2\/types\/gallery"}],"version-history":[{"count":0,"href":"https:\/\/b19.be\/nl\/wp-json\/wp\/v2\/gallery\/5898\/revisions"}],"wp:featuredmedia":[{"embeddable":true,"href":"https:\/\/b19.be\/nl\/wp-json\/wp\/v2\/media\/5899"}],"wp:attachment":[{"href":"https:\/\/b19.be\/nl\/wp-json\/wp\/v2\/media?parent=5898"}],"curies":[{"name":"wp","href":"https:\/\/api.w.org\/{rel}","templated":true}]}}

Afterwork – Amaury Bertholomé (CEO Circuit de Spa-Francorchamps)

<p><span >Lors de l&#8217;afterwork au <strong>B19 Liège Bocholtz</strong>, <strong>Amaury Bertholomé</strong> a été présenté par <strong>Frédéric Rossilion</strong>. <br />Amaury a offert un aperçu captivant du <strong>Circuit de Spa-Francorchamps</strong>, soulignant son importance comme site sportif, attraction touristique et acteur économique majeur de la région. </span></p>
<p><span >Il a dévoilé le plan stratégique pour les cinq prochaines années, incluant des investissements pour moderniser les infrastructures, diversifier les activités et intégrer des innovations technologiques. <br />Amaury a également mis en avant l&#8217;engagement du circuit envers la responsabilité sociétale et environnementale, avec des initiatives pour réduire son empreinte écologique. <br />Des stratégies de développement commercial ont été présentées pour attirer plus de partenaires et accroître la visibilité internationale.</span></p>
<p><span >L&#8217;exposé a été apprécié pour sa clarté et son ambition, offrant une vision prometteuse pour l&#8217;avenir du <strong>Circuit de Spa-Francorchamps</strong> et son impact sur l&#8217;économie et la communauté locale.</span></p>
<p><span >Photos: </span><span >© Virginie Willemet &#8211;</span><span > </span><a href="http://vyou.be/" target="_blank"><span >vyou.be</span></a></p>

<p>Lors de l&#8217;afterwork au B19 Liège Bocholtz, Amaury Bertholomé a été présenté par Frédéric Rossilion. Amaury a offert un aperçu captivant du Circuit de Spa-Francorchamps, soulignant son importance comme site sportif, attraction touristique et acteur économique majeur de la région. Il a dévoilé le plan stratégique pour les cinq prochaines années, incluant des investissements pour [&hellip;]</p>

<!-- This site is optimized with the Yoast SEO plugin v27.4 - https://yoast.com/product/yoast-seo-wordpress/ -->
<title>Afterwork - Amaury Bertholomé (CEO Circuit de Spa-Francorchamps) - B19</title>
<meta name="robots" content="index, follow, max-snippet:-1, max-image-preview:large, max-video-preview:-1" />
<link rel="canonical" href="https://b19.be/nl/galerie/afterwork-amaury-bertholome-ceo-circuit-de-spa-francorchamps/" />
<meta property="og:locale" content="nl_BE" />
<meta property="og:type" content="article" />
<meta property="og:title" content="Afterwork - Amaury Bertholomé (CEO Circuit de Spa-Francorchamps) - B19" />
<meta property="og:description" content="Lors de l&#8217;afterwork au B19 Liège Bocholtz, Amaury Bertholomé a été présenté par Frédéric Rossilion. Amaury a offert un aperçu captivant du Circuit de Spa-Francorchamps, soulignant son importance comme site sportif, attraction touristique et acteur économique majeur de la région. Il a dévoilé le plan stratégique pour les cinq prochaines années, incluant des investissements pour [&hellip;]" />
<meta property="og:url" content="https://b19.be/nl/galerie/afterwork-amaury-bertholome-ceo-circuit-de-spa-francorchamps/" />
<meta property="og:site_name" content="B19" />
<meta property="article:publisher" content="https://www.facebook.com/B19BusinessClub" />
<meta property="og:image" content="https://b19.be/wp-content/uploads/2023/09/b19-national-business-club.jpg" />
	<meta property="og:image:width" content="2000" />
	<meta property="og:image:height" content="1331" />
	<meta property="og:image:type" content="image/jpeg" />
<meta name="twitter:card" content="summary_large_image" />
<meta name="twitter:label1" content="Geschatte leestijd" />
	<meta name="twitter:data1" content="1 minuut" />
<script type="application/ld+json" class="yoast-schema-graph">{"@context":"https:\/\/schema.org","@graph":[{"@type":"WebPage","@id":"https:\/\/b19.be\/nl\/galerie\/afterwork-amaury-bertholome-ceo-circuit-de-spa-francorchamps\/","url":"https:\/\/b19.be\/nl\/galerie\/afterwork-amaury-bertholome-ceo-circuit-de-spa-francorchamps\/","name":"Afterwork - Amaury Bertholomé (CEO Circuit de Spa-Francorchamps) - B19","isPartOf":{"@id":"https:\/\/b19.be\/nl\/#website"},"primaryImageOfPage":{"@id":"https:\/\/b19.be\/nl\/galerie\/afterwork-amaury-bertholome-ceo-circuit-de-spa-francorchamps\/#primaryimage"},"image":{"@id":"https:\/\/b19.be\/nl\/galerie\/afterwork-amaury-bertholome-ceo-circuit-de-spa-francorchamps\/#primaryimage"},"thumbnailUrl":"https:\/\/b19.be\/wp-content\/uploads\/2025\/05\/daf45878-d702-4677-8653-c0d106d3f82b.jpg","datePublished":"2025-05-09T06:18:45+00:00","breadcrumb":{"@id":"https:\/\/b19.be\/nl\/galerie\/afterwork-amaury-bertholome-ceo-circuit-de-spa-francorchamps\/#breadcrumb"},"inLanguage":"nl-BE","potentialAction":[{"@type":"ReadAction","target":["https:\/\/b19.be\/nl\/galerie\/afterwork-amaury-bertholome-ceo-circuit-de-spa-francorchamps\/"]}]},{"@type":"ImageObject","inLanguage":"nl-BE","@id":"https:\/\/b19.be\/nl\/galerie\/afterwork-amaury-bertholome-ceo-circuit-de-spa-francorchamps\/#primaryimage","url":"https:\/\/b19.be\/wp-content\/uploads\/2025\/05\/daf45878-d702-4677-8653-c0d106d3f82b.jpg","contentUrl":"https:\/\/b19.be\/wp-content\/uploads\/2025\/05\/daf45878-d702-4677-8653-c0d106d3f82b.jpg","width":2200,"height":1467},{"@type":"BreadcrumbList","@id":"https:\/\/b19.be\/nl\/galerie\/afterwork-amaury-bertholome-ceo-circuit-de-spa-francorchamps\/#breadcrumb","itemListElement":[{"@type":"ListItem","position":1,"name":"Home","item":"https:\/\/b19.be\/nl\/"},{"@type":"ListItem","position":2,"name":"Afterwork – Amaury Bertholomé (CEO Circuit de Spa-Francorchamps)"}]},{"@type":"WebSite","@id":"https:\/\/b19.be\/nl\/#website","url":"https:\/\/b19.be\/nl\/","name":"B19","description":"National Business Club &amp; Networking","publisher":{"@id":"https:\/\/b19.be\/nl\/#organization"},"alternateName":"B19 Business Club","potentialAction":[{"@type":"SearchAction","target":{"@type":"EntryPoint","urlTemplate":"https:\/\/b19.be\/nl\/?s={search_term_string}"},"query-input":{"@type":"PropertyValueSpecification","valueRequired":true,"valueName":"search_term_string"}}],"inLanguage":"nl-BE"},{"@type":"Organization","@id":"https:\/\/b19.be\/nl\/#organization","name":"B19","alternateName":"B19 Business Club","url":"https:\/\/b19.be\/nl\/","logo":{"@type":"ImageObject","inLanguage":"nl-BE","@id":"https:\/\/b19.be\/nl\/#\/schema\/logo\/image\/","url":"https:\/\/b19.be\/wp-content\/uploads\/2023\/09\/logob19.svg","contentUrl":"https:\/\/b19.be\/wp-content\/uploads\/2023\/09\/logob19.svg","width":1,"height":1,"caption":"B19"},"image":{"@id":"https:\/\/b19.be\/nl\/#\/schema\/logo\/image\/"},"sameAs":["https:\/\/www.facebook.com\/B19BusinessClub","https:\/\/www.linkedin.com\/company\/b19-country-club\/","https:\/\/www.instagram.com\/b19_business_club\/"]}]}</script>
<!-- / Yoast SEO plugin. -->

Afterwork - Amaury Bertholomé (CEO Circuit de Spa-Francorchamps) - B19

Lors de l&#8217;afterwork au B19 Liège Bocholtz, Amaury Bertholomé a été présenté par Frédéric Rossilion. Amaury a offert un aperçu captivant du Circuit de Spa-Francorchamps, soulignant son importance comme site sportif, attraction touristique et acteur économique majeur de la région. Il a dévoilé le plan stratégique pour les cinq prochaines années, incluant des investissements pour [&hellip;]
