{"id":5853,"date":"2025-05-09T08:17:24","date_gmt":"2025-05-09T06:17:24","guid":{"rendered":"https:\/\/b19.be\/galerie\/b19-experience-visite-du-port-autonome-de-liege\/"},"modified":"2025-05-09T08:17:24","modified_gmt":"2025-05-09T06:17:24","slug":"b19-experience-visite-du-port-autonome-de-liege","status":"publish","type":"gallery","link":"https:\/\/b19.be\/nl\/galerie\/b19-experience-visite-du-port-autonome-de-liege\/","title":{"rendered":"B19 Exp\u00e9rience \u2013 Visite du Port autonome de Li\u00e8ge"},"content":{"rendered":"<p><span >On les connaissait curieux, nos membres, on les a vus sportifs et avides de sensations fortes\u00a0! Baskets aux pieds, gillets jaunes sur le dos, ils venaient de Li\u00e8ge, de Bruxelles, d\u2019Anvers, pr\u00eats \u00e0 se lancer \u00e0 l\u2019assaut d\u2019un des plus beaux fleurons li\u00e9geois, le Port Autonome de Li\u00e8ge. <br \/>Leurs guides\u00a0? Yves Demeffe, Directeur g\u00e9n\u00e9ral, et H\u00e9l\u00e8ne Thi\u00e9baut, en charge de la communication, mais pas que\u00a0!<\/span><\/p>\n<p><span >Si le soleil les a r\u00e9jouis, de bons croissants leur ont donn\u00e9 force et sourire pour d\u00e9couvrir la globalit\u00e9 du site sur maquette, avant de prendre la direction de la darse couverte du Port de Monsin, avec No\u00ebl Fr\u00e9his, Managing Director SOMEF, puis de la plate-forme multimodale de Li\u00e8ge Trilogiport, et du terminal \u00e0 conteneurs DP World Liege Container Terminals, en compagnie de Kevin Vandermeulen, son Terminal Manager, et Hugues Vercruyssen, son Operation Manager.<\/span><\/p>\n<p><span >L\u2019occasion de comprendre que le PAL est le 1<\/span><span >er<\/span><span > port int\u00e9rieur belge et le 3<\/span><span >e<\/span><span > port fluvial europ\u00e9en, assurant le transport de plus de 20 millions de tonnes transport\u00e9es et la gestion de plus de 30 zones portuaires. Et que le Trilogiport est un village logistique multimodal d\u2019une centaine d\u2019hectares le long du Canal Albert, \u00e0 15 heures de navigation d\u2019Anvers et \u00e0 24 heures de Rotterdam. Des atouts majeurs \u00e0 l\u2019heure du red\u00e9ploiement \u00e9conomique de la r\u00e9gion li\u00e9geoise dans une Euregio ouverte sur le monde\u00a0!<\/span><\/p>\n<p><span >Plus d\u2019informations sur\u00a0: <\/span><a href=\"https:\/\/www.portdeliege.be\/fr\/\" target=\"_self\"><span ><ins>https:\/\/www.portdeliege.be\/fr\/<\/ins><\/span><\/a><\/p>\n<p><span >\u00a9Bernadette P\u00e2ques, CEO CompanyWriters.be<\/span><\/p>\n<p><span >\u00a9TILT Photographie, Michel Houet<\/span><\/p>\n<p><span >Envie d\u2019autres exp\u00e9riences business avec le B19 Li\u00e8ge-Bocholtz\u00a0? <br \/>RDV sur www.b19.be\/agenda<\/span><\/p>\n","protected":false},"excerpt":{"rendered":"<p>On les connaissait curieux, nos membres, on les a vus sportifs et avides de sensations fortes\u00a0! Baskets aux pieds, gillets jaunes sur le dos, ils venaient de Li\u00e8ge, de Bruxelles, d\u2019Anvers, pr\u00eats \u00e0 se lancer \u00e0 l\u2019assaut d\u2019un des plus beaux fleurons li\u00e9geois, le Port Autonome de Li\u00e8ge. Leurs guides\u00a0? Yves Demeffe, Directeur g\u00e9n\u00e9ral, et [&hellip;]<\/p>\n","protected":false},"featured_media":5854,"template":"","class_list":["post-5853","gallery","type-gallery","status-publish","has-post-thumbnail","hentry"],"acf":[],"yoast_head":"<!-- This site is optimized with the Yoast SEO plugin v27.4 - https:\/\/yoast.com\/product\/yoast-seo-wordpress\/ -->\n<title>B19 Exp\u00e9rience - Visite du Port autonome de Li\u00e8ge - B19<\/title>\n<meta name=\"robots\" content=\"index, follow, max-snippet:-1, max-image-preview:large, max-video-preview:-1\" \/>\n<link rel=\"canonical\" href=\"https:\/\/b19.be\/nl\/galerie\/b19-experience-visite-du-port-autonome-de-liege\/\" \/>\n<meta property=\"og:locale\" content=\"nl_BE\" \/>\n<meta property=\"og:type\" content=\"article\" \/>\n<meta property=\"og:title\" content=\"B19 Exp\u00e9rience - Visite du Port autonome de Li\u00e8ge - B19\" \/>\n<meta property=\"og:description\" content=\"On les connaissait curieux, nos membres, on les a vus sportifs et avides de sensations fortes\u00a0! Baskets aux pieds, gillets jaunes sur le dos, ils venaient de Li\u00e8ge, de Bruxelles, d\u2019Anvers, pr\u00eats \u00e0 se lancer \u00e0 l\u2019assaut d\u2019un des plus beaux fleurons li\u00e9geois, le Port Autonome de Li\u00e8ge. Leurs guides\u00a0? Yves Demeffe, Directeur g\u00e9n\u00e9ral, et [&hellip;]\" \/>\n<meta property=\"og:url\" content=\"https:\/\/b19.be\/nl\/galerie\/b19-experience-visite-du-port-autonome-de-liege\/\" \/>\n<meta property=\"og:site_name\" content=\"B19\" \/>\n<meta property=\"article:publisher\" content=\"https:\/\/www.facebook.com\/B19BusinessClub\" \/>\n<meta property=\"og:image\" content=\"https:\/\/b19.be\/wp-content\/uploads\/2023\/09\/b19-national-business-club.jpg\" \/>\n\t<meta property=\"og:image:width\" content=\"2000\" \/>\n\t<meta property=\"og:image:height\" content=\"1331\" \/>\n\t<meta property=\"og:image:type\" content=\"image\/jpeg\" \/>\n<meta name=\"twitter:card\" content=\"summary_large_image\" \/>\n<meta name=\"twitter:label1\" content=\"Geschatte leestijd\" \/>\n\t<meta name=\"twitter:data1\" content=\"1 minuut\" \/>\n<script type=\"application\/ld+json\" class=\"yoast-schema-graph\">{\"@context\":\"https:\\\/\\\/schema.org\",\"@graph\":[{\"@type\":\"WebPage\",\"@id\":\"https:\\\/\\\/b19.be\\\/nl\\\/galerie\\\/b19-experience-visite-du-port-autonome-de-liege\\\/\",\"url\":\"https:\\\/\\\/b19.be\\\/nl\\\/galerie\\\/b19-experience-visite-du-port-autonome-de-liege\\\/\",\"name\":\"B19 Exp\u00e9rience - Visite du Port autonome de Li\u00e8ge - B19\",\"isPartOf\":{\"@id\":\"https:\\\/\\\/b19.be\\\/nl\\\/#website\"},\"primaryImageOfPage\":{\"@id\":\"https:\\\/\\\/b19.be\\\/nl\\\/galerie\\\/b19-experience-visite-du-port-autonome-de-liege\\\/#primaryimage\"},\"image\":{\"@id\":\"https:\\\/\\\/b19.be\\\/nl\\\/galerie\\\/b19-experience-visite-du-port-autonome-de-liege\\\/#primaryimage\"},\"thumbnailUrl\":\"https:\\\/\\\/b19.be\\\/wp-content\\\/uploads\\\/2025\\\/05\\\/2ae2d446-eac2-4919-ac95-72eebb90370a.jpg\",\"datePublished\":\"2025-05-09T06:17:24+00:00\",\"breadcrumb\":{\"@id\":\"https:\\\/\\\/b19.be\\\/nl\\\/galerie\\\/b19-experience-visite-du-port-autonome-de-liege\\\/#breadcrumb\"},\"inLanguage\":\"nl-BE\",\"potentialAction\":[{\"@type\":\"ReadAction\",\"target\":[\"https:\\\/\\\/b19.be\\\/nl\\\/galerie\\\/b19-experience-visite-du-port-autonome-de-liege\\\/\"]}]},{\"@type\":\"ImageObject\",\"inLanguage\":\"nl-BE\",\"@id\":\"https:\\\/\\\/b19.be\\\/nl\\\/galerie\\\/b19-experience-visite-du-port-autonome-de-liege\\\/#primaryimage\",\"url\":\"https:\\\/\\\/b19.be\\\/wp-content\\\/uploads\\\/2025\\\/05\\\/2ae2d446-eac2-4919-ac95-72eebb90370a.jpg\",\"contentUrl\":\"https:\\\/\\\/b19.be\\\/wp-content\\\/uploads\\\/2025\\\/05\\\/2ae2d446-eac2-4919-ac95-72eebb90370a.jpg\",\"width\":2232,\"height\":1488},{\"@type\":\"BreadcrumbList\",\"@id\":\"https:\\\/\\\/b19.be\\\/nl\\\/galerie\\\/b19-experience-visite-du-port-autonome-de-liege\\\/#breadcrumb\",\"itemListElement\":[{\"@type\":\"ListItem\",\"position\":1,\"name\":\"Home\",\"item\":\"https:\\\/\\\/b19.be\\\/nl\\\/\"},{\"@type\":\"ListItem\",\"position\":2,\"name\":\"B19 Exp\u00e9rience \u2013 Visite du Port autonome de Li\u00e8ge\"}]},{\"@type\":\"WebSite\",\"@id\":\"https:\\\/\\\/b19.be\\\/nl\\\/#website\",\"url\":\"https:\\\/\\\/b19.be\\\/nl\\\/\",\"name\":\"B19\",\"description\":\"National Business Club &amp; Networking\",\"publisher\":{\"@id\":\"https:\\\/\\\/b19.be\\\/nl\\\/#organization\"},\"alternateName\":\"B19 Business Club\",\"potentialAction\":[{\"@type\":\"SearchAction\",\"target\":{\"@type\":\"EntryPoint\",\"urlTemplate\":\"https:\\\/\\\/b19.be\\\/nl\\\/?s={search_term_string}\"},\"query-input\":{\"@type\":\"PropertyValueSpecification\",\"valueRequired\":true,\"valueName\":\"search_term_string\"}}],\"inLanguage\":\"nl-BE\"},{\"@type\":\"Organization\",\"@id\":\"https:\\\/\\\/b19.be\\\/nl\\\/#organization\",\"name\":\"B19\",\"alternateName\":\"B19 Business Club\",\"url\":\"https:\\\/\\\/b19.be\\\/nl\\\/\",\"logo\":{\"@type\":\"ImageObject\",\"inLanguage\":\"nl-BE\",\"@id\":\"https:\\\/\\\/b19.be\\\/nl\\\/#\\\/schema\\\/logo\\\/image\\\/\",\"url\":\"https:\\\/\\\/b19.be\\\/wp-content\\\/uploads\\\/2023\\\/09\\\/logob19.svg\",\"contentUrl\":\"https:\\\/\\\/b19.be\\\/wp-content\\\/uploads\\\/2023\\\/09\\\/logob19.svg\",\"width\":1,\"height\":1,\"caption\":\"B19\"},\"image\":{\"@id\":\"https:\\\/\\\/b19.be\\\/nl\\\/#\\\/schema\\\/logo\\\/image\\\/\"},\"sameAs\":[\"https:\\\/\\\/www.facebook.com\\\/B19BusinessClub\",\"https:\\\/\\\/www.linkedin.com\\\/company\\\/b19-country-club\\\/\",\"https:\\\/\\\/www.instagram.com\\\/b19_business_club\\\/\"]}]}<\/script>\n<!-- \/ Yoast SEO plugin. -->","yoast_head_json":{"title":"B19 Exp\u00e9rience - Visite du Port autonome de Li\u00e8ge - B19","robots":{"index":"index","follow":"follow","max-snippet":"max-snippet:-1","max-image-preview":"max-image-preview:large","max-video-preview":"max-video-preview:-1"},"canonical":"https:\/\/b19.be\/nl\/galerie\/b19-experience-visite-du-port-autonome-de-liege\/","og_locale":"nl_BE","og_type":"article","og_title":"B19 Exp\u00e9rience - Visite du Port autonome de Li\u00e8ge - B19","og_description":"On les connaissait curieux, nos membres, on les a vus sportifs et avides de sensations fortes\u00a0! Baskets aux pieds, gillets jaunes sur le dos, ils venaient de Li\u00e8ge, de Bruxelles, d\u2019Anvers, pr\u00eats \u00e0 se lancer \u00e0 l\u2019assaut d\u2019un des plus beaux fleurons li\u00e9geois, le Port Autonome de Li\u00e8ge. Leurs guides\u00a0? Yves Demeffe, Directeur g\u00e9n\u00e9ral, et [&hellip;]","og_url":"https:\/\/b19.be\/nl\/galerie\/b19-experience-visite-du-port-autonome-de-liege\/","og_site_name":"B19","article_publisher":"https:\/\/www.facebook.com\/B19BusinessClub","og_image":[{"width":2000,"height":1331,"url":"https:\/\/b19.be\/wp-content\/uploads\/2023\/09\/b19-national-business-club.jpg","type":"image\/jpeg"}],"twitter_card":"summary_large_image","twitter_misc":{"Geschatte leestijd":"1 minuut"},"schema":{"@context":"https:\/\/schema.org","@graph":[{"@type":"WebPage","@id":"https:\/\/b19.be\/nl\/galerie\/b19-experience-visite-du-port-autonome-de-liege\/","url":"https:\/\/b19.be\/nl\/galerie\/b19-experience-visite-du-port-autonome-de-liege\/","name":"B19 Exp\u00e9rience - Visite du Port autonome de Li\u00e8ge - B19","isPartOf":{"@id":"https:\/\/b19.be\/nl\/#website"},"primaryImageOfPage":{"@id":"https:\/\/b19.be\/nl\/galerie\/b19-experience-visite-du-port-autonome-de-liege\/#primaryimage"},"image":{"@id":"https:\/\/b19.be\/nl\/galerie\/b19-experience-visite-du-port-autonome-de-liege\/#primaryimage"},"thumbnailUrl":"https:\/\/b19.be\/wp-content\/uploads\/2025\/05\/2ae2d446-eac2-4919-ac95-72eebb90370a.jpg","datePublished":"2025-05-09T06:17:24+00:00","breadcrumb":{"@id":"https:\/\/b19.be\/nl\/galerie\/b19-experience-visite-du-port-autonome-de-liege\/#breadcrumb"},"inLanguage":"nl-BE","potentialAction":[{"@type":"ReadAction","target":["https:\/\/b19.be\/nl\/galerie\/b19-experience-visite-du-port-autonome-de-liege\/"]}]},{"@type":"ImageObject","inLanguage":"nl-BE","@id":"https:\/\/b19.be\/nl\/galerie\/b19-experience-visite-du-port-autonome-de-liege\/#primaryimage","url":"https:\/\/b19.be\/wp-content\/uploads\/2025\/05\/2ae2d446-eac2-4919-ac95-72eebb90370a.jpg","contentUrl":"https:\/\/b19.be\/wp-content\/uploads\/2025\/05\/2ae2d446-eac2-4919-ac95-72eebb90370a.jpg","width":2232,"height":1488},{"@type":"BreadcrumbList","@id":"https:\/\/b19.be\/nl\/galerie\/b19-experience-visite-du-port-autonome-de-liege\/#breadcrumb","itemListElement":[{"@type":"ListItem","position":1,"name":"Home","item":"https:\/\/b19.be\/nl\/"},{"@type":"ListItem","position":2,"name":"B19 Exp\u00e9rience \u2013 Visite du Port autonome de Li\u00e8ge"}]},{"@type":"WebSite","@id":"https:\/\/b19.be\/nl\/#website","url":"https:\/\/b19.be\/nl\/","name":"B19","description":"National Business Club &amp; Networking","publisher":{"@id":"https:\/\/b19.be\/nl\/#organization"},"alternateName":"B19 Business Club","potentialAction":[{"@type":"SearchAction","target":{"@type":"EntryPoint","urlTemplate":"https:\/\/b19.be\/nl\/?s={search_term_string}"},"query-input":{"@type":"PropertyValueSpecification","valueRequired":true,"valueName":"search_term_string"}}],"inLanguage":"nl-BE"},{"@type":"Organization","@id":"https:\/\/b19.be\/nl\/#organization","name":"B19","alternateName":"B19 Business Club","url":"https:\/\/b19.be\/nl\/","logo":{"@type":"ImageObject","inLanguage":"nl-BE","@id":"https:\/\/b19.be\/nl\/#\/schema\/logo\/image\/","url":"https:\/\/b19.be\/wp-content\/uploads\/2023\/09\/logob19.svg","contentUrl":"https:\/\/b19.be\/wp-content\/uploads\/2023\/09\/logob19.svg","width":1,"height":1,"caption":"B19"},"image":{"@id":"https:\/\/b19.be\/nl\/#\/schema\/logo\/image\/"},"sameAs":["https:\/\/www.facebook.com\/B19BusinessClub","https:\/\/www.linkedin.com\/company\/b19-country-club\/","https:\/\/www.instagram.com\/b19_business_club\/"]}]}},"_links":{"self":[{"href":"https:\/\/b19.be\/nl\/wp-json\/wp\/v2\/gallery\/5853","targetHints":{"allow":["GET"]}}],"collection":[{"href":"https:\/\/b19.be\/nl\/wp-json\/wp\/v2\/gallery"}],"about":[{"href":"https:\/\/b19.be\/nl\/wp-json\/wp\/v2\/types\/gallery"}],"version-history":[{"count":0,"href":"https:\/\/b19.be\/nl\/wp-json\/wp\/v2\/gallery\/5853\/revisions"}],"wp:featuredmedia":[{"embeddable":true,"href":"https:\/\/b19.be\/nl\/wp-json\/wp\/v2\/media\/5854"}],"wp:attachment":[{"href":"https:\/\/b19.be\/nl\/wp-json\/wp\/v2\/media?parent=5853"}],"curies":[{"name":"wp","href":"https:\/\/api.w.org\/{rel}","templated":true}]}}

B19 Expérience – Visite du Port autonome de Liège

<p><span >On les connaissait curieux, nos membres, on les a vus sportifs et avides de sensations fortes ! Baskets aux pieds, gillets jaunes sur le dos, ils venaient de Liège, de Bruxelles, d’Anvers, prêts à se lancer à l’assaut d’un des plus beaux fleurons liégeois, le Port Autonome de Liège. <br />Leurs guides ? Yves Demeffe, Directeur général, et Hélène Thiébaut, en charge de la communication, mais pas que !</span></p>
<p><span >Si le soleil les a réjouis, de bons croissants leur ont donné force et sourire pour découvrir la globalité du site sur maquette, avant de prendre la direction de la darse couverte du Port de Monsin, avec Noël Fréhis, Managing Director SOMEF, puis de la plate-forme multimodale de Liège Trilogiport, et du terminal à conteneurs DP World Liege Container Terminals, en compagnie de Kevin Vandermeulen, son Terminal Manager, et Hugues Vercruyssen, son Operation Manager.</span></p>
<p><span >L’occasion de comprendre que le PAL est le 1</span><span >er</span><span > port intérieur belge et le 3</span><span >e</span><span > port fluvial européen, assurant le transport de plus de 20 millions de tonnes transportées et la gestion de plus de 30 zones portuaires. Et que le Trilogiport est un village logistique multimodal d’une centaine d’hectares le long du Canal Albert, à 15 heures de navigation d’Anvers et à 24 heures de Rotterdam. Des atouts majeurs à l’heure du redéploiement économique de la région liégeoise dans une Euregio ouverte sur le monde !</span></p>
<p><span >Plus d’informations sur : </span><a href="https://www.portdeliege.be/fr/" target="_self"><span ><ins>https://www.portdeliege.be/fr/</ins></span></a></p>
<p><span >©Bernadette Pâques, CEO CompanyWriters.be</span></p>
<p><span >©TILT Photographie, Michel Houet</span></p>
<p><span >Envie d’autres expériences business avec le B19 Liège-Bocholtz ? <br />RDV sur www.b19.be/agenda</span></p>

<p>On les connaissait curieux, nos membres, on les a vus sportifs et avides de sensations fortes ! Baskets aux pieds, gillets jaunes sur le dos, ils venaient de Liège, de Bruxelles, d’Anvers, prêts à se lancer à l’assaut d’un des plus beaux fleurons liégeois, le Port Autonome de Liège. Leurs guides ? Yves Demeffe, Directeur général, et [&hellip;]</p>

<!-- This site is optimized with the Yoast SEO plugin v27.4 - https://yoast.com/product/yoast-seo-wordpress/ -->
<title>B19 Expérience - Visite du Port autonome de Liège - B19</title>
<meta name="robots" content="index, follow, max-snippet:-1, max-image-preview:large, max-video-preview:-1" />
<link rel="canonical" href="https://b19.be/nl/galerie/b19-experience-visite-du-port-autonome-de-liege/" />
<meta property="og:locale" content="nl_BE" />
<meta property="og:type" content="article" />
<meta property="og:title" content="B19 Expérience - Visite du Port autonome de Liège - B19" />
<meta property="og:description" content="On les connaissait curieux, nos membres, on les a vus sportifs et avides de sensations fortes ! Baskets aux pieds, gillets jaunes sur le dos, ils venaient de Liège, de Bruxelles, d’Anvers, prêts à se lancer à l’assaut d’un des plus beaux fleurons liégeois, le Port Autonome de Liège. Leurs guides ? Yves Demeffe, Directeur général, et [&hellip;]" />
<meta property="og:url" content="https://b19.be/nl/galerie/b19-experience-visite-du-port-autonome-de-liege/" />
<meta property="og:site_name" content="B19" />
<meta property="article:publisher" content="https://www.facebook.com/B19BusinessClub" />
<meta property="og:image" content="https://b19.be/wp-content/uploads/2023/09/b19-national-business-club.jpg" />
	<meta property="og:image:width" content="2000" />
	<meta property="og:image:height" content="1331" />
	<meta property="og:image:type" content="image/jpeg" />
<meta name="twitter:card" content="summary_large_image" />
<meta name="twitter:label1" content="Geschatte leestijd" />
	<meta name="twitter:data1" content="1 minuut" />
<script type="application/ld+json" class="yoast-schema-graph">{"@context":"https:\/\/schema.org","@graph":[{"@type":"WebPage","@id":"https:\/\/b19.be\/nl\/galerie\/b19-experience-visite-du-port-autonome-de-liege\/","url":"https:\/\/b19.be\/nl\/galerie\/b19-experience-visite-du-port-autonome-de-liege\/","name":"B19 Expérience - Visite du Port autonome de Liège - B19","isPartOf":{"@id":"https:\/\/b19.be\/nl\/#website"},"primaryImageOfPage":{"@id":"https:\/\/b19.be\/nl\/galerie\/b19-experience-visite-du-port-autonome-de-liege\/#primaryimage"},"image":{"@id":"https:\/\/b19.be\/nl\/galerie\/b19-experience-visite-du-port-autonome-de-liege\/#primaryimage"},"thumbnailUrl":"https:\/\/b19.be\/wp-content\/uploads\/2025\/05\/2ae2d446-eac2-4919-ac95-72eebb90370a.jpg","datePublished":"2025-05-09T06:17:24+00:00","breadcrumb":{"@id":"https:\/\/b19.be\/nl\/galerie\/b19-experience-visite-du-port-autonome-de-liege\/#breadcrumb"},"inLanguage":"nl-BE","potentialAction":[{"@type":"ReadAction","target":["https:\/\/b19.be\/nl\/galerie\/b19-experience-visite-du-port-autonome-de-liege\/"]}]},{"@type":"ImageObject","inLanguage":"nl-BE","@id":"https:\/\/b19.be\/nl\/galerie\/b19-experience-visite-du-port-autonome-de-liege\/#primaryimage","url":"https:\/\/b19.be\/wp-content\/uploads\/2025\/05\/2ae2d446-eac2-4919-ac95-72eebb90370a.jpg","contentUrl":"https:\/\/b19.be\/wp-content\/uploads\/2025\/05\/2ae2d446-eac2-4919-ac95-72eebb90370a.jpg","width":2232,"height":1488},{"@type":"BreadcrumbList","@id":"https:\/\/b19.be\/nl\/galerie\/b19-experience-visite-du-port-autonome-de-liege\/#breadcrumb","itemListElement":[{"@type":"ListItem","position":1,"name":"Home","item":"https:\/\/b19.be\/nl\/"},{"@type":"ListItem","position":2,"name":"B19 Expérience – Visite du Port autonome de Liège"}]},{"@type":"WebSite","@id":"https:\/\/b19.be\/nl\/#website","url":"https:\/\/b19.be\/nl\/","name":"B19","description":"National Business Club &amp; Networking","publisher":{"@id":"https:\/\/b19.be\/nl\/#organization"},"alternateName":"B19 Business Club","potentialAction":[{"@type":"SearchAction","target":{"@type":"EntryPoint","urlTemplate":"https:\/\/b19.be\/nl\/?s={search_term_string}"},"query-input":{"@type":"PropertyValueSpecification","valueRequired":true,"valueName":"search_term_string"}}],"inLanguage":"nl-BE"},{"@type":"Organization","@id":"https:\/\/b19.be\/nl\/#organization","name":"B19","alternateName":"B19 Business Club","url":"https:\/\/b19.be\/nl\/","logo":{"@type":"ImageObject","inLanguage":"nl-BE","@id":"https:\/\/b19.be\/nl\/#\/schema\/logo\/image\/","url":"https:\/\/b19.be\/wp-content\/uploads\/2023\/09\/logob19.svg","contentUrl":"https:\/\/b19.be\/wp-content\/uploads\/2023\/09\/logob19.svg","width":1,"height":1,"caption":"B19"},"image":{"@id":"https:\/\/b19.be\/nl\/#\/schema\/logo\/image\/"},"sameAs":["https:\/\/www.facebook.com\/B19BusinessClub","https:\/\/www.linkedin.com\/company\/b19-country-club\/","https:\/\/www.instagram.com\/b19_business_club\/"]}]}</script>
<!-- / Yoast SEO plugin. -->

B19 Expérience - Visite du Port autonome de Liège - B19

On les connaissait curieux, nos membres, on les a vus sportifs et avides de sensations fortes ! Baskets aux pieds, gillets jaunes sur le dos, ils venaient de Liège, de Bruxelles, d’Anvers, prêts à se lancer à l’assaut d’un des plus beaux fleurons liégeois, le Port Autonome de Liège. Leurs guides ? Yves Demeffe, Directeur général, et [&hellip;]
