{"id":5808,"date":"2025-05-09T08:15:46","date_gmt":"2025-05-09T06:15:46","guid":{"rendered":"https:\/\/b19.be\/galerie\/b19-liege-garden-party-rentree-du-president\/"},"modified":"2025-05-09T08:15:46","modified_gmt":"2025-05-09T06:15:46","slug":"b19-liege-garden-party-rentree-du-president","status":"publish","type":"gallery","link":"https:\/\/b19.be\/nl\/galerie\/b19-liege-garden-party-rentree-du-president\/","title":{"rendered":"B19 Li\u00e8ge Garden Party \u2013 Rentr\u00e9e du Pr\u00e9sident"},"content":{"rendered":"<p><span ><strong><em><ins>B9 Li\u00e8ge-Bocholtz \u2013 Impressions porteuses\u00a0!<\/ins><\/em><\/strong><\/span><\/p>\n<p><span ><strong><em>Une Garden Party B19 Li\u00e8ge-Bocholtz 2024<\/em><\/strong> exceptionnelle entre membres, dans ce lieu enchanteur qu\u2019est <strong><em>La Maison Alexandre<\/em><\/strong>, o\u00f9 l\u2019art \u00e9veille les sens, tandis que les bulles, ou les rires, am\u00e8nent \u00e0 l\u2019\u00e9change vrai et aux r\u00e9flexions stimulantes. <br \/>Des retrouvailles d\u2019apr\u00e8s-vacances pour une rentr\u00e9e au programme accrocheur.<br \/><strong><em>Fran\u00e7ois Fornieri<\/em><\/strong>, un pr\u00e9sident heureux, invitant \u00e0 d\u00e9velopper ce club d\u2019affaires li\u00e9geois, et national, et international, qui rassemble ceux qui ont envie d\u2019entreprendre, et d\u2019y aller \u00e0 tout va. <\/span><\/p>\n<p><span >Vive l\u2019inspiration, vive la mise en contact, vive l\u2019esprit d\u2019entreprise\u00a0!<\/span><\/p>\n<p><span ><strong>#networking #actvitit\u00e9s #conf\u00e9rences #\u00e9change #inspiration #agenda <\/strong><\/span><\/p>\n<p><span >Pour vous inscrire, c\u2019est ici\u00a0!<\/span><\/p>\n<p><span ><ins>https:\/\/b19.be\/devenir-membre\/<\/ins><\/span><\/p>\n<p><span ><strong>\u00a9Bernadette P\u00e2ques &#8211; CompanyWriters<\/strong><\/span><\/p>\n<p><span ><strong>\u00a9Michel Houet \u2013 TILT Photographie<\/strong><\/span><strong><br \/><\/strong><\/p>\n","protected":false},"excerpt":{"rendered":"<p>B9 Li\u00e8ge-Bocholtz \u2013 Impressions porteuses\u00a0! Une Garden Party B19 Li\u00e8ge-Bocholtz 2024 exceptionnelle entre membres, dans ce lieu enchanteur qu\u2019est La Maison Alexandre, o\u00f9 l\u2019art \u00e9veille les sens, tandis que les bulles, ou les rires, am\u00e8nent \u00e0 l\u2019\u00e9change vrai et aux r\u00e9flexions stimulantes. Des retrouvailles d\u2019apr\u00e8s-vacances pour une rentr\u00e9e au programme accrocheur.Fran\u00e7ois Fornieri, un pr\u00e9sident heureux, [&hellip;]<\/p>\n","protected":false},"featured_media":5809,"template":"","class_list":["post-5808","gallery","type-gallery","status-publish","has-post-thumbnail","hentry"],"acf":[],"yoast_head":"<!-- This site is optimized with the Yoast SEO plugin v27.4 - https:\/\/yoast.com\/product\/yoast-seo-wordpress\/ -->\n<title>B19 Li\u00e8ge Garden Party - Rentr\u00e9e du Pr\u00e9sident - B19<\/title>\n<meta name=\"robots\" content=\"index, follow, max-snippet:-1, max-image-preview:large, max-video-preview:-1\" \/>\n<link rel=\"canonical\" href=\"https:\/\/b19.be\/nl\/galerie\/b19-liege-garden-party-rentree-du-president\/\" \/>\n<meta property=\"og:locale\" content=\"nl_BE\" \/>\n<meta property=\"og:type\" content=\"article\" \/>\n<meta property=\"og:title\" content=\"B19 Li\u00e8ge Garden Party - Rentr\u00e9e du Pr\u00e9sident - B19\" \/>\n<meta property=\"og:description\" content=\"B9 Li\u00e8ge-Bocholtz \u2013 Impressions porteuses\u00a0! Une Garden Party B19 Li\u00e8ge-Bocholtz 2024 exceptionnelle entre membres, dans ce lieu enchanteur qu\u2019est La Maison Alexandre, o\u00f9 l\u2019art \u00e9veille les sens, tandis que les bulles, ou les rires, am\u00e8nent \u00e0 l\u2019\u00e9change vrai et aux r\u00e9flexions stimulantes. Des retrouvailles d\u2019apr\u00e8s-vacances pour une rentr\u00e9e au programme accrocheur.Fran\u00e7ois Fornieri, un pr\u00e9sident heureux, [&hellip;]\" \/>\n<meta property=\"og:url\" content=\"https:\/\/b19.be\/nl\/galerie\/b19-liege-garden-party-rentree-du-president\/\" \/>\n<meta property=\"og:site_name\" content=\"B19\" \/>\n<meta property=\"article:publisher\" content=\"https:\/\/www.facebook.com\/B19BusinessClub\" \/>\n<meta property=\"og:image\" content=\"https:\/\/b19.be\/wp-content\/uploads\/2023\/09\/b19-national-business-club.jpg\" \/>\n\t<meta property=\"og:image:width\" content=\"2000\" \/>\n\t<meta property=\"og:image:height\" content=\"1331\" \/>\n\t<meta property=\"og:image:type\" content=\"image\/jpeg\" \/>\n<meta name=\"twitter:card\" content=\"summary_large_image\" \/>\n<meta name=\"twitter:label1\" content=\"Geschatte leestijd\" \/>\n\t<meta name=\"twitter:data1\" content=\"1 minuut\" \/>\n<script type=\"application\/ld+json\" class=\"yoast-schema-graph\">{\"@context\":\"https:\\\/\\\/schema.org\",\"@graph\":[{\"@type\":\"WebPage\",\"@id\":\"https:\\\/\\\/b19.be\\\/nl\\\/galerie\\\/b19-liege-garden-party-rentree-du-president\\\/\",\"url\":\"https:\\\/\\\/b19.be\\\/nl\\\/galerie\\\/b19-liege-garden-party-rentree-du-president\\\/\",\"name\":\"B19 Li\u00e8ge Garden Party - Rentr\u00e9e du Pr\u00e9sident - B19\",\"isPartOf\":{\"@id\":\"https:\\\/\\\/b19.be\\\/nl\\\/#website\"},\"primaryImageOfPage\":{\"@id\":\"https:\\\/\\\/b19.be\\\/nl\\\/galerie\\\/b19-liege-garden-party-rentree-du-president\\\/#primaryimage\"},\"image\":{\"@id\":\"https:\\\/\\\/b19.be\\\/nl\\\/galerie\\\/b19-liege-garden-party-rentree-du-president\\\/#primaryimage\"},\"thumbnailUrl\":\"https:\\\/\\\/b19.be\\\/wp-content\\\/uploads\\\/2025\\\/05\\\/dfda5094-6ee5-4fcd-8f9e-f058684157b2.jpg\",\"datePublished\":\"2025-05-09T06:15:46+00:00\",\"breadcrumb\":{\"@id\":\"https:\\\/\\\/b19.be\\\/nl\\\/galerie\\\/b19-liege-garden-party-rentree-du-president\\\/#breadcrumb\"},\"inLanguage\":\"nl-BE\",\"potentialAction\":[{\"@type\":\"ReadAction\",\"target\":[\"https:\\\/\\\/b19.be\\\/nl\\\/galerie\\\/b19-liege-garden-party-rentree-du-president\\\/\"]}]},{\"@type\":\"ImageObject\",\"inLanguage\":\"nl-BE\",\"@id\":\"https:\\\/\\\/b19.be\\\/nl\\\/galerie\\\/b19-liege-garden-party-rentree-du-president\\\/#primaryimage\",\"url\":\"https:\\\/\\\/b19.be\\\/wp-content\\\/uploads\\\/2025\\\/05\\\/dfda5094-6ee5-4fcd-8f9e-f058684157b2.jpg\",\"contentUrl\":\"https:\\\/\\\/b19.be\\\/wp-content\\\/uploads\\\/2025\\\/05\\\/dfda5094-6ee5-4fcd-8f9e-f058684157b2.jpg\",\"width\":2232,\"height\":1488},{\"@type\":\"BreadcrumbList\",\"@id\":\"https:\\\/\\\/b19.be\\\/nl\\\/galerie\\\/b19-liege-garden-party-rentree-du-president\\\/#breadcrumb\",\"itemListElement\":[{\"@type\":\"ListItem\",\"position\":1,\"name\":\"Home\",\"item\":\"https:\\\/\\\/b19.be\\\/nl\\\/\"},{\"@type\":\"ListItem\",\"position\":2,\"name\":\"B19 Li\u00e8ge Garden Party \u2013 Rentr\u00e9e du Pr\u00e9sident\"}]},{\"@type\":\"WebSite\",\"@id\":\"https:\\\/\\\/b19.be\\\/nl\\\/#website\",\"url\":\"https:\\\/\\\/b19.be\\\/nl\\\/\",\"name\":\"B19\",\"description\":\"National Business Club &amp; Networking\",\"publisher\":{\"@id\":\"https:\\\/\\\/b19.be\\\/nl\\\/#organization\"},\"alternateName\":\"B19 Business Club\",\"potentialAction\":[{\"@type\":\"SearchAction\",\"target\":{\"@type\":\"EntryPoint\",\"urlTemplate\":\"https:\\\/\\\/b19.be\\\/nl\\\/?s={search_term_string}\"},\"query-input\":{\"@type\":\"PropertyValueSpecification\",\"valueRequired\":true,\"valueName\":\"search_term_string\"}}],\"inLanguage\":\"nl-BE\"},{\"@type\":\"Organization\",\"@id\":\"https:\\\/\\\/b19.be\\\/nl\\\/#organization\",\"name\":\"B19\",\"alternateName\":\"B19 Business Club\",\"url\":\"https:\\\/\\\/b19.be\\\/nl\\\/\",\"logo\":{\"@type\":\"ImageObject\",\"inLanguage\":\"nl-BE\",\"@id\":\"https:\\\/\\\/b19.be\\\/nl\\\/#\\\/schema\\\/logo\\\/image\\\/\",\"url\":\"https:\\\/\\\/b19.be\\\/wp-content\\\/uploads\\\/2023\\\/09\\\/logob19.svg\",\"contentUrl\":\"https:\\\/\\\/b19.be\\\/wp-content\\\/uploads\\\/2023\\\/09\\\/logob19.svg\",\"width\":1,\"height\":1,\"caption\":\"B19\"},\"image\":{\"@id\":\"https:\\\/\\\/b19.be\\\/nl\\\/#\\\/schema\\\/logo\\\/image\\\/\"},\"sameAs\":[\"https:\\\/\\\/www.facebook.com\\\/B19BusinessClub\",\"https:\\\/\\\/www.linkedin.com\\\/company\\\/b19-country-club\\\/\",\"https:\\\/\\\/www.instagram.com\\\/b19_business_club\\\/\"]}]}<\/script>\n<!-- \/ Yoast SEO plugin. -->","yoast_head_json":{"title":"B19 Li\u00e8ge Garden Party - Rentr\u00e9e du Pr\u00e9sident - B19","robots":{"index":"index","follow":"follow","max-snippet":"max-snippet:-1","max-image-preview":"max-image-preview:large","max-video-preview":"max-video-preview:-1"},"canonical":"https:\/\/b19.be\/nl\/galerie\/b19-liege-garden-party-rentree-du-president\/","og_locale":"nl_BE","og_type":"article","og_title":"B19 Li\u00e8ge Garden Party - Rentr\u00e9e du Pr\u00e9sident - B19","og_description":"B9 Li\u00e8ge-Bocholtz \u2013 Impressions porteuses\u00a0! Une Garden Party B19 Li\u00e8ge-Bocholtz 2024 exceptionnelle entre membres, dans ce lieu enchanteur qu\u2019est La Maison Alexandre, o\u00f9 l\u2019art \u00e9veille les sens, tandis que les bulles, ou les rires, am\u00e8nent \u00e0 l\u2019\u00e9change vrai et aux r\u00e9flexions stimulantes. Des retrouvailles d\u2019apr\u00e8s-vacances pour une rentr\u00e9e au programme accrocheur.Fran\u00e7ois Fornieri, un pr\u00e9sident heureux, [&hellip;]","og_url":"https:\/\/b19.be\/nl\/galerie\/b19-liege-garden-party-rentree-du-president\/","og_site_name":"B19","article_publisher":"https:\/\/www.facebook.com\/B19BusinessClub","og_image":[{"width":2000,"height":1331,"url":"https:\/\/b19.be\/wp-content\/uploads\/2023\/09\/b19-national-business-club.jpg","type":"image\/jpeg"}],"twitter_card":"summary_large_image","twitter_misc":{"Geschatte leestijd":"1 minuut"},"schema":{"@context":"https:\/\/schema.org","@graph":[{"@type":"WebPage","@id":"https:\/\/b19.be\/nl\/galerie\/b19-liege-garden-party-rentree-du-president\/","url":"https:\/\/b19.be\/nl\/galerie\/b19-liege-garden-party-rentree-du-president\/","name":"B19 Li\u00e8ge Garden Party - Rentr\u00e9e du Pr\u00e9sident - B19","isPartOf":{"@id":"https:\/\/b19.be\/nl\/#website"},"primaryImageOfPage":{"@id":"https:\/\/b19.be\/nl\/galerie\/b19-liege-garden-party-rentree-du-president\/#primaryimage"},"image":{"@id":"https:\/\/b19.be\/nl\/galerie\/b19-liege-garden-party-rentree-du-president\/#primaryimage"},"thumbnailUrl":"https:\/\/b19.be\/wp-content\/uploads\/2025\/05\/dfda5094-6ee5-4fcd-8f9e-f058684157b2.jpg","datePublished":"2025-05-09T06:15:46+00:00","breadcrumb":{"@id":"https:\/\/b19.be\/nl\/galerie\/b19-liege-garden-party-rentree-du-president\/#breadcrumb"},"inLanguage":"nl-BE","potentialAction":[{"@type":"ReadAction","target":["https:\/\/b19.be\/nl\/galerie\/b19-liege-garden-party-rentree-du-president\/"]}]},{"@type":"ImageObject","inLanguage":"nl-BE","@id":"https:\/\/b19.be\/nl\/galerie\/b19-liege-garden-party-rentree-du-president\/#primaryimage","url":"https:\/\/b19.be\/wp-content\/uploads\/2025\/05\/dfda5094-6ee5-4fcd-8f9e-f058684157b2.jpg","contentUrl":"https:\/\/b19.be\/wp-content\/uploads\/2025\/05\/dfda5094-6ee5-4fcd-8f9e-f058684157b2.jpg","width":2232,"height":1488},{"@type":"BreadcrumbList","@id":"https:\/\/b19.be\/nl\/galerie\/b19-liege-garden-party-rentree-du-president\/#breadcrumb","itemListElement":[{"@type":"ListItem","position":1,"name":"Home","item":"https:\/\/b19.be\/nl\/"},{"@type":"ListItem","position":2,"name":"B19 Li\u00e8ge Garden Party \u2013 Rentr\u00e9e du Pr\u00e9sident"}]},{"@type":"WebSite","@id":"https:\/\/b19.be\/nl\/#website","url":"https:\/\/b19.be\/nl\/","name":"B19","description":"National Business Club &amp; Networking","publisher":{"@id":"https:\/\/b19.be\/nl\/#organization"},"alternateName":"B19 Business Club","potentialAction":[{"@type":"SearchAction","target":{"@type":"EntryPoint","urlTemplate":"https:\/\/b19.be\/nl\/?s={search_term_string}"},"query-input":{"@type":"PropertyValueSpecification","valueRequired":true,"valueName":"search_term_string"}}],"inLanguage":"nl-BE"},{"@type":"Organization","@id":"https:\/\/b19.be\/nl\/#organization","name":"B19","alternateName":"B19 Business Club","url":"https:\/\/b19.be\/nl\/","logo":{"@type":"ImageObject","inLanguage":"nl-BE","@id":"https:\/\/b19.be\/nl\/#\/schema\/logo\/image\/","url":"https:\/\/b19.be\/wp-content\/uploads\/2023\/09\/logob19.svg","contentUrl":"https:\/\/b19.be\/wp-content\/uploads\/2023\/09\/logob19.svg","width":1,"height":1,"caption":"B19"},"image":{"@id":"https:\/\/b19.be\/nl\/#\/schema\/logo\/image\/"},"sameAs":["https:\/\/www.facebook.com\/B19BusinessClub","https:\/\/www.linkedin.com\/company\/b19-country-club\/","https:\/\/www.instagram.com\/b19_business_club\/"]}]}},"_links":{"self":[{"href":"https:\/\/b19.be\/nl\/wp-json\/wp\/v2\/gallery\/5808","targetHints":{"allow":["GET"]}}],"collection":[{"href":"https:\/\/b19.be\/nl\/wp-json\/wp\/v2\/gallery"}],"about":[{"href":"https:\/\/b19.be\/nl\/wp-json\/wp\/v2\/types\/gallery"}],"version-history":[{"count":0,"href":"https:\/\/b19.be\/nl\/wp-json\/wp\/v2\/gallery\/5808\/revisions"}],"wp:featuredmedia":[{"embeddable":true,"href":"https:\/\/b19.be\/nl\/wp-json\/wp\/v2\/media\/5809"}],"wp:attachment":[{"href":"https:\/\/b19.be\/nl\/wp-json\/wp\/v2\/media?parent=5808"}],"curies":[{"name":"wp","href":"https:\/\/api.w.org\/{rel}","templated":true}]}}

B19 Liège Garden Party – Rentrée du Président

<p><span ><strong><em><ins>B9 Liège-Bocholtz – Impressions porteuses !</ins></em></strong></span></p>
<p><span ><strong><em>Une Garden Party B19 Liège-Bocholtz 2024</em></strong> exceptionnelle entre membres, dans ce lieu enchanteur qu’est <strong><em>La Maison Alexandre</em></strong>, où l’art éveille les sens, tandis que les bulles, ou les rires, amènent à l’échange vrai et aux réflexions stimulantes. <br />Des retrouvailles d’après-vacances pour une rentrée au programme accrocheur.<br /><strong><em>François Fornieri</em></strong>, un président heureux, invitant à développer ce club d’affaires liégeois, et national, et international, qui rassemble ceux qui ont envie d’entreprendre, et d’y aller à tout va. </span></p>
<p><span >Vive l’inspiration, vive la mise en contact, vive l’esprit d’entreprise !</span></p>
<p><span ><strong>#networking #actvitités #conférences #échange #inspiration #agenda </strong></span></p>
<p><span >Pour vous inscrire, c’est ici !</span></p>
<p><span ><ins>https://b19.be/devenir-membre/</ins></span></p>
<p><span ><strong>©Bernadette Pâques &#8211; CompanyWriters</strong></span></p>
<p><span ><strong>©Michel Houet – TILT Photographie</strong></span><strong><br /></strong></p>

<p>B9 Liège-Bocholtz – Impressions porteuses ! Une Garden Party B19 Liège-Bocholtz 2024 exceptionnelle entre membres, dans ce lieu enchanteur qu’est La Maison Alexandre, où l’art éveille les sens, tandis que les bulles, ou les rires, amènent à l’échange vrai et aux réflexions stimulantes. Des retrouvailles d’après-vacances pour une rentrée au programme accrocheur.François Fornieri, un président heureux, [&hellip;]</p>

<!-- This site is optimized with the Yoast SEO plugin v27.4 - https://yoast.com/product/yoast-seo-wordpress/ -->
<title>B19 Liège Garden Party - Rentrée du Président - B19</title>
<meta name="robots" content="index, follow, max-snippet:-1, max-image-preview:large, max-video-preview:-1" />
<link rel="canonical" href="https://b19.be/nl/galerie/b19-liege-garden-party-rentree-du-president/" />
<meta property="og:locale" content="nl_BE" />
<meta property="og:type" content="article" />
<meta property="og:title" content="B19 Liège Garden Party - Rentrée du Président - B19" />
<meta property="og:description" content="B9 Liège-Bocholtz – Impressions porteuses ! Une Garden Party B19 Liège-Bocholtz 2024 exceptionnelle entre membres, dans ce lieu enchanteur qu’est La Maison Alexandre, où l’art éveille les sens, tandis que les bulles, ou les rires, amènent à l’échange vrai et aux réflexions stimulantes. Des retrouvailles d’après-vacances pour une rentrée au programme accrocheur.François Fornieri, un président heureux, [&hellip;]" />
<meta property="og:url" content="https://b19.be/nl/galerie/b19-liege-garden-party-rentree-du-president/" />
<meta property="og:site_name" content="B19" />
<meta property="article:publisher" content="https://www.facebook.com/B19BusinessClub" />
<meta property="og:image" content="https://b19.be/wp-content/uploads/2023/09/b19-national-business-club.jpg" />
	<meta property="og:image:width" content="2000" />
	<meta property="og:image:height" content="1331" />
	<meta property="og:image:type" content="image/jpeg" />
<meta name="twitter:card" content="summary_large_image" />
<meta name="twitter:label1" content="Geschatte leestijd" />
	<meta name="twitter:data1" content="1 minuut" />
<script type="application/ld+json" class="yoast-schema-graph">{"@context":"https:\/\/schema.org","@graph":[{"@type":"WebPage","@id":"https:\/\/b19.be\/nl\/galerie\/b19-liege-garden-party-rentree-du-president\/","url":"https:\/\/b19.be\/nl\/galerie\/b19-liege-garden-party-rentree-du-president\/","name":"B19 Liège Garden Party - Rentrée du Président - B19","isPartOf":{"@id":"https:\/\/b19.be\/nl\/#website"},"primaryImageOfPage":{"@id":"https:\/\/b19.be\/nl\/galerie\/b19-liege-garden-party-rentree-du-president\/#primaryimage"},"image":{"@id":"https:\/\/b19.be\/nl\/galerie\/b19-liege-garden-party-rentree-du-president\/#primaryimage"},"thumbnailUrl":"https:\/\/b19.be\/wp-content\/uploads\/2025\/05\/dfda5094-6ee5-4fcd-8f9e-f058684157b2.jpg","datePublished":"2025-05-09T06:15:46+00:00","breadcrumb":{"@id":"https:\/\/b19.be\/nl\/galerie\/b19-liege-garden-party-rentree-du-president\/#breadcrumb"},"inLanguage":"nl-BE","potentialAction":[{"@type":"ReadAction","target":["https:\/\/b19.be\/nl\/galerie\/b19-liege-garden-party-rentree-du-president\/"]}]},{"@type":"ImageObject","inLanguage":"nl-BE","@id":"https:\/\/b19.be\/nl\/galerie\/b19-liege-garden-party-rentree-du-president\/#primaryimage","url":"https:\/\/b19.be\/wp-content\/uploads\/2025\/05\/dfda5094-6ee5-4fcd-8f9e-f058684157b2.jpg","contentUrl":"https:\/\/b19.be\/wp-content\/uploads\/2025\/05\/dfda5094-6ee5-4fcd-8f9e-f058684157b2.jpg","width":2232,"height":1488},{"@type":"BreadcrumbList","@id":"https:\/\/b19.be\/nl\/galerie\/b19-liege-garden-party-rentree-du-president\/#breadcrumb","itemListElement":[{"@type":"ListItem","position":1,"name":"Home","item":"https:\/\/b19.be\/nl\/"},{"@type":"ListItem","position":2,"name":"B19 Liège Garden Party – Rentrée du Président"}]},{"@type":"WebSite","@id":"https:\/\/b19.be\/nl\/#website","url":"https:\/\/b19.be\/nl\/","name":"B19","description":"National Business Club &amp; Networking","publisher":{"@id":"https:\/\/b19.be\/nl\/#organization"},"alternateName":"B19 Business Club","potentialAction":[{"@type":"SearchAction","target":{"@type":"EntryPoint","urlTemplate":"https:\/\/b19.be\/nl\/?s={search_term_string}"},"query-input":{"@type":"PropertyValueSpecification","valueRequired":true,"valueName":"search_term_string"}}],"inLanguage":"nl-BE"},{"@type":"Organization","@id":"https:\/\/b19.be\/nl\/#organization","name":"B19","alternateName":"B19 Business Club","url":"https:\/\/b19.be\/nl\/","logo":{"@type":"ImageObject","inLanguage":"nl-BE","@id":"https:\/\/b19.be\/nl\/#\/schema\/logo\/image\/","url":"https:\/\/b19.be\/wp-content\/uploads\/2023\/09\/logob19.svg","contentUrl":"https:\/\/b19.be\/wp-content\/uploads\/2023\/09\/logob19.svg","width":1,"height":1,"caption":"B19"},"image":{"@id":"https:\/\/b19.be\/nl\/#\/schema\/logo\/image\/"},"sameAs":["https:\/\/www.facebook.com\/B19BusinessClub","https:\/\/www.linkedin.com\/company\/b19-country-club\/","https:\/\/www.instagram.com\/b19_business_club\/"]}]}</script>
<!-- / Yoast SEO plugin. -->

B19 Liège Garden Party - Rentrée du Président - B19

B9 Liège-Bocholtz – Impressions porteuses ! Une Garden Party B19 Liège-Bocholtz 2024 exceptionnelle entre membres, dans ce lieu enchanteur qu’est La Maison Alexandre, où l’art éveille les sens, tandis que les bulles, ou les rires, amènent à l’échange vrai et aux réflexions stimulantes. Des retrouvailles d’après-vacances pour une rentrée au programme accrocheur.François Fornieri, un président heureux, [&hellip;]
