{"id":5614,"date":"2025-05-08T16:36:19","date_gmt":"2025-05-08T14:36:19","guid":{"rendered":"https:\/\/b19.be\/galerie\/le-groupe-van-der-valk\/"},"modified":"2025-05-08T16:36:19","modified_gmt":"2025-05-08T14:36:19","slug":"le-groupe-van-der-valk","status":"publish","type":"gallery","link":"https:\/\/b19.be\/nl\/galerie\/le-groupe-van-der-valk\/","title":{"rendered":"Le groupe Van der Valk"},"content":{"rendered":"<p>Les h\u00f4tels VANDERVALK r\u00e9unissant les 4 g\u00e9n\u00e9rations de cette famille incroyable ont marqu\u00e9 les esprits au B19&nbsp;<\/p>\n<p>Nous avons v\u00e9cu une soir\u00e9e d&#8217;exception.<\/p>\n<p>Un moment historique anim\u00e9 \u00e0 la perfection par Luc MATON, car c&#8217;est la premi\u00e8re fois que les quatre g\u00e9n\u00e9rations de la famille Vandervalk se retrouvaient unies pour c\u00e9l\u00e9brer leur parcours commun.<\/p>\n<p>Au-del\u00e0 des succ\u00e8s concrets b\u00e2tis au fil des ann\u00e9es, ce rassemblement a surtout \u00e9t\u00e9 un t\u00e9moignage du pouvoir des liens familiaux et de l\u2019importance de l\u2019unit\u00e9 pour construire l\u2019avenir.&nbsp;<\/p>\n<p>Chacune des g\u00e9n\u00e9rations pr\u00e9sentes a apport\u00e9 sa propre richesse, sa vision et son \u00e9nergie, cr\u00e9ant une alchimie rare et pr\u00e9cieuse.&nbsp;<\/p>\n<p>C\u2019est dans ce cadre unique, aux c\u00f4t\u00e9s du B19 que Ben Wohrmann , Bob Wohrmann, Marco Wohrmann et Mathieu Wohrmann ont pu partager leur histoire, soulignant \u00e0 quel point l\u2019entrepreneuriat, les valeurs de solidarit\u00e9 et de pers\u00e9v\u00e9rance sont essentielles pour relever les d\u00e9fis de demain.&nbsp;<\/p>\n<p>Un moment tout simplement inoubliable, qui restera grav\u00e9 dans les m\u00e9moires de tous ceux qui y ont pris part.<\/p>\n","protected":false},"excerpt":{"rendered":"<p>Les h\u00f4tels VANDERVALK r\u00e9unissant les 4 g\u00e9n\u00e9rations de cette famille incroyable ont marqu\u00e9 les esprits au B19&nbsp; Nous avons v\u00e9cu une soir\u00e9e d&#8217;exception. Un moment historique anim\u00e9 \u00e0 la perfection par Luc MATON, car c&#8217;est la premi\u00e8re fois que les quatre g\u00e9n\u00e9rations de la famille Vandervalk se retrouvaient unies pour c\u00e9l\u00e9brer leur parcours commun. Au-del\u00e0 [&hellip;]<\/p>\n","protected":false},"featured_media":5615,"template":"","class_list":["post-5614","gallery","type-gallery","status-publish","has-post-thumbnail","hentry"],"acf":[],"yoast_head":"<!-- This site is optimized with the Yoast SEO plugin v27.4 - https:\/\/yoast.com\/product\/yoast-seo-wordpress\/ -->\n<title>Le groupe Van der Valk - B19<\/title>\n<meta name=\"robots\" content=\"index, follow, max-snippet:-1, max-image-preview:large, max-video-preview:-1\" \/>\n<link rel=\"canonical\" href=\"https:\/\/b19.be\/nl\/galerie\/le-groupe-van-der-valk\/\" \/>\n<meta property=\"og:locale\" content=\"nl_BE\" \/>\n<meta property=\"og:type\" content=\"article\" \/>\n<meta property=\"og:title\" content=\"Le groupe Van der Valk - B19\" \/>\n<meta property=\"og:description\" content=\"Les h\u00f4tels VANDERVALK r\u00e9unissant les 4 g\u00e9n\u00e9rations de cette famille incroyable ont marqu\u00e9 les esprits au B19&nbsp; Nous avons v\u00e9cu une soir\u00e9e d&#8217;exception. Un moment historique anim\u00e9 \u00e0 la perfection par Luc MATON, car c&#8217;est la premi\u00e8re fois que les quatre g\u00e9n\u00e9rations de la famille Vandervalk se retrouvaient unies pour c\u00e9l\u00e9brer leur parcours commun. Au-del\u00e0 [&hellip;]\" \/>\n<meta property=\"og:url\" content=\"https:\/\/b19.be\/nl\/galerie\/le-groupe-van-der-valk\/\" \/>\n<meta property=\"og:site_name\" content=\"B19\" \/>\n<meta property=\"article:publisher\" content=\"https:\/\/www.facebook.com\/B19BusinessClub\" \/>\n<meta property=\"og:image\" content=\"https:\/\/b19.be\/wp-content\/uploads\/2023\/09\/b19-national-business-club.jpg\" \/>\n\t<meta property=\"og:image:width\" content=\"2000\" \/>\n\t<meta property=\"og:image:height\" content=\"1331\" \/>\n\t<meta property=\"og:image:type\" content=\"image\/jpeg\" \/>\n<meta name=\"twitter:card\" content=\"summary_large_image\" \/>\n<meta name=\"twitter:label1\" content=\"Geschatte leestijd\" \/>\n\t<meta name=\"twitter:data1\" content=\"1 minuut\" \/>\n<script type=\"application\/ld+json\" class=\"yoast-schema-graph\">{\"@context\":\"https:\\\/\\\/schema.org\",\"@graph\":[{\"@type\":\"WebPage\",\"@id\":\"https:\\\/\\\/b19.be\\\/nl\\\/galerie\\\/le-groupe-van-der-valk\\\/\",\"url\":\"https:\\\/\\\/b19.be\\\/nl\\\/galerie\\\/le-groupe-van-der-valk\\\/\",\"name\":\"Le groupe Van der Valk - B19\",\"isPartOf\":{\"@id\":\"https:\\\/\\\/b19.be\\\/nl\\\/#website\"},\"primaryImageOfPage\":{\"@id\":\"https:\\\/\\\/b19.be\\\/nl\\\/galerie\\\/le-groupe-van-der-valk\\\/#primaryimage\"},\"image\":{\"@id\":\"https:\\\/\\\/b19.be\\\/nl\\\/galerie\\\/le-groupe-van-der-valk\\\/#primaryimage\"},\"thumbnailUrl\":\"https:\\\/\\\/b19.be\\\/wp-content\\\/uploads\\\/2025\\\/05\\\/c6bffad7-184e-430d-8c16-41d6b74a0f3c.jpg\",\"datePublished\":\"2025-05-08T14:36:19+00:00\",\"breadcrumb\":{\"@id\":\"https:\\\/\\\/b19.be\\\/nl\\\/galerie\\\/le-groupe-van-der-valk\\\/#breadcrumb\"},\"inLanguage\":\"nl-BE\",\"potentialAction\":[{\"@type\":\"ReadAction\",\"target\":[\"https:\\\/\\\/b19.be\\\/nl\\\/galerie\\\/le-groupe-van-der-valk\\\/\"]}]},{\"@type\":\"ImageObject\",\"inLanguage\":\"nl-BE\",\"@id\":\"https:\\\/\\\/b19.be\\\/nl\\\/galerie\\\/le-groupe-van-der-valk\\\/#primaryimage\",\"url\":\"https:\\\/\\\/b19.be\\\/wp-content\\\/uploads\\\/2025\\\/05\\\/c6bffad7-184e-430d-8c16-41d6b74a0f3c.jpg\",\"contentUrl\":\"https:\\\/\\\/b19.be\\\/wp-content\\\/uploads\\\/2025\\\/05\\\/c6bffad7-184e-430d-8c16-41d6b74a0f3c.jpg\",\"width\":2048,\"height\":1366},{\"@type\":\"BreadcrumbList\",\"@id\":\"https:\\\/\\\/b19.be\\\/nl\\\/galerie\\\/le-groupe-van-der-valk\\\/#breadcrumb\",\"itemListElement\":[{\"@type\":\"ListItem\",\"position\":1,\"name\":\"Home\",\"item\":\"https:\\\/\\\/b19.be\\\/nl\\\/\"},{\"@type\":\"ListItem\",\"position\":2,\"name\":\"Le groupe Van der Valk\"}]},{\"@type\":\"WebSite\",\"@id\":\"https:\\\/\\\/b19.be\\\/nl\\\/#website\",\"url\":\"https:\\\/\\\/b19.be\\\/nl\\\/\",\"name\":\"B19\",\"description\":\"National Business Club &amp; Networking\",\"publisher\":{\"@id\":\"https:\\\/\\\/b19.be\\\/nl\\\/#organization\"},\"alternateName\":\"B19 Business Club\",\"potentialAction\":[{\"@type\":\"SearchAction\",\"target\":{\"@type\":\"EntryPoint\",\"urlTemplate\":\"https:\\\/\\\/b19.be\\\/nl\\\/?s={search_term_string}\"},\"query-input\":{\"@type\":\"PropertyValueSpecification\",\"valueRequired\":true,\"valueName\":\"search_term_string\"}}],\"inLanguage\":\"nl-BE\"},{\"@type\":\"Organization\",\"@id\":\"https:\\\/\\\/b19.be\\\/nl\\\/#organization\",\"name\":\"B19\",\"alternateName\":\"B19 Business Club\",\"url\":\"https:\\\/\\\/b19.be\\\/nl\\\/\",\"logo\":{\"@type\":\"ImageObject\",\"inLanguage\":\"nl-BE\",\"@id\":\"https:\\\/\\\/b19.be\\\/nl\\\/#\\\/schema\\\/logo\\\/image\\\/\",\"url\":\"https:\\\/\\\/b19.be\\\/wp-content\\\/uploads\\\/2023\\\/09\\\/logob19.svg\",\"contentUrl\":\"https:\\\/\\\/b19.be\\\/wp-content\\\/uploads\\\/2023\\\/09\\\/logob19.svg\",\"width\":1,\"height\":1,\"caption\":\"B19\"},\"image\":{\"@id\":\"https:\\\/\\\/b19.be\\\/nl\\\/#\\\/schema\\\/logo\\\/image\\\/\"},\"sameAs\":[\"https:\\\/\\\/www.facebook.com\\\/B19BusinessClub\",\"https:\\\/\\\/www.linkedin.com\\\/company\\\/b19-country-club\\\/\",\"https:\\\/\\\/www.instagram.com\\\/b19_business_club\\\/\"]}]}<\/script>\n<!-- \/ Yoast SEO plugin. -->","yoast_head_json":{"title":"Le groupe Van der Valk - B19","robots":{"index":"index","follow":"follow","max-snippet":"max-snippet:-1","max-image-preview":"max-image-preview:large","max-video-preview":"max-video-preview:-1"},"canonical":"https:\/\/b19.be\/nl\/galerie\/le-groupe-van-der-valk\/","og_locale":"nl_BE","og_type":"article","og_title":"Le groupe Van der Valk - B19","og_description":"Les h\u00f4tels VANDERVALK r\u00e9unissant les 4 g\u00e9n\u00e9rations de cette famille incroyable ont marqu\u00e9 les esprits au B19&nbsp; Nous avons v\u00e9cu une soir\u00e9e d&#8217;exception. Un moment historique anim\u00e9 \u00e0 la perfection par Luc MATON, car c&#8217;est la premi\u00e8re fois que les quatre g\u00e9n\u00e9rations de la famille Vandervalk se retrouvaient unies pour c\u00e9l\u00e9brer leur parcours commun. Au-del\u00e0 [&hellip;]","og_url":"https:\/\/b19.be\/nl\/galerie\/le-groupe-van-der-valk\/","og_site_name":"B19","article_publisher":"https:\/\/www.facebook.com\/B19BusinessClub","og_image":[{"width":2000,"height":1331,"url":"https:\/\/b19.be\/wp-content\/uploads\/2023\/09\/b19-national-business-club.jpg","type":"image\/jpeg"}],"twitter_card":"summary_large_image","twitter_misc":{"Geschatte leestijd":"1 minuut"},"schema":{"@context":"https:\/\/schema.org","@graph":[{"@type":"WebPage","@id":"https:\/\/b19.be\/nl\/galerie\/le-groupe-van-der-valk\/","url":"https:\/\/b19.be\/nl\/galerie\/le-groupe-van-der-valk\/","name":"Le groupe Van der Valk - B19","isPartOf":{"@id":"https:\/\/b19.be\/nl\/#website"},"primaryImageOfPage":{"@id":"https:\/\/b19.be\/nl\/galerie\/le-groupe-van-der-valk\/#primaryimage"},"image":{"@id":"https:\/\/b19.be\/nl\/galerie\/le-groupe-van-der-valk\/#primaryimage"},"thumbnailUrl":"https:\/\/b19.be\/wp-content\/uploads\/2025\/05\/c6bffad7-184e-430d-8c16-41d6b74a0f3c.jpg","datePublished":"2025-05-08T14:36:19+00:00","breadcrumb":{"@id":"https:\/\/b19.be\/nl\/galerie\/le-groupe-van-der-valk\/#breadcrumb"},"inLanguage":"nl-BE","potentialAction":[{"@type":"ReadAction","target":["https:\/\/b19.be\/nl\/galerie\/le-groupe-van-der-valk\/"]}]},{"@type":"ImageObject","inLanguage":"nl-BE","@id":"https:\/\/b19.be\/nl\/galerie\/le-groupe-van-der-valk\/#primaryimage","url":"https:\/\/b19.be\/wp-content\/uploads\/2025\/05\/c6bffad7-184e-430d-8c16-41d6b74a0f3c.jpg","contentUrl":"https:\/\/b19.be\/wp-content\/uploads\/2025\/05\/c6bffad7-184e-430d-8c16-41d6b74a0f3c.jpg","width":2048,"height":1366},{"@type":"BreadcrumbList","@id":"https:\/\/b19.be\/nl\/galerie\/le-groupe-van-der-valk\/#breadcrumb","itemListElement":[{"@type":"ListItem","position":1,"name":"Home","item":"https:\/\/b19.be\/nl\/"},{"@type":"ListItem","position":2,"name":"Le groupe Van der Valk"}]},{"@type":"WebSite","@id":"https:\/\/b19.be\/nl\/#website","url":"https:\/\/b19.be\/nl\/","name":"B19","description":"National Business Club &amp; Networking","publisher":{"@id":"https:\/\/b19.be\/nl\/#organization"},"alternateName":"B19 Business Club","potentialAction":[{"@type":"SearchAction","target":{"@type":"EntryPoint","urlTemplate":"https:\/\/b19.be\/nl\/?s={search_term_string}"},"query-input":{"@type":"PropertyValueSpecification","valueRequired":true,"valueName":"search_term_string"}}],"inLanguage":"nl-BE"},{"@type":"Organization","@id":"https:\/\/b19.be\/nl\/#organization","name":"B19","alternateName":"B19 Business Club","url":"https:\/\/b19.be\/nl\/","logo":{"@type":"ImageObject","inLanguage":"nl-BE","@id":"https:\/\/b19.be\/nl\/#\/schema\/logo\/image\/","url":"https:\/\/b19.be\/wp-content\/uploads\/2023\/09\/logob19.svg","contentUrl":"https:\/\/b19.be\/wp-content\/uploads\/2023\/09\/logob19.svg","width":1,"height":1,"caption":"B19"},"image":{"@id":"https:\/\/b19.be\/nl\/#\/schema\/logo\/image\/"},"sameAs":["https:\/\/www.facebook.com\/B19BusinessClub","https:\/\/www.linkedin.com\/company\/b19-country-club\/","https:\/\/www.instagram.com\/b19_business_club\/"]}]}},"_links":{"self":[{"href":"https:\/\/b19.be\/nl\/wp-json\/wp\/v2\/gallery\/5614","targetHints":{"allow":["GET"]}}],"collection":[{"href":"https:\/\/b19.be\/nl\/wp-json\/wp\/v2\/gallery"}],"about":[{"href":"https:\/\/b19.be\/nl\/wp-json\/wp\/v2\/types\/gallery"}],"version-history":[{"count":0,"href":"https:\/\/b19.be\/nl\/wp-json\/wp\/v2\/gallery\/5614\/revisions"}],"wp:featuredmedia":[{"embeddable":true,"href":"https:\/\/b19.be\/nl\/wp-json\/wp\/v2\/media\/5615"}],"wp:attachment":[{"href":"https:\/\/b19.be\/nl\/wp-json\/wp\/v2\/media?parent=5614"}],"curies":[{"name":"wp","href":"https:\/\/api.w.org\/{rel}","templated":true}]}}

<p>Les hôtels VANDERVALK réunissant les 4 générations de cette famille incroyable ont marqué les esprits au B19&nbsp;</p>
<p>Nous avons vécu une soirée d&#8217;exception.</p>
<p>Un moment historique animé à la perfection par Luc MATON, car c&#8217;est la première fois que les quatre générations de la famille Vandervalk se retrouvaient unies pour célébrer leur parcours commun.</p>
<p>Au-delà des succès concrets bâtis au fil des années, ce rassemblement a surtout été un témoignage du pouvoir des liens familiaux et de l’importance de l’unité pour construire l’avenir.&nbsp;</p>
<p>Chacune des générations présentes a apporté sa propre richesse, sa vision et son énergie, créant une alchimie rare et précieuse.&nbsp;</p>
<p>C’est dans ce cadre unique, aux côtés du B19 que Ben Wohrmann , Bob Wohrmann, Marco Wohrmann et Mathieu Wohrmann ont pu partager leur histoire, soulignant à quel point l’entrepreneuriat, les valeurs de solidarité et de persévérance sont essentielles pour relever les défis de demain.&nbsp;</p>
<p>Un moment tout simplement inoubliable, qui restera gravé dans les mémoires de tous ceux qui y ont pris part.</p>

<p>Les hôtels VANDERVALK réunissant les 4 générations de cette famille incroyable ont marqué les esprits au B19&nbsp; Nous avons vécu une soirée d&#8217;exception. Un moment historique animé à la perfection par Luc MATON, car c&#8217;est la première fois que les quatre générations de la famille Vandervalk se retrouvaient unies pour célébrer leur parcours commun. Au-delà [&hellip;]</p>

<!-- This site is optimized with the Yoast SEO plugin v27.4 - https://yoast.com/product/yoast-seo-wordpress/ -->
<title>Le groupe Van der Valk - B19</title>
<meta name="robots" content="index, follow, max-snippet:-1, max-image-preview:large, max-video-preview:-1" />
<link rel="canonical" href="https://b19.be/nl/galerie/le-groupe-van-der-valk/" />
<meta property="og:locale" content="nl_BE" />
<meta property="og:type" content="article" />
<meta property="og:title" content="Le groupe Van der Valk - B19" />
<meta property="og:description" content="Les hôtels VANDERVALK réunissant les 4 générations de cette famille incroyable ont marqué les esprits au B19&nbsp; Nous avons vécu une soirée d&#8217;exception. Un moment historique animé à la perfection par Luc MATON, car c&#8217;est la première fois que les quatre générations de la famille Vandervalk se retrouvaient unies pour célébrer leur parcours commun. Au-delà [&hellip;]" />
<meta property="og:url" content="https://b19.be/nl/galerie/le-groupe-van-der-valk/" />
<meta property="og:site_name" content="B19" />
<meta property="article:publisher" content="https://www.facebook.com/B19BusinessClub" />
<meta property="og:image" content="https://b19.be/wp-content/uploads/2023/09/b19-national-business-club.jpg" />
	<meta property="og:image:width" content="2000" />
	<meta property="og:image:height" content="1331" />
	<meta property="og:image:type" content="image/jpeg" />
<meta name="twitter:card" content="summary_large_image" />
<meta name="twitter:label1" content="Geschatte leestijd" />
	<meta name="twitter:data1" content="1 minuut" />
<script type="application/ld+json" class="yoast-schema-graph">{"@context":"https:\/\/schema.org","@graph":[{"@type":"WebPage","@id":"https:\/\/b19.be\/nl\/galerie\/le-groupe-van-der-valk\/","url":"https:\/\/b19.be\/nl\/galerie\/le-groupe-van-der-valk\/","name":"Le groupe Van der Valk - B19","isPartOf":{"@id":"https:\/\/b19.be\/nl\/#website"},"primaryImageOfPage":{"@id":"https:\/\/b19.be\/nl\/galerie\/le-groupe-van-der-valk\/#primaryimage"},"image":{"@id":"https:\/\/b19.be\/nl\/galerie\/le-groupe-van-der-valk\/#primaryimage"},"thumbnailUrl":"https:\/\/b19.be\/wp-content\/uploads\/2025\/05\/c6bffad7-184e-430d-8c16-41d6b74a0f3c.jpg","datePublished":"2025-05-08T14:36:19+00:00","breadcrumb":{"@id":"https:\/\/b19.be\/nl\/galerie\/le-groupe-van-der-valk\/#breadcrumb"},"inLanguage":"nl-BE","potentialAction":[{"@type":"ReadAction","target":["https:\/\/b19.be\/nl\/galerie\/le-groupe-van-der-valk\/"]}]},{"@type":"ImageObject","inLanguage":"nl-BE","@id":"https:\/\/b19.be\/nl\/galerie\/le-groupe-van-der-valk\/#primaryimage","url":"https:\/\/b19.be\/wp-content\/uploads\/2025\/05\/c6bffad7-184e-430d-8c16-41d6b74a0f3c.jpg","contentUrl":"https:\/\/b19.be\/wp-content\/uploads\/2025\/05\/c6bffad7-184e-430d-8c16-41d6b74a0f3c.jpg","width":2048,"height":1366},{"@type":"BreadcrumbList","@id":"https:\/\/b19.be\/nl\/galerie\/le-groupe-van-der-valk\/#breadcrumb","itemListElement":[{"@type":"ListItem","position":1,"name":"Home","item":"https:\/\/b19.be\/nl\/"},{"@type":"ListItem","position":2,"name":"Le groupe Van der Valk"}]},{"@type":"WebSite","@id":"https:\/\/b19.be\/nl\/#website","url":"https:\/\/b19.be\/nl\/","name":"B19","description":"National Business Club &amp; Networking","publisher":{"@id":"https:\/\/b19.be\/nl\/#organization"},"alternateName":"B19 Business Club","potentialAction":[{"@type":"SearchAction","target":{"@type":"EntryPoint","urlTemplate":"https:\/\/b19.be\/nl\/?s={search_term_string}"},"query-input":{"@type":"PropertyValueSpecification","valueRequired":true,"valueName":"search_term_string"}}],"inLanguage":"nl-BE"},{"@type":"Organization","@id":"https:\/\/b19.be\/nl\/#organization","name":"B19","alternateName":"B19 Business Club","url":"https:\/\/b19.be\/nl\/","logo":{"@type":"ImageObject","inLanguage":"nl-BE","@id":"https:\/\/b19.be\/nl\/#\/schema\/logo\/image\/","url":"https:\/\/b19.be\/wp-content\/uploads\/2023\/09\/logob19.svg","contentUrl":"https:\/\/b19.be\/wp-content\/uploads\/2023\/09\/logob19.svg","width":1,"height":1,"caption":"B19"},"image":{"@id":"https:\/\/b19.be\/nl\/#\/schema\/logo\/image\/"},"sameAs":["https:\/\/www.facebook.com\/B19BusinessClub","https:\/\/www.linkedin.com\/company\/b19-country-club\/","https:\/\/www.instagram.com\/b19_business_club\/"]}]}</script>
<!-- / Yoast SEO plugin. -->

Les hôtels VANDERVALK réunissant les 4 générations de cette famille incroyable ont marqué les esprits au B19&nbsp; Nous avons vécu une soirée d&#8217;exception. Un moment historique animé à la perfection par Luc MATON, car c&#8217;est la première fois que les quatre générations de la famille Vandervalk se retrouvaient unies pour célébrer leur parcours commun. Au-delà [&hellip;]
