{"id":9194,"date":"2025-12-12T15:50:09","date_gmt":"2025-12-12T14:50:09","guid":{"rendered":"https:\/\/b19.be\/agenda\/b19-young-talent-awards-by-belfius-brabant-wallon-2\/"},"modified":"2026-04-15T08:10:21","modified_gmt":"2026-04-15T06:10:21","slug":"b19-young-talent-awards-by-belfius-brabant-wallon-2","status":"publish","type":"event","link":"https:\/\/b19.be\/nl\/agenda\/b19-young-talent-awards-by-belfius-brabant-wallon-2\/","title":{"rendered":"B19 Young Talent Awards by Belfius \u2013 Namur\/Brabant-Wallon"},"content":{"rendered":"<p>Les Young Talent Awards by Belfius font \u00e9tape dans le Brabant wallon.<\/p>\n<p>Organis\u00e9 par B19 et Belfius, cet \u00e9v\u00e9nement met \u00e0 l\u2019honneur une nouvelle g\u00e9n\u00e9ration d\u2019entrepreneurs o\u00f9 plusieurs jeunes talents de moins de 40 ans pr\u00e9senteront leur entreprise, leur vision du futur et leur engagement entrepreneurial devant un public curieux et un jury d\u2019experts.<\/p>\n<p>Cet \u00e9v\u00e9nement exceptionnel se d\u00e9roulera au Kinepolis Imagibraine, notre partenaire de choix pour les Young Talent Awards 2026 et offrira un cadre unique avec des installations audiovisuelles impressionnantes.<\/p>\n<p>Le jury est compos\u00e9 de cinq professionnels reconnus pour leur exp\u00e9rience et leur engagement. Leur mission est d\u2019\u00e9valuer la pertinence, la solidit\u00e9 et la cr\u00e9ativit\u00e9 des projets pr\u00e9sent\u00e9s.<\/p>\n<p>Cette \u00e9tape fait partie d\u2019une s\u00e9rie de rencontres \u00e0 travers la Belgique. Chaque soir\u00e9e met en lumi\u00e8re des initiatives significatives et tourn\u00e9es vers l\u2019avenir. C\u2019est une occasion unique de d\u00e9couvrir des profils inspirants, de stimuler le dialogue entre les g\u00e9n\u00e9rations et de renforcer l\u2019\u00e9cosyst\u00e8me entrepreneurial local.<\/p>\n<p>Toutes ces soir\u00e9es m\u00e8nent \u00e0 un rendez-vous de taille : la grande finale, organis\u00e9e chez Belfius le 15 juin 2026, o\u00f9 les meilleurs talents s\u00e9lectionn\u00e9s \u00e0 travers le pays seront honor\u00e9s et r\u00e9compens\u00e9s.<\/p>\n<p><strong>Timing<\/strong><\/p>\n<p>18h30-19h00 : Accueil<br \/>\n19h00-20h00 : Conf\u00e9rence<br \/>\n20h00-21h00 : Drink &amp; networking<\/p>\n","protected":false},"excerpt":{"rendered":"<p>Les Young Talent Awards by Belfius font \u00e9tape dans le Brabant wallon. Organis\u00e9 par B19 et Belfius, cet \u00e9v\u00e9nement met \u00e0 l\u2019honneur une nouvelle g\u00e9n\u00e9ration d\u2019entrepreneurs o\u00f9 plusieurs jeunes talents de moins de 40 ans pr\u00e9senteront leur entreprise, leur vision du futur et leur engagement entrepreneurial devant un public curieux et un jury d\u2019experts. Cet [&hellip;]<\/p>\n","protected":false},"featured_media":9918,"template":"","class_list":["post-9194","event","type-event","status-publish","has-post-thumbnail","hentry"],"acf":[],"yoast_head":"<!-- This site is optimized with the Yoast SEO plugin v27.4 - https:\/\/yoast.com\/product\/yoast-seo-wordpress\/ -->\n<title>B19 Young Talent Awards by Belfius - Namur\/Brabant-Wallon - B19<\/title>\n<meta name=\"robots\" content=\"index, follow, max-snippet:-1, max-image-preview:large, max-video-preview:-1\" \/>\n<link rel=\"canonical\" href=\"https:\/\/b19.be\/nl\/agenda\/b19-young-talent-awards-by-belfius-brabant-wallon-2\/\" \/>\n<meta property=\"og:locale\" content=\"nl_BE\" \/>\n<meta property=\"og:type\" content=\"article\" \/>\n<meta property=\"og:title\" content=\"B19 Young Talent Awards by Belfius - Namur\/Brabant-Wallon - B19\" \/>\n<meta property=\"og:description\" content=\"Les Young Talent Awards by Belfius font \u00e9tape dans le Brabant wallon. Organis\u00e9 par B19 et Belfius, cet \u00e9v\u00e9nement met \u00e0 l\u2019honneur une nouvelle g\u00e9n\u00e9ration d\u2019entrepreneurs o\u00f9 plusieurs jeunes talents de moins de 40 ans pr\u00e9senteront leur entreprise, leur vision du futur et leur engagement entrepreneurial devant un public curieux et un jury d\u2019experts. Cet [&hellip;]\" \/>\n<meta property=\"og:url\" content=\"https:\/\/b19.be\/nl\/agenda\/b19-young-talent-awards-by-belfius-brabant-wallon-2\/\" \/>\n<meta property=\"og:site_name\" content=\"B19\" \/>\n<meta property=\"article:publisher\" content=\"https:\/\/www.facebook.com\/B19BusinessClub\" \/>\n<meta property=\"article:modified_time\" content=\"2026-04-15T06:10:21+00:00\" \/>\n<meta property=\"og:image\" content=\"https:\/\/b19.be\/wp-content\/uploads\/2026\/04\/f88136b6-7221-48c3-bf5f-6388385a9b7c-4.png\" \/>\n\t<meta property=\"og:image:width\" content=\"1181\" \/>\n\t<meta property=\"og:image:height\" content=\"591\" \/>\n\t<meta property=\"og:image:type\" content=\"image\/png\" \/>\n<meta name=\"twitter:card\" content=\"summary_large_image\" \/>\n<meta name=\"twitter:label1\" content=\"Geschatte leestijd\" \/>\n\t<meta name=\"twitter:data1\" content=\"2 minuten\" \/>\n<script type=\"application\/ld+json\" class=\"yoast-schema-graph\">{\"@context\":\"https:\\\/\\\/schema.org\",\"@graph\":[{\"@type\":\"WebPage\",\"@id\":\"https:\\\/\\\/b19.be\\\/nl\\\/agenda\\\/b19-young-talent-awards-by-belfius-brabant-wallon-2\\\/\",\"url\":\"https:\\\/\\\/b19.be\\\/nl\\\/agenda\\\/b19-young-talent-awards-by-belfius-brabant-wallon-2\\\/\",\"name\":\"B19 Young Talent Awards by Belfius - Namur\\\/Brabant-Wallon - B19\",\"isPartOf\":{\"@id\":\"https:\\\/\\\/b19.be\\\/nl\\\/#website\"},\"primaryImageOfPage\":{\"@id\":\"https:\\\/\\\/b19.be\\\/nl\\\/agenda\\\/b19-young-talent-awards-by-belfius-brabant-wallon-2\\\/#primaryimage\"},\"image\":{\"@id\":\"https:\\\/\\\/b19.be\\\/nl\\\/agenda\\\/b19-young-talent-awards-by-belfius-brabant-wallon-2\\\/#primaryimage\"},\"thumbnailUrl\":\"https:\\\/\\\/b19.be\\\/wp-content\\\/uploads\\\/2026\\\/04\\\/f88136b6-7221-48c3-bf5f-6388385a9b7c-4.png\",\"datePublished\":\"2025-12-12T14:50:09+00:00\",\"dateModified\":\"2026-04-15T06:10:21+00:00\",\"breadcrumb\":{\"@id\":\"https:\\\/\\\/b19.be\\\/nl\\\/agenda\\\/b19-young-talent-awards-by-belfius-brabant-wallon-2\\\/#breadcrumb\"},\"inLanguage\":\"nl-BE\",\"potentialAction\":[{\"@type\":\"ReadAction\",\"target\":[\"https:\\\/\\\/b19.be\\\/nl\\\/agenda\\\/b19-young-talent-awards-by-belfius-brabant-wallon-2\\\/\"]}]},{\"@type\":\"ImageObject\",\"inLanguage\":\"nl-BE\",\"@id\":\"https:\\\/\\\/b19.be\\\/nl\\\/agenda\\\/b19-young-talent-awards-by-belfius-brabant-wallon-2\\\/#primaryimage\",\"url\":\"https:\\\/\\\/b19.be\\\/wp-content\\\/uploads\\\/2026\\\/04\\\/f88136b6-7221-48c3-bf5f-6388385a9b7c-4.png\",\"contentUrl\":\"https:\\\/\\\/b19.be\\\/wp-content\\\/uploads\\\/2026\\\/04\\\/f88136b6-7221-48c3-bf5f-6388385a9b7c-4.png\",\"width\":1181,\"height\":591},{\"@type\":\"BreadcrumbList\",\"@id\":\"https:\\\/\\\/b19.be\\\/nl\\\/agenda\\\/b19-young-talent-awards-by-belfius-brabant-wallon-2\\\/#breadcrumb\",\"itemListElement\":[{\"@type\":\"ListItem\",\"position\":1,\"name\":\"Home\",\"item\":\"https:\\\/\\\/b19.be\\\/nl\\\/\"},{\"@type\":\"ListItem\",\"position\":2,\"name\":\"B19 Young Talent Awards by Belfius \u2013 Namur\\\/Brabant-Wallon\"}]},{\"@type\":\"WebSite\",\"@id\":\"https:\\\/\\\/b19.be\\\/nl\\\/#website\",\"url\":\"https:\\\/\\\/b19.be\\\/nl\\\/\",\"name\":\"B19\",\"description\":\"National Business Club &amp; Networking\",\"publisher\":{\"@id\":\"https:\\\/\\\/b19.be\\\/nl\\\/#organization\"},\"alternateName\":\"B19 Business Club\",\"potentialAction\":[{\"@type\":\"SearchAction\",\"target\":{\"@type\":\"EntryPoint\",\"urlTemplate\":\"https:\\\/\\\/b19.be\\\/nl\\\/?s={search_term_string}\"},\"query-input\":{\"@type\":\"PropertyValueSpecification\",\"valueRequired\":true,\"valueName\":\"search_term_string\"}}],\"inLanguage\":\"nl-BE\"},{\"@type\":\"Organization\",\"@id\":\"https:\\\/\\\/b19.be\\\/nl\\\/#organization\",\"name\":\"B19\",\"alternateName\":\"B19 Business Club\",\"url\":\"https:\\\/\\\/b19.be\\\/nl\\\/\",\"logo\":{\"@type\":\"ImageObject\",\"inLanguage\":\"nl-BE\",\"@id\":\"https:\\\/\\\/b19.be\\\/nl\\\/#\\\/schema\\\/logo\\\/image\\\/\",\"url\":\"https:\\\/\\\/b19.be\\\/wp-content\\\/uploads\\\/2023\\\/09\\\/logob19.svg\",\"contentUrl\":\"https:\\\/\\\/b19.be\\\/wp-content\\\/uploads\\\/2023\\\/09\\\/logob19.svg\",\"width\":1,\"height\":1,\"caption\":\"B19\"},\"image\":{\"@id\":\"https:\\\/\\\/b19.be\\\/nl\\\/#\\\/schema\\\/logo\\\/image\\\/\"},\"sameAs\":[\"https:\\\/\\\/www.facebook.com\\\/B19BusinessClub\",\"https:\\\/\\\/www.linkedin.com\\\/company\\\/b19-country-club\\\/\",\"https:\\\/\\\/www.instagram.com\\\/b19_business_club\\\/\"]}]}<\/script>\n<!-- \/ Yoast SEO plugin. -->","yoast_head_json":{"title":"B19 Young Talent Awards by Belfius - Namur\/Brabant-Wallon - B19","robots":{"index":"index","follow":"follow","max-snippet":"max-snippet:-1","max-image-preview":"max-image-preview:large","max-video-preview":"max-video-preview:-1"},"canonical":"https:\/\/b19.be\/nl\/agenda\/b19-young-talent-awards-by-belfius-brabant-wallon-2\/","og_locale":"nl_BE","og_type":"article","og_title":"B19 Young Talent Awards by Belfius - Namur\/Brabant-Wallon - B19","og_description":"Les Young Talent Awards by Belfius font \u00e9tape dans le Brabant wallon. Organis\u00e9 par B19 et Belfius, cet \u00e9v\u00e9nement met \u00e0 l\u2019honneur une nouvelle g\u00e9n\u00e9ration d\u2019entrepreneurs o\u00f9 plusieurs jeunes talents de moins de 40 ans pr\u00e9senteront leur entreprise, leur vision du futur et leur engagement entrepreneurial devant un public curieux et un jury d\u2019experts. Cet [&hellip;]","og_url":"https:\/\/b19.be\/nl\/agenda\/b19-young-talent-awards-by-belfius-brabant-wallon-2\/","og_site_name":"B19","article_publisher":"https:\/\/www.facebook.com\/B19BusinessClub","article_modified_time":"2026-04-15T06:10:21+00:00","og_image":[{"width":1181,"height":591,"url":"https:\/\/b19.be\/wp-content\/uploads\/2026\/04\/f88136b6-7221-48c3-bf5f-6388385a9b7c-4.png","type":"image\/png"}],"twitter_card":"summary_large_image","twitter_misc":{"Geschatte leestijd":"2 minuten"},"schema":{"@context":"https:\/\/schema.org","@graph":[{"@type":"WebPage","@id":"https:\/\/b19.be\/nl\/agenda\/b19-young-talent-awards-by-belfius-brabant-wallon-2\/","url":"https:\/\/b19.be\/nl\/agenda\/b19-young-talent-awards-by-belfius-brabant-wallon-2\/","name":"B19 Young Talent Awards by Belfius - Namur\/Brabant-Wallon - B19","isPartOf":{"@id":"https:\/\/b19.be\/nl\/#website"},"primaryImageOfPage":{"@id":"https:\/\/b19.be\/nl\/agenda\/b19-young-talent-awards-by-belfius-brabant-wallon-2\/#primaryimage"},"image":{"@id":"https:\/\/b19.be\/nl\/agenda\/b19-young-talent-awards-by-belfius-brabant-wallon-2\/#primaryimage"},"thumbnailUrl":"https:\/\/b19.be\/wp-content\/uploads\/2026\/04\/f88136b6-7221-48c3-bf5f-6388385a9b7c-4.png","datePublished":"2025-12-12T14:50:09+00:00","dateModified":"2026-04-15T06:10:21+00:00","breadcrumb":{"@id":"https:\/\/b19.be\/nl\/agenda\/b19-young-talent-awards-by-belfius-brabant-wallon-2\/#breadcrumb"},"inLanguage":"nl-BE","potentialAction":[{"@type":"ReadAction","target":["https:\/\/b19.be\/nl\/agenda\/b19-young-talent-awards-by-belfius-brabant-wallon-2\/"]}]},{"@type":"ImageObject","inLanguage":"nl-BE","@id":"https:\/\/b19.be\/nl\/agenda\/b19-young-talent-awards-by-belfius-brabant-wallon-2\/#primaryimage","url":"https:\/\/b19.be\/wp-content\/uploads\/2026\/04\/f88136b6-7221-48c3-bf5f-6388385a9b7c-4.png","contentUrl":"https:\/\/b19.be\/wp-content\/uploads\/2026\/04\/f88136b6-7221-48c3-bf5f-6388385a9b7c-4.png","width":1181,"height":591},{"@type":"BreadcrumbList","@id":"https:\/\/b19.be\/nl\/agenda\/b19-young-talent-awards-by-belfius-brabant-wallon-2\/#breadcrumb","itemListElement":[{"@type":"ListItem","position":1,"name":"Home","item":"https:\/\/b19.be\/nl\/"},{"@type":"ListItem","position":2,"name":"B19 Young Talent Awards by Belfius \u2013 Namur\/Brabant-Wallon"}]},{"@type":"WebSite","@id":"https:\/\/b19.be\/nl\/#website","url":"https:\/\/b19.be\/nl\/","name":"B19","description":"National Business Club &amp; Networking","publisher":{"@id":"https:\/\/b19.be\/nl\/#organization"},"alternateName":"B19 Business Club","potentialAction":[{"@type":"SearchAction","target":{"@type":"EntryPoint","urlTemplate":"https:\/\/b19.be\/nl\/?s={search_term_string}"},"query-input":{"@type":"PropertyValueSpecification","valueRequired":true,"valueName":"search_term_string"}}],"inLanguage":"nl-BE"},{"@type":"Organization","@id":"https:\/\/b19.be\/nl\/#organization","name":"B19","alternateName":"B19 Business Club","url":"https:\/\/b19.be\/nl\/","logo":{"@type":"ImageObject","inLanguage":"nl-BE","@id":"https:\/\/b19.be\/nl\/#\/schema\/logo\/image\/","url":"https:\/\/b19.be\/wp-content\/uploads\/2023\/09\/logob19.svg","contentUrl":"https:\/\/b19.be\/wp-content\/uploads\/2023\/09\/logob19.svg","width":1,"height":1,"caption":"B19"},"image":{"@id":"https:\/\/b19.be\/nl\/#\/schema\/logo\/image\/"},"sameAs":["https:\/\/www.facebook.com\/B19BusinessClub","https:\/\/www.linkedin.com\/company\/b19-country-club\/","https:\/\/www.instagram.com\/b19_business_club\/"]}]}},"_links":{"self":[{"href":"https:\/\/b19.be\/nl\/wp-json\/wp\/v2\/event\/9194","targetHints":{"allow":["GET"]}}],"collection":[{"href":"https:\/\/b19.be\/nl\/wp-json\/wp\/v2\/event"}],"about":[{"href":"https:\/\/b19.be\/nl\/wp-json\/wp\/v2\/types\/event"}],"version-history":[{"count":0,"href":"https:\/\/b19.be\/nl\/wp-json\/wp\/v2\/event\/9194\/revisions"}],"wp:featuredmedia":[{"embeddable":true,"href":"https:\/\/b19.be\/nl\/wp-json\/wp\/v2\/media\/9918"}],"wp:attachment":[{"href":"https:\/\/b19.be\/nl\/wp-json\/wp\/v2\/media?parent=9194"}],"curies":[{"name":"wp","href":"https:\/\/api.w.org\/{rel}","templated":true}]}}

<p>Les Young Talent Awards by Belfius font étape dans le Brabant wallon.</p>
<p>Organisé par B19 et Belfius, cet événement met à l’honneur une nouvelle génération d’entrepreneurs où plusieurs jeunes talents de moins de 40 ans présenteront leur entreprise, leur vision du futur et leur engagement entrepreneurial devant un public curieux et un jury d’experts.</p>
<p>Cet événement exceptionnel se déroulera au Kinepolis Imagibraine, notre partenaire de choix pour les Young Talent Awards 2026 et offrira un cadre unique avec des installations audiovisuelles impressionnantes.</p>
<p>Le jury est composé de cinq professionnels reconnus pour leur expérience et leur engagement. Leur mission est d’évaluer la pertinence, la solidité et la créativité des projets présentés.</p>
<p>Cette étape fait partie d’une série de rencontres à travers la Belgique. Chaque soirée met en lumière des initiatives significatives et tournées vers l’avenir. C’est une occasion unique de découvrir des profils inspirants, de stimuler le dialogue entre les générations et de renforcer l’écosystème entrepreneurial local.</p>
<p>Toutes ces soirées mènent à un rendez-vous de taille : la grande finale, organisée chez Belfius le 15 juin 2026, où les meilleurs talents sélectionnés à travers le pays seront honorés et récompensés.</p>
<p><strong>Timing</strong></p>
<p>18h30-19h00 : Accueil<br />
19h00-20h00 : Conférence<br />
20h00-21h00 : Drink &amp; networking</p>

<p>Les Young Talent Awards by Belfius font étape dans le Brabant wallon. Organisé par B19 et Belfius, cet événement met à l’honneur une nouvelle génération d’entrepreneurs où plusieurs jeunes talents de moins de 40 ans présenteront leur entreprise, leur vision du futur et leur engagement entrepreneurial devant un public curieux et un jury d’experts. Cet [&hellip;]</p>

<!-- This site is optimized with the Yoast SEO plugin v27.4 - https://yoast.com/product/yoast-seo-wordpress/ -->
<title>B19 Young Talent Awards by Belfius - Namur/Brabant-Wallon - B19</title>
<meta name="robots" content="index, follow, max-snippet:-1, max-image-preview:large, max-video-preview:-1" />
<link rel="canonical" href="https://b19.be/nl/agenda/b19-young-talent-awards-by-belfius-brabant-wallon-2/" />
<meta property="og:locale" content="nl_BE" />
<meta property="og:type" content="article" />
<meta property="og:title" content="B19 Young Talent Awards by Belfius - Namur/Brabant-Wallon - B19" />
<meta property="og:description" content="Les Young Talent Awards by Belfius font étape dans le Brabant wallon. Organisé par B19 et Belfius, cet événement met à l’honneur une nouvelle génération d’entrepreneurs où plusieurs jeunes talents de moins de 40 ans présenteront leur entreprise, leur vision du futur et leur engagement entrepreneurial devant un public curieux et un jury d’experts. Cet [&hellip;]" />
<meta property="og:url" content="https://b19.be/nl/agenda/b19-young-talent-awards-by-belfius-brabant-wallon-2/" />
<meta property="og:site_name" content="B19" />
<meta property="article:publisher" content="https://www.facebook.com/B19BusinessClub" />
<meta property="article:modified_time" content="2026-04-15T06:10:21+00:00" />
<meta property="og:image" content="https://b19.be/wp-content/uploads/2026/04/f88136b6-7221-48c3-bf5f-6388385a9b7c-4.png" />
	<meta property="og:image:width" content="1181" />
	<meta property="og:image:height" content="591" />
	<meta property="og:image:type" content="image/png" />
<meta name="twitter:card" content="summary_large_image" />
<meta name="twitter:label1" content="Geschatte leestijd" />
	<meta name="twitter:data1" content="2 minuten" />
<script type="application/ld+json" class="yoast-schema-graph">{"@context":"https:\/\/schema.org","@graph":[{"@type":"WebPage","@id":"https:\/\/b19.be\/nl\/agenda\/b19-young-talent-awards-by-belfius-brabant-wallon-2\/","url":"https:\/\/b19.be\/nl\/agenda\/b19-young-talent-awards-by-belfius-brabant-wallon-2\/","name":"B19 Young Talent Awards by Belfius - Namur\/Brabant-Wallon - B19","isPartOf":{"@id":"https:\/\/b19.be\/nl\/#website"},"primaryImageOfPage":{"@id":"https:\/\/b19.be\/nl\/agenda\/b19-young-talent-awards-by-belfius-brabant-wallon-2\/#primaryimage"},"image":{"@id":"https:\/\/b19.be\/nl\/agenda\/b19-young-talent-awards-by-belfius-brabant-wallon-2\/#primaryimage"},"thumbnailUrl":"https:\/\/b19.be\/wp-content\/uploads\/2026\/04\/f88136b6-7221-48c3-bf5f-6388385a9b7c-4.png","datePublished":"2025-12-12T14:50:09+00:00","dateModified":"2026-04-15T06:10:21+00:00","breadcrumb":{"@id":"https:\/\/b19.be\/nl\/agenda\/b19-young-talent-awards-by-belfius-brabant-wallon-2\/#breadcrumb"},"inLanguage":"nl-BE","potentialAction":[{"@type":"ReadAction","target":["https:\/\/b19.be\/nl\/agenda\/b19-young-talent-awards-by-belfius-brabant-wallon-2\/"]}]},{"@type":"ImageObject","inLanguage":"nl-BE","@id":"https:\/\/b19.be\/nl\/agenda\/b19-young-talent-awards-by-belfius-brabant-wallon-2\/#primaryimage","url":"https:\/\/b19.be\/wp-content\/uploads\/2026\/04\/f88136b6-7221-48c3-bf5f-6388385a9b7c-4.png","contentUrl":"https:\/\/b19.be\/wp-content\/uploads\/2026\/04\/f88136b6-7221-48c3-bf5f-6388385a9b7c-4.png","width":1181,"height":591},{"@type":"BreadcrumbList","@id":"https:\/\/b19.be\/nl\/agenda\/b19-young-talent-awards-by-belfius-brabant-wallon-2\/#breadcrumb","itemListElement":[{"@type":"ListItem","position":1,"name":"Home","item":"https:\/\/b19.be\/nl\/"},{"@type":"ListItem","position":2,"name":"B19 Young Talent Awards by Belfius – Namur\/Brabant-Wallon"}]},{"@type":"WebSite","@id":"https:\/\/b19.be\/nl\/#website","url":"https:\/\/b19.be\/nl\/","name":"B19","description":"National Business Club &amp; Networking","publisher":{"@id":"https:\/\/b19.be\/nl\/#organization"},"alternateName":"B19 Business Club","potentialAction":[{"@type":"SearchAction","target":{"@type":"EntryPoint","urlTemplate":"https:\/\/b19.be\/nl\/?s={search_term_string}"},"query-input":{"@type":"PropertyValueSpecification","valueRequired":true,"valueName":"search_term_string"}}],"inLanguage":"nl-BE"},{"@type":"Organization","@id":"https:\/\/b19.be\/nl\/#organization","name":"B19","alternateName":"B19 Business Club","url":"https:\/\/b19.be\/nl\/","logo":{"@type":"ImageObject","inLanguage":"nl-BE","@id":"https:\/\/b19.be\/nl\/#\/schema\/logo\/image\/","url":"https:\/\/b19.be\/wp-content\/uploads\/2023\/09\/logob19.svg","contentUrl":"https:\/\/b19.be\/wp-content\/uploads\/2023\/09\/logob19.svg","width":1,"height":1,"caption":"B19"},"image":{"@id":"https:\/\/b19.be\/nl\/#\/schema\/logo\/image\/"},"sameAs":["https:\/\/www.facebook.com\/B19BusinessClub","https:\/\/www.linkedin.com\/company\/b19-country-club\/","https:\/\/www.instagram.com\/b19_business_club\/"]}]}</script>
<!-- / Yoast SEO plugin. -->

Les Young Talent Awards by Belfius font étape dans le Brabant wallon. Organisé par B19 et Belfius, cet événement met à l’honneur une nouvelle génération d’entrepreneurs où plusieurs jeunes talents de moins de 40 ans présenteront leur entreprise, leur vision du futur et leur engagement entrepreneurial devant un public curieux et un jury d’experts. Cet [&hellip;]
