{"id":8464,"date":"2025-11-27T03:21:10","date_gmt":"2025-11-27T02:21:10","guid":{"rendered":"https:\/\/b19.be\/agenda\/annual-breakfast-porsche-brussels-motor-show-nl\/"},"modified":"2026-01-08T04:43:19","modified_gmt":"2026-01-08T03:43:19","slug":"annual-breakfast-porsche-brussels-motor-show-nl","status":"publish","type":"event","link":"https:\/\/b19.be\/nl\/agenda\/annual-breakfast-porsche-brussels-motor-show-nl\/","title":{"rendered":"Annual Breakfast Porsche @Brussels Motor Show"},"content":{"rendered":"<p>Le Salon de l\u2019Automobile de Bruxelles revient avec un programme exceptionnel.&nbsp;<\/p>\n<p>\u00c0 cette occasion, Porsche Belgique &amp; B19 vous propose de participer \u00e0 un petit-d\u00e9jeuner exclusif lors de la 102\u1d49 \u00e9dition de cet \u00e9v\u00e9nement incontournable.<\/p>\n<p>Lors de ce petit-d\u00e9jeuner, vous d\u00e9couvrirez en priv\u00e9 les nouveaux mod\u00e8les de Porsche pr\u00e9sent\u00e9s au Palais 11.<\/p>\n<p>Rejoignez-nous pour profitez d\u2019un moment convivial autour des valeurs d\u2019\u00e9l\u00e9gance, d\u2019innovation et de passion qui font la renomm\u00e9e de Porsche.<\/p>\n<p>Nous nous r\u00e9jouissons de vous y rencontrer pour une exp\u00e9rience unique.<\/p>\n<p>__________________________<\/p>\n<p>Het Autosalon van Brussel keert terug met een uitzonderlijk programma.<\/p>\n<p>Ter gelegenheid hiervan bieden Porsche Belgi\u00eb &amp; B19 u de mogelijkheid om deel te nemen aan een exclusief ontbijt tijdens de 102e editie van dit niet te missen evenement.<\/p>\n<p>Tijdens dit ontbijt ontdekt u in alle exclusiviteit de nieuwe Porsche-modellen die worden voorgesteld in Paleis 11.<\/p>\n<p>Sluit u bij ons aan en geniet van een gezellige bijeenkomst rond de waarden van elegantie, innovatie en passie die Porsche wereldwijd beroemd maken.<\/p>\n<p>Wij kijken ernaar uit u te verwelkomen voor een unieke ervaring.<\/p>\n<p><strong>Timing<br \/><\/strong><span>08.00-09.00 : Welcome, Breakfast Buffet<br \/>09.00-10.00 : Free Visit<\/span><\/p><\/p>\n","protected":false},"excerpt":{"rendered":"<p>Le Salon de l\u2019Automobile de Bruxelles revient avec un programme exceptionnel.&nbsp; \u00c0 cette occasion, Porsche Belgique &amp; B19 vous propose de participer \u00e0 un petit-d\u00e9jeuner exclusif lors de la 102\u1d49 \u00e9dition de cet \u00e9v\u00e9nement incontournable. Lors de ce petit-d\u00e9jeuner, vous d\u00e9couvrirez en priv\u00e9 les nouveaux mod\u00e8les de Porsche pr\u00e9sent\u00e9s au Palais 11. Rejoignez-nous pour profitez [&hellip;]<\/p>\n","protected":false},"featured_media":8917,"template":"","class_list":["post-8464","event","type-event","status-publish","has-post-thumbnail","hentry"],"acf":[],"yoast_head":"<!-- This site is optimized with the Yoast SEO plugin v27.5 - https:\/\/yoast.com\/product\/yoast-seo-wordpress\/ -->\n<title>Annual Breakfast Porsche @Brussels Motor Show - B19<\/title>\n<meta name=\"robots\" content=\"index, follow, max-snippet:-1, max-image-preview:large, max-video-preview:-1\" \/>\n<link rel=\"canonical\" href=\"https:\/\/b19.be\/nl\/agenda\/annual-breakfast-porsche-brussels-motor-show-nl\/\" \/>\n<meta property=\"og:locale\" content=\"nl_BE\" \/>\n<meta property=\"og:type\" content=\"article\" \/>\n<meta property=\"og:title\" content=\"Annual Breakfast Porsche @Brussels Motor Show - B19\" \/>\n<meta property=\"og:description\" content=\"Le Salon de l\u2019Automobile de Bruxelles revient avec un programme exceptionnel.&nbsp; \u00c0 cette occasion, Porsche Belgique &amp; B19 vous propose de participer \u00e0 un petit-d\u00e9jeuner exclusif lors de la 102\u1d49 \u00e9dition de cet \u00e9v\u00e9nement incontournable. Lors de ce petit-d\u00e9jeuner, vous d\u00e9couvrirez en priv\u00e9 les nouveaux mod\u00e8les de Porsche pr\u00e9sent\u00e9s au Palais 11. Rejoignez-nous pour profitez [&hellip;]\" \/>\n<meta property=\"og:url\" content=\"https:\/\/b19.be\/nl\/agenda\/annual-breakfast-porsche-brussels-motor-show-nl\/\" \/>\n<meta property=\"og:site_name\" content=\"B19\" \/>\n<meta property=\"article:publisher\" content=\"https:\/\/www.facebook.com\/B19BusinessClub\" \/>\n<meta property=\"article:modified_time\" content=\"2026-01-08T03:43:19+00:00\" \/>\n<meta property=\"og:image\" content=\"https:\/\/b19.be\/wp-content\/uploads\/2026\/01\/51134d29-def8-4ff1-810f-2798c42d31c2.png\" \/>\n\t<meta property=\"og:image:width\" content=\"1181\" \/>\n\t<meta property=\"og:image:height\" content=\"591\" \/>\n\t<meta property=\"og:image:type\" content=\"image\/png\" \/>\n<meta name=\"twitter:card\" content=\"summary_large_image\" \/>\n<meta name=\"twitter:label1\" content=\"Geschatte leestijd\" \/>\n\t<meta name=\"twitter:data1\" content=\"1 minuut\" \/>\n<script type=\"application\/ld+json\" class=\"yoast-schema-graph\">{\"@context\":\"https:\\\/\\\/schema.org\",\"@graph\":[{\"@type\":\"WebPage\",\"@id\":\"https:\\\/\\\/b19.be\\\/nl\\\/agenda\\\/annual-breakfast-porsche-brussels-motor-show-nl\\\/\",\"url\":\"https:\\\/\\\/b19.be\\\/nl\\\/agenda\\\/annual-breakfast-porsche-brussels-motor-show-nl\\\/\",\"name\":\"Annual Breakfast Porsche @Brussels Motor Show - B19\",\"isPartOf\":{\"@id\":\"https:\\\/\\\/b19.be\\\/nl\\\/#website\"},\"primaryImageOfPage\":{\"@id\":\"https:\\\/\\\/b19.be\\\/nl\\\/agenda\\\/annual-breakfast-porsche-brussels-motor-show-nl\\\/#primaryimage\"},\"image\":{\"@id\":\"https:\\\/\\\/b19.be\\\/nl\\\/agenda\\\/annual-breakfast-porsche-brussels-motor-show-nl\\\/#primaryimage\"},\"thumbnailUrl\":\"https:\\\/\\\/b19.be\\\/wp-content\\\/uploads\\\/2026\\\/01\\\/51134d29-def8-4ff1-810f-2798c42d31c2-1.png\",\"datePublished\":\"2025-11-27T02:21:10+00:00\",\"dateModified\":\"2026-01-08T03:43:19+00:00\",\"breadcrumb\":{\"@id\":\"https:\\\/\\\/b19.be\\\/nl\\\/agenda\\\/annual-breakfast-porsche-brussels-motor-show-nl\\\/#breadcrumb\"},\"inLanguage\":\"nl-BE\",\"potentialAction\":[{\"@type\":\"ReadAction\",\"target\":[\"https:\\\/\\\/b19.be\\\/nl\\\/agenda\\\/annual-breakfast-porsche-brussels-motor-show-nl\\\/\"]}]},{\"@type\":\"ImageObject\",\"inLanguage\":\"nl-BE\",\"@id\":\"https:\\\/\\\/b19.be\\\/nl\\\/agenda\\\/annual-breakfast-porsche-brussels-motor-show-nl\\\/#primaryimage\",\"url\":\"https:\\\/\\\/b19.be\\\/wp-content\\\/uploads\\\/2026\\\/01\\\/51134d29-def8-4ff1-810f-2798c42d31c2-1.png\",\"contentUrl\":\"https:\\\/\\\/b19.be\\\/wp-content\\\/uploads\\\/2026\\\/01\\\/51134d29-def8-4ff1-810f-2798c42d31c2-1.png\",\"width\":1181,\"height\":591},{\"@type\":\"BreadcrumbList\",\"@id\":\"https:\\\/\\\/b19.be\\\/nl\\\/agenda\\\/annual-breakfast-porsche-brussels-motor-show-nl\\\/#breadcrumb\",\"itemListElement\":[{\"@type\":\"ListItem\",\"position\":1,\"name\":\"Home\",\"item\":\"https:\\\/\\\/b19.be\\\/nl\\\/\"},{\"@type\":\"ListItem\",\"position\":2,\"name\":\"Annual Breakfast Porsche @Brussels Motor Show\"}]},{\"@type\":\"WebSite\",\"@id\":\"https:\\\/\\\/b19.be\\\/nl\\\/#website\",\"url\":\"https:\\\/\\\/b19.be\\\/nl\\\/\",\"name\":\"B19\",\"description\":\"National Business Club &amp; Networking\",\"publisher\":{\"@id\":\"https:\\\/\\\/b19.be\\\/nl\\\/#organization\"},\"alternateName\":\"B19 Business Club\",\"potentialAction\":[{\"@type\":\"SearchAction\",\"target\":{\"@type\":\"EntryPoint\",\"urlTemplate\":\"https:\\\/\\\/b19.be\\\/nl\\\/?s={search_term_string}\"},\"query-input\":{\"@type\":\"PropertyValueSpecification\",\"valueRequired\":true,\"valueName\":\"search_term_string\"}}],\"inLanguage\":\"nl-BE\"},{\"@type\":\"Organization\",\"@id\":\"https:\\\/\\\/b19.be\\\/nl\\\/#organization\",\"name\":\"B19\",\"alternateName\":\"B19 Business Club\",\"url\":\"https:\\\/\\\/b19.be\\\/nl\\\/\",\"logo\":{\"@type\":\"ImageObject\",\"inLanguage\":\"nl-BE\",\"@id\":\"https:\\\/\\\/b19.be\\\/nl\\\/#\\\/schema\\\/logo\\\/image\\\/\",\"url\":\"https:\\\/\\\/b19.be\\\/wp-content\\\/uploads\\\/2023\\\/09\\\/logob19.svg\",\"contentUrl\":\"https:\\\/\\\/b19.be\\\/wp-content\\\/uploads\\\/2023\\\/09\\\/logob19.svg\",\"width\":1,\"height\":1,\"caption\":\"B19\"},\"image\":{\"@id\":\"https:\\\/\\\/b19.be\\\/nl\\\/#\\\/schema\\\/logo\\\/image\\\/\"},\"sameAs\":[\"https:\\\/\\\/www.facebook.com\\\/B19BusinessClub\",\"https:\\\/\\\/www.linkedin.com\\\/company\\\/b19-country-club\\\/\",\"https:\\\/\\\/www.instagram.com\\\/b19_business_club\\\/\"]}]}<\/script>\n<!-- \/ Yoast SEO plugin. -->","yoast_head_json":{"title":"Annual Breakfast Porsche @Brussels Motor Show - B19","robots":{"index":"index","follow":"follow","max-snippet":"max-snippet:-1","max-image-preview":"max-image-preview:large","max-video-preview":"max-video-preview:-1"},"canonical":"https:\/\/b19.be\/nl\/agenda\/annual-breakfast-porsche-brussels-motor-show-nl\/","og_locale":"nl_BE","og_type":"article","og_title":"Annual Breakfast Porsche @Brussels Motor Show - B19","og_description":"Le Salon de l\u2019Automobile de Bruxelles revient avec un programme exceptionnel.&nbsp; \u00c0 cette occasion, Porsche Belgique &amp; B19 vous propose de participer \u00e0 un petit-d\u00e9jeuner exclusif lors de la 102\u1d49 \u00e9dition de cet \u00e9v\u00e9nement incontournable. Lors de ce petit-d\u00e9jeuner, vous d\u00e9couvrirez en priv\u00e9 les nouveaux mod\u00e8les de Porsche pr\u00e9sent\u00e9s au Palais 11. Rejoignez-nous pour profitez [&hellip;]","og_url":"https:\/\/b19.be\/nl\/agenda\/annual-breakfast-porsche-brussels-motor-show-nl\/","og_site_name":"B19","article_publisher":"https:\/\/www.facebook.com\/B19BusinessClub","article_modified_time":"2026-01-08T03:43:19+00:00","og_image":[{"width":1181,"height":591,"url":"https:\/\/b19.be\/wp-content\/uploads\/2026\/01\/51134d29-def8-4ff1-810f-2798c42d31c2.png","type":"image\/png"}],"twitter_card":"summary_large_image","twitter_misc":{"Geschatte leestijd":"1 minuut"},"schema":{"@context":"https:\/\/schema.org","@graph":[{"@type":"WebPage","@id":"https:\/\/b19.be\/nl\/agenda\/annual-breakfast-porsche-brussels-motor-show-nl\/","url":"https:\/\/b19.be\/nl\/agenda\/annual-breakfast-porsche-brussels-motor-show-nl\/","name":"Annual Breakfast Porsche @Brussels Motor Show - B19","isPartOf":{"@id":"https:\/\/b19.be\/nl\/#website"},"primaryImageOfPage":{"@id":"https:\/\/b19.be\/nl\/agenda\/annual-breakfast-porsche-brussels-motor-show-nl\/#primaryimage"},"image":{"@id":"https:\/\/b19.be\/nl\/agenda\/annual-breakfast-porsche-brussels-motor-show-nl\/#primaryimage"},"thumbnailUrl":"https:\/\/b19.be\/wp-content\/uploads\/2026\/01\/51134d29-def8-4ff1-810f-2798c42d31c2-1.png","datePublished":"2025-11-27T02:21:10+00:00","dateModified":"2026-01-08T03:43:19+00:00","breadcrumb":{"@id":"https:\/\/b19.be\/nl\/agenda\/annual-breakfast-porsche-brussels-motor-show-nl\/#breadcrumb"},"inLanguage":"nl-BE","potentialAction":[{"@type":"ReadAction","target":["https:\/\/b19.be\/nl\/agenda\/annual-breakfast-porsche-brussels-motor-show-nl\/"]}]},{"@type":"ImageObject","inLanguage":"nl-BE","@id":"https:\/\/b19.be\/nl\/agenda\/annual-breakfast-porsche-brussels-motor-show-nl\/#primaryimage","url":"https:\/\/b19.be\/wp-content\/uploads\/2026\/01\/51134d29-def8-4ff1-810f-2798c42d31c2-1.png","contentUrl":"https:\/\/b19.be\/wp-content\/uploads\/2026\/01\/51134d29-def8-4ff1-810f-2798c42d31c2-1.png","width":1181,"height":591},{"@type":"BreadcrumbList","@id":"https:\/\/b19.be\/nl\/agenda\/annual-breakfast-porsche-brussels-motor-show-nl\/#breadcrumb","itemListElement":[{"@type":"ListItem","position":1,"name":"Home","item":"https:\/\/b19.be\/nl\/"},{"@type":"ListItem","position":2,"name":"Annual Breakfast Porsche @Brussels Motor Show"}]},{"@type":"WebSite","@id":"https:\/\/b19.be\/nl\/#website","url":"https:\/\/b19.be\/nl\/","name":"B19","description":"National Business Club &amp; Networking","publisher":{"@id":"https:\/\/b19.be\/nl\/#organization"},"alternateName":"B19 Business Club","potentialAction":[{"@type":"SearchAction","target":{"@type":"EntryPoint","urlTemplate":"https:\/\/b19.be\/nl\/?s={search_term_string}"},"query-input":{"@type":"PropertyValueSpecification","valueRequired":true,"valueName":"search_term_string"}}],"inLanguage":"nl-BE"},{"@type":"Organization","@id":"https:\/\/b19.be\/nl\/#organization","name":"B19","alternateName":"B19 Business Club","url":"https:\/\/b19.be\/nl\/","logo":{"@type":"ImageObject","inLanguage":"nl-BE","@id":"https:\/\/b19.be\/nl\/#\/schema\/logo\/image\/","url":"https:\/\/b19.be\/wp-content\/uploads\/2023\/09\/logob19.svg","contentUrl":"https:\/\/b19.be\/wp-content\/uploads\/2023\/09\/logob19.svg","width":1,"height":1,"caption":"B19"},"image":{"@id":"https:\/\/b19.be\/nl\/#\/schema\/logo\/image\/"},"sameAs":["https:\/\/www.facebook.com\/B19BusinessClub","https:\/\/www.linkedin.com\/company\/b19-country-club\/","https:\/\/www.instagram.com\/b19_business_club\/"]}]}},"_links":{"self":[{"href":"https:\/\/b19.be\/nl\/wp-json\/wp\/v2\/event\/8464","targetHints":{"allow":["GET"]}}],"collection":[{"href":"https:\/\/b19.be\/nl\/wp-json\/wp\/v2\/event"}],"about":[{"href":"https:\/\/b19.be\/nl\/wp-json\/wp\/v2\/types\/event"}],"version-history":[{"count":0,"href":"https:\/\/b19.be\/nl\/wp-json\/wp\/v2\/event\/8464\/revisions"}],"wp:featuredmedia":[{"embeddable":true,"href":"https:\/\/b19.be\/nl\/wp-json\/wp\/v2\/media\/8917"}],"wp:attachment":[{"href":"https:\/\/b19.be\/nl\/wp-json\/wp\/v2\/media?parent=8464"}],"curies":[{"name":"wp","href":"https:\/\/api.w.org\/{rel}","templated":true}]}}

<p>Le Salon de l’Automobile de Bruxelles revient avec un programme exceptionnel.&nbsp;</p>
<p>À cette occasion, Porsche Belgique &amp; B19 vous propose de participer à un petit-déjeuner exclusif lors de la 102ᵉ édition de cet événement incontournable.</p>
<p>Lors de ce petit-déjeuner, vous découvrirez en privé les nouveaux modèles de Porsche présentés au Palais 11.</p>
<p>Rejoignez-nous pour profitez d’un moment convivial autour des valeurs d’élégance, d’innovation et de passion qui font la renommée de Porsche.</p>
<p>Nous nous réjouissons de vous y rencontrer pour une expérience unique.</p>
<p>__________________________</p>
<p>Het Autosalon van Brussel keert terug met een uitzonderlijk programma.</p>
<p>Ter gelegenheid hiervan bieden Porsche België &amp; B19 u de mogelijkheid om deel te nemen aan een exclusief ontbijt tijdens de 102e editie van dit niet te missen evenement.</p>
<p>Tijdens dit ontbijt ontdekt u in alle exclusiviteit de nieuwe Porsche-modellen die worden voorgesteld in Paleis 11.</p>
<p>Sluit u bij ons aan en geniet van een gezellige bijeenkomst rond de waarden van elegantie, innovatie en passie die Porsche wereldwijd beroemd maken.</p>
<p>Wij kijken ernaar uit u te verwelkomen voor een unieke ervaring.</p>
<p><strong>Timing<br /></strong><span>08.00-09.00 : Welcome, Breakfast Buffet<br />09.00-10.00 : Free Visit</span></p></p>

<p>Le Salon de l’Automobile de Bruxelles revient avec un programme exceptionnel.&nbsp; À cette occasion, Porsche Belgique &amp; B19 vous propose de participer à un petit-déjeuner exclusif lors de la 102ᵉ édition de cet événement incontournable. Lors de ce petit-déjeuner, vous découvrirez en privé les nouveaux modèles de Porsche présentés au Palais 11. Rejoignez-nous pour profitez [&hellip;]</p>

<!-- This site is optimized with the Yoast SEO plugin v27.5 - https://yoast.com/product/yoast-seo-wordpress/ -->
<title>Annual Breakfast Porsche @Brussels Motor Show - B19</title>
<meta name="robots" content="index, follow, max-snippet:-1, max-image-preview:large, max-video-preview:-1" />
<link rel="canonical" href="https://b19.be/nl/agenda/annual-breakfast-porsche-brussels-motor-show-nl/" />
<meta property="og:locale" content="nl_BE" />
<meta property="og:type" content="article" />
<meta property="og:title" content="Annual Breakfast Porsche @Brussels Motor Show - B19" />
<meta property="og:description" content="Le Salon de l’Automobile de Bruxelles revient avec un programme exceptionnel.&nbsp; À cette occasion, Porsche Belgique &amp; B19 vous propose de participer à un petit-déjeuner exclusif lors de la 102ᵉ édition de cet événement incontournable. Lors de ce petit-déjeuner, vous découvrirez en privé les nouveaux modèles de Porsche présentés au Palais 11. Rejoignez-nous pour profitez [&hellip;]" />
<meta property="og:url" content="https://b19.be/nl/agenda/annual-breakfast-porsche-brussels-motor-show-nl/" />
<meta property="og:site_name" content="B19" />
<meta property="article:publisher" content="https://www.facebook.com/B19BusinessClub" />
<meta property="article:modified_time" content="2026-01-08T03:43:19+00:00" />
<meta property="og:image" content="https://b19.be/wp-content/uploads/2026/01/51134d29-def8-4ff1-810f-2798c42d31c2.png" />
	<meta property="og:image:width" content="1181" />
	<meta property="og:image:height" content="591" />
	<meta property="og:image:type" content="image/png" />
<meta name="twitter:card" content="summary_large_image" />
<meta name="twitter:label1" content="Geschatte leestijd" />
	<meta name="twitter:data1" content="1 minuut" />
<script type="application/ld+json" class="yoast-schema-graph">{"@context":"https:\/\/schema.org","@graph":[{"@type":"WebPage","@id":"https:\/\/b19.be\/nl\/agenda\/annual-breakfast-porsche-brussels-motor-show-nl\/","url":"https:\/\/b19.be\/nl\/agenda\/annual-breakfast-porsche-brussels-motor-show-nl\/","name":"Annual Breakfast Porsche @Brussels Motor Show - B19","isPartOf":{"@id":"https:\/\/b19.be\/nl\/#website"},"primaryImageOfPage":{"@id":"https:\/\/b19.be\/nl\/agenda\/annual-breakfast-porsche-brussels-motor-show-nl\/#primaryimage"},"image":{"@id":"https:\/\/b19.be\/nl\/agenda\/annual-breakfast-porsche-brussels-motor-show-nl\/#primaryimage"},"thumbnailUrl":"https:\/\/b19.be\/wp-content\/uploads\/2026\/01\/51134d29-def8-4ff1-810f-2798c42d31c2-1.png","datePublished":"2025-11-27T02:21:10+00:00","dateModified":"2026-01-08T03:43:19+00:00","breadcrumb":{"@id":"https:\/\/b19.be\/nl\/agenda\/annual-breakfast-porsche-brussels-motor-show-nl\/#breadcrumb"},"inLanguage":"nl-BE","potentialAction":[{"@type":"ReadAction","target":["https:\/\/b19.be\/nl\/agenda\/annual-breakfast-porsche-brussels-motor-show-nl\/"]}]},{"@type":"ImageObject","inLanguage":"nl-BE","@id":"https:\/\/b19.be\/nl\/agenda\/annual-breakfast-porsche-brussels-motor-show-nl\/#primaryimage","url":"https:\/\/b19.be\/wp-content\/uploads\/2026\/01\/51134d29-def8-4ff1-810f-2798c42d31c2-1.png","contentUrl":"https:\/\/b19.be\/wp-content\/uploads\/2026\/01\/51134d29-def8-4ff1-810f-2798c42d31c2-1.png","width":1181,"height":591},{"@type":"BreadcrumbList","@id":"https:\/\/b19.be\/nl\/agenda\/annual-breakfast-porsche-brussels-motor-show-nl\/#breadcrumb","itemListElement":[{"@type":"ListItem","position":1,"name":"Home","item":"https:\/\/b19.be\/nl\/"},{"@type":"ListItem","position":2,"name":"Annual Breakfast Porsche @Brussels Motor Show"}]},{"@type":"WebSite","@id":"https:\/\/b19.be\/nl\/#website","url":"https:\/\/b19.be\/nl\/","name":"B19","description":"National Business Club &amp; Networking","publisher":{"@id":"https:\/\/b19.be\/nl\/#organization"},"alternateName":"B19 Business Club","potentialAction":[{"@type":"SearchAction","target":{"@type":"EntryPoint","urlTemplate":"https:\/\/b19.be\/nl\/?s={search_term_string}"},"query-input":{"@type":"PropertyValueSpecification","valueRequired":true,"valueName":"search_term_string"}}],"inLanguage":"nl-BE"},{"@type":"Organization","@id":"https:\/\/b19.be\/nl\/#organization","name":"B19","alternateName":"B19 Business Club","url":"https:\/\/b19.be\/nl\/","logo":{"@type":"ImageObject","inLanguage":"nl-BE","@id":"https:\/\/b19.be\/nl\/#\/schema\/logo\/image\/","url":"https:\/\/b19.be\/wp-content\/uploads\/2023\/09\/logob19.svg","contentUrl":"https:\/\/b19.be\/wp-content\/uploads\/2023\/09\/logob19.svg","width":1,"height":1,"caption":"B19"},"image":{"@id":"https:\/\/b19.be\/nl\/#\/schema\/logo\/image\/"},"sameAs":["https:\/\/www.facebook.com\/B19BusinessClub","https:\/\/www.linkedin.com\/company\/b19-country-club\/","https:\/\/www.instagram.com\/b19_business_club\/"]}]}</script>
<!-- / Yoast SEO plugin. -->

Le Salon de l’Automobile de Bruxelles revient avec un programme exceptionnel.&nbsp; À cette occasion, Porsche Belgique &amp; B19 vous propose de participer à un petit-déjeuner exclusif lors de la 102ᵉ édition de cet événement incontournable. Lors de ce petit-déjeuner, vous découvrirez en privé les nouveaux modèles de Porsche présentés au Palais 11. Rejoignez-nous pour profitez [&hellip;]
