{"id":6354,"date":"2025-02-27T15:04:34","date_gmt":"2025-02-27T14:04:34","guid":{"rendered":"https:\/\/b19.be\/agenda\/laurent-wagner-ceo-warehouses-estates-belgium-sa\/"},"modified":"2025-05-21T10:58:02","modified_gmt":"2025-05-21T08:58:02","slug":"laurent-wagner-ceo-warehouses-estates-belgium-sa","status":"publish","type":"event","link":"https:\/\/b19.be\/nl\/agenda\/laurent-wagner-ceo-warehouses-estates-belgium-sa\/","title":{"rendered":"Laurent Wagner \u2013 CEO Warehouses Estates Belgium SA"},"content":{"rendered":"<p><span>Nous avons le plaisir de vous convier \u00e0 un \u00e9v\u00e9nement exclusif au\u00a0B19 avec\u00a0<strong>Laurent Wagner, CEO de\u00a0Warehouses Estates Belgium SA (WEB)<\/strong>.<\/span><\/p>\n<p><span>Entrepreneur visionnaire et expert du secteur immobilier, Laurent Wagner partagera son exp\u00e9rience et sa vision du march\u00e9 de l\u2019immobilier logistique et semi-industriel en Belgique. Nous aurons l\u2019opportunit\u00e9 d\u2019explorer les d\u00e9fis et opportunit\u00e9s du secteur, ainsi que les tendances qui fa\u00e7onnent l\u2019avenir de la logistique et de l\u2019investissement immobilier.<\/span><\/p>\n<p><span>\ud83d\udca1<\/span> <span>Une occasion unique de d\u00e9couvrir les coulisses d\u2019un acteur cl\u00e9 du march\u00e9 et d\u2019\u00e9largir votre r\u00e9seau !<\/span><\/p>\n<p><span>Nous nous r\u00e9jouissons de vous y retrouver !<\/span><\/p>\n<p><span>L\u2019\u00e9quipe du\u00a0B19 <\/span><\/p>\n<p><strong>Timing<\/strong><\/p>\n<p><span>18h30 Accueil <\/span><\/p>\n<p><span>19h \u2013 20h Conf\u00e9rence<\/span><\/p>\n<p><span>20h \u2013 21h networking <\/span><\/p>\n","protected":false},"excerpt":{"rendered":"<p>Nous avons le plaisir de vous convier \u00e0 un \u00e9v\u00e9nement exclusif au\u00a0B19 avec\u00a0Laurent Wagner, CEO de\u00a0Warehouses Estates Belgium SA (WEB). Entrepreneur visionnaire et expert du secteur immobilier, Laurent Wagner partagera son exp\u00e9rience et sa vision du march\u00e9 de l\u2019immobilier logistique et semi-industriel en Belgique. Nous aurons l\u2019opportunit\u00e9 d\u2019explorer les d\u00e9fis et opportunit\u00e9s du secteur, ainsi [&hellip;]<\/p>\n","protected":false},"featured_media":5452,"template":"","class_list":["post-6354","event","type-event","status-publish","has-post-thumbnail","hentry"],"acf":[],"yoast_head":"<!-- This site is optimized with the Yoast SEO plugin v27.4 - https:\/\/yoast.com\/product\/yoast-seo-wordpress\/ -->\n<title>Laurent Wagner - CEO Warehouses Estates Belgium SA - B19<\/title>\n<meta name=\"robots\" content=\"index, follow, max-snippet:-1, max-image-preview:large, max-video-preview:-1\" \/>\n<link rel=\"canonical\" href=\"https:\/\/b19.be\/nl\/agenda\/laurent-wagner-ceo-warehouses-estates-belgium-sa\/\" \/>\n<meta property=\"og:locale\" content=\"nl_BE\" \/>\n<meta property=\"og:type\" content=\"article\" \/>\n<meta property=\"og:title\" content=\"Laurent Wagner - CEO Warehouses Estates Belgium SA - B19\" \/>\n<meta property=\"og:description\" content=\"Nous avons le plaisir de vous convier \u00e0 un \u00e9v\u00e9nement exclusif au\u00a0B19 avec\u00a0Laurent Wagner, CEO de\u00a0Warehouses Estates Belgium SA (WEB). Entrepreneur visionnaire et expert du secteur immobilier, Laurent Wagner partagera son exp\u00e9rience et sa vision du march\u00e9 de l\u2019immobilier logistique et semi-industriel en Belgique. Nous aurons l\u2019opportunit\u00e9 d\u2019explorer les d\u00e9fis et opportunit\u00e9s du secteur, ainsi [&hellip;]\" \/>\n<meta property=\"og:url\" content=\"https:\/\/b19.be\/nl\/agenda\/laurent-wagner-ceo-warehouses-estates-belgium-sa\/\" \/>\n<meta property=\"og:site_name\" content=\"B19\" \/>\n<meta property=\"article:publisher\" content=\"https:\/\/www.facebook.com\/B19BusinessClub\" \/>\n<meta property=\"article:modified_time\" content=\"2025-05-21T08:58:02+00:00\" \/>\n<meta property=\"og:image\" content=\"https:\/\/b19.be\/wp-content\/uploads\/2025\/05\/2c4f6772-bed8-4ddc-a4d7-563046774032.png\" \/>\n\t<meta property=\"og:image:width\" content=\"1181\" \/>\n\t<meta property=\"og:image:height\" content=\"591\" \/>\n\t<meta property=\"og:image:type\" content=\"image\/png\" \/>\n<meta name=\"twitter:card\" content=\"summary_large_image\" \/>\n<meta name=\"twitter:label1\" content=\"Geschatte leestijd\" \/>\n\t<meta name=\"twitter:data1\" content=\"1 minuut\" \/>\n<script type=\"application\/ld+json\" class=\"yoast-schema-graph\">{\"@context\":\"https:\\\/\\\/schema.org\",\"@graph\":[{\"@type\":\"WebPage\",\"@id\":\"https:\\\/\\\/b19.be\\\/nl\\\/agenda\\\/laurent-wagner-ceo-warehouses-estates-belgium-sa\\\/\",\"url\":\"https:\\\/\\\/b19.be\\\/nl\\\/agenda\\\/laurent-wagner-ceo-warehouses-estates-belgium-sa\\\/\",\"name\":\"Laurent Wagner - CEO Warehouses Estates Belgium SA - B19\",\"isPartOf\":{\"@id\":\"https:\\\/\\\/b19.be\\\/nl\\\/#website\"},\"primaryImageOfPage\":{\"@id\":\"https:\\\/\\\/b19.be\\\/nl\\\/agenda\\\/laurent-wagner-ceo-warehouses-estates-belgium-sa\\\/#primaryimage\"},\"image\":{\"@id\":\"https:\\\/\\\/b19.be\\\/nl\\\/agenda\\\/laurent-wagner-ceo-warehouses-estates-belgium-sa\\\/#primaryimage\"},\"thumbnailUrl\":\"https:\\\/\\\/b19.be\\\/wp-content\\\/uploads\\\/2025\\\/05\\\/2c4f6772-bed8-4ddc-a4d7-563046774032.png\",\"datePublished\":\"2025-02-27T14:04:34+00:00\",\"dateModified\":\"2025-05-21T08:58:02+00:00\",\"breadcrumb\":{\"@id\":\"https:\\\/\\\/b19.be\\\/nl\\\/agenda\\\/laurent-wagner-ceo-warehouses-estates-belgium-sa\\\/#breadcrumb\"},\"inLanguage\":\"nl-BE\",\"potentialAction\":[{\"@type\":\"ReadAction\",\"target\":[\"https:\\\/\\\/b19.be\\\/nl\\\/agenda\\\/laurent-wagner-ceo-warehouses-estates-belgium-sa\\\/\"]}]},{\"@type\":\"ImageObject\",\"inLanguage\":\"nl-BE\",\"@id\":\"https:\\\/\\\/b19.be\\\/nl\\\/agenda\\\/laurent-wagner-ceo-warehouses-estates-belgium-sa\\\/#primaryimage\",\"url\":\"https:\\\/\\\/b19.be\\\/wp-content\\\/uploads\\\/2025\\\/05\\\/2c4f6772-bed8-4ddc-a4d7-563046774032.png\",\"contentUrl\":\"https:\\\/\\\/b19.be\\\/wp-content\\\/uploads\\\/2025\\\/05\\\/2c4f6772-bed8-4ddc-a4d7-563046774032.png\",\"width\":1181,\"height\":591},{\"@type\":\"BreadcrumbList\",\"@id\":\"https:\\\/\\\/b19.be\\\/nl\\\/agenda\\\/laurent-wagner-ceo-warehouses-estates-belgium-sa\\\/#breadcrumb\",\"itemListElement\":[{\"@type\":\"ListItem\",\"position\":1,\"name\":\"Home\",\"item\":\"https:\\\/\\\/b19.be\\\/nl\\\/\"},{\"@type\":\"ListItem\",\"position\":2,\"name\":\"Laurent Wagner \u2013 CEO Warehouses Estates Belgium SA\"}]},{\"@type\":\"WebSite\",\"@id\":\"https:\\\/\\\/b19.be\\\/nl\\\/#website\",\"url\":\"https:\\\/\\\/b19.be\\\/nl\\\/\",\"name\":\"B19\",\"description\":\"National Business Club &amp; Networking\",\"publisher\":{\"@id\":\"https:\\\/\\\/b19.be\\\/nl\\\/#organization\"},\"alternateName\":\"B19 Business Club\",\"potentialAction\":[{\"@type\":\"SearchAction\",\"target\":{\"@type\":\"EntryPoint\",\"urlTemplate\":\"https:\\\/\\\/b19.be\\\/nl\\\/?s={search_term_string}\"},\"query-input\":{\"@type\":\"PropertyValueSpecification\",\"valueRequired\":true,\"valueName\":\"search_term_string\"}}],\"inLanguage\":\"nl-BE\"},{\"@type\":\"Organization\",\"@id\":\"https:\\\/\\\/b19.be\\\/nl\\\/#organization\",\"name\":\"B19\",\"alternateName\":\"B19 Business Club\",\"url\":\"https:\\\/\\\/b19.be\\\/nl\\\/\",\"logo\":{\"@type\":\"ImageObject\",\"inLanguage\":\"nl-BE\",\"@id\":\"https:\\\/\\\/b19.be\\\/nl\\\/#\\\/schema\\\/logo\\\/image\\\/\",\"url\":\"https:\\\/\\\/b19.be\\\/wp-content\\\/uploads\\\/2023\\\/09\\\/logob19.svg\",\"contentUrl\":\"https:\\\/\\\/b19.be\\\/wp-content\\\/uploads\\\/2023\\\/09\\\/logob19.svg\",\"width\":1,\"height\":1,\"caption\":\"B19\"},\"image\":{\"@id\":\"https:\\\/\\\/b19.be\\\/nl\\\/#\\\/schema\\\/logo\\\/image\\\/\"},\"sameAs\":[\"https:\\\/\\\/www.facebook.com\\\/B19BusinessClub\",\"https:\\\/\\\/www.linkedin.com\\\/company\\\/b19-country-club\\\/\",\"https:\\\/\\\/www.instagram.com\\\/b19_business_club\\\/\"]}]}<\/script>\n<!-- \/ Yoast SEO plugin. -->","yoast_head_json":{"title":"Laurent Wagner - CEO Warehouses Estates Belgium SA - B19","robots":{"index":"index","follow":"follow","max-snippet":"max-snippet:-1","max-image-preview":"max-image-preview:large","max-video-preview":"max-video-preview:-1"},"canonical":"https:\/\/b19.be\/nl\/agenda\/laurent-wagner-ceo-warehouses-estates-belgium-sa\/","og_locale":"nl_BE","og_type":"article","og_title":"Laurent Wagner - CEO Warehouses Estates Belgium SA - B19","og_description":"Nous avons le plaisir de vous convier \u00e0 un \u00e9v\u00e9nement exclusif au\u00a0B19 avec\u00a0Laurent Wagner, CEO de\u00a0Warehouses Estates Belgium SA (WEB). Entrepreneur visionnaire et expert du secteur immobilier, Laurent Wagner partagera son exp\u00e9rience et sa vision du march\u00e9 de l\u2019immobilier logistique et semi-industriel en Belgique. Nous aurons l\u2019opportunit\u00e9 d\u2019explorer les d\u00e9fis et opportunit\u00e9s du secteur, ainsi [&hellip;]","og_url":"https:\/\/b19.be\/nl\/agenda\/laurent-wagner-ceo-warehouses-estates-belgium-sa\/","og_site_name":"B19","article_publisher":"https:\/\/www.facebook.com\/B19BusinessClub","article_modified_time":"2025-05-21T08:58:02+00:00","og_image":[{"width":1181,"height":591,"url":"https:\/\/b19.be\/wp-content\/uploads\/2025\/05\/2c4f6772-bed8-4ddc-a4d7-563046774032.png","type":"image\/png"}],"twitter_card":"summary_large_image","twitter_misc":{"Geschatte leestijd":"1 minuut"},"schema":{"@context":"https:\/\/schema.org","@graph":[{"@type":"WebPage","@id":"https:\/\/b19.be\/nl\/agenda\/laurent-wagner-ceo-warehouses-estates-belgium-sa\/","url":"https:\/\/b19.be\/nl\/agenda\/laurent-wagner-ceo-warehouses-estates-belgium-sa\/","name":"Laurent Wagner - CEO Warehouses Estates Belgium SA - B19","isPartOf":{"@id":"https:\/\/b19.be\/nl\/#website"},"primaryImageOfPage":{"@id":"https:\/\/b19.be\/nl\/agenda\/laurent-wagner-ceo-warehouses-estates-belgium-sa\/#primaryimage"},"image":{"@id":"https:\/\/b19.be\/nl\/agenda\/laurent-wagner-ceo-warehouses-estates-belgium-sa\/#primaryimage"},"thumbnailUrl":"https:\/\/b19.be\/wp-content\/uploads\/2025\/05\/2c4f6772-bed8-4ddc-a4d7-563046774032.png","datePublished":"2025-02-27T14:04:34+00:00","dateModified":"2025-05-21T08:58:02+00:00","breadcrumb":{"@id":"https:\/\/b19.be\/nl\/agenda\/laurent-wagner-ceo-warehouses-estates-belgium-sa\/#breadcrumb"},"inLanguage":"nl-BE","potentialAction":[{"@type":"ReadAction","target":["https:\/\/b19.be\/nl\/agenda\/laurent-wagner-ceo-warehouses-estates-belgium-sa\/"]}]},{"@type":"ImageObject","inLanguage":"nl-BE","@id":"https:\/\/b19.be\/nl\/agenda\/laurent-wagner-ceo-warehouses-estates-belgium-sa\/#primaryimage","url":"https:\/\/b19.be\/wp-content\/uploads\/2025\/05\/2c4f6772-bed8-4ddc-a4d7-563046774032.png","contentUrl":"https:\/\/b19.be\/wp-content\/uploads\/2025\/05\/2c4f6772-bed8-4ddc-a4d7-563046774032.png","width":1181,"height":591},{"@type":"BreadcrumbList","@id":"https:\/\/b19.be\/nl\/agenda\/laurent-wagner-ceo-warehouses-estates-belgium-sa\/#breadcrumb","itemListElement":[{"@type":"ListItem","position":1,"name":"Home","item":"https:\/\/b19.be\/nl\/"},{"@type":"ListItem","position":2,"name":"Laurent Wagner \u2013 CEO Warehouses Estates Belgium SA"}]},{"@type":"WebSite","@id":"https:\/\/b19.be\/nl\/#website","url":"https:\/\/b19.be\/nl\/","name":"B19","description":"National Business Club &amp; Networking","publisher":{"@id":"https:\/\/b19.be\/nl\/#organization"},"alternateName":"B19 Business Club","potentialAction":[{"@type":"SearchAction","target":{"@type":"EntryPoint","urlTemplate":"https:\/\/b19.be\/nl\/?s={search_term_string}"},"query-input":{"@type":"PropertyValueSpecification","valueRequired":true,"valueName":"search_term_string"}}],"inLanguage":"nl-BE"},{"@type":"Organization","@id":"https:\/\/b19.be\/nl\/#organization","name":"B19","alternateName":"B19 Business Club","url":"https:\/\/b19.be\/nl\/","logo":{"@type":"ImageObject","inLanguage":"nl-BE","@id":"https:\/\/b19.be\/nl\/#\/schema\/logo\/image\/","url":"https:\/\/b19.be\/wp-content\/uploads\/2023\/09\/logob19.svg","contentUrl":"https:\/\/b19.be\/wp-content\/uploads\/2023\/09\/logob19.svg","width":1,"height":1,"caption":"B19"},"image":{"@id":"https:\/\/b19.be\/nl\/#\/schema\/logo\/image\/"},"sameAs":["https:\/\/www.facebook.com\/B19BusinessClub","https:\/\/www.linkedin.com\/company\/b19-country-club\/","https:\/\/www.instagram.com\/b19_business_club\/"]}]}},"_links":{"self":[{"href":"https:\/\/b19.be\/nl\/wp-json\/wp\/v2\/event\/6354","targetHints":{"allow":["GET"]}}],"collection":[{"href":"https:\/\/b19.be\/nl\/wp-json\/wp\/v2\/event"}],"about":[{"href":"https:\/\/b19.be\/nl\/wp-json\/wp\/v2\/types\/event"}],"version-history":[{"count":0,"href":"https:\/\/b19.be\/nl\/wp-json\/wp\/v2\/event\/6354\/revisions"}],"wp:featuredmedia":[{"embeddable":true,"href":"https:\/\/b19.be\/nl\/wp-json\/wp\/v2\/media\/5452"}],"wp:attachment":[{"href":"https:\/\/b19.be\/nl\/wp-json\/wp\/v2\/media?parent=6354"}],"curies":[{"name":"wp","href":"https:\/\/api.w.org\/{rel}","templated":true}]}}

<p><span>Nous avons le plaisir de vous convier à un événement exclusif au B19 avec <strong>Laurent Wagner, CEO de Warehouses Estates Belgium SA (WEB)</strong>.</span></p>
<p><span>Entrepreneur visionnaire et expert du secteur immobilier, Laurent Wagner partagera son expérience et sa vision du marché de l’immobilier logistique et semi-industriel en Belgique. Nous aurons l’opportunité d’explorer les défis et opportunités du secteur, ainsi que les tendances qui façonnent l’avenir de la logistique et de l’investissement immobilier.</span></p>
<p><span>💡</span> <span>Une occasion unique de découvrir les coulisses d’un acteur clé du marché et d’élargir votre réseau !</span></p>
<p><span>Nous nous réjouissons de vous y retrouver !</span></p>
<p><span>L’équipe du B19 </span></p>
<p><strong>Timing</strong></p>
<p><span>18h30 Accueil </span></p>
<p><span>19h – 20h Conférence</span></p>
<p><span>20h – 21h networking </span></p>

<p>Nous avons le plaisir de vous convier à un événement exclusif au B19 avec Laurent Wagner, CEO de Warehouses Estates Belgium SA (WEB). Entrepreneur visionnaire et expert du secteur immobilier, Laurent Wagner partagera son expérience et sa vision du marché de l’immobilier logistique et semi-industriel en Belgique. Nous aurons l’opportunité d’explorer les défis et opportunités du secteur, ainsi [&hellip;]</p>

<!-- This site is optimized with the Yoast SEO plugin v27.4 - https://yoast.com/product/yoast-seo-wordpress/ -->
<title>Laurent Wagner - CEO Warehouses Estates Belgium SA - B19</title>
<meta name="robots" content="index, follow, max-snippet:-1, max-image-preview:large, max-video-preview:-1" />
<link rel="canonical" href="https://b19.be/nl/agenda/laurent-wagner-ceo-warehouses-estates-belgium-sa/" />
<meta property="og:locale" content="nl_BE" />
<meta property="og:type" content="article" />
<meta property="og:title" content="Laurent Wagner - CEO Warehouses Estates Belgium SA - B19" />
<meta property="og:description" content="Nous avons le plaisir de vous convier à un événement exclusif au B19 avec Laurent Wagner, CEO de Warehouses Estates Belgium SA (WEB). Entrepreneur visionnaire et expert du secteur immobilier, Laurent Wagner partagera son expérience et sa vision du marché de l’immobilier logistique et semi-industriel en Belgique. Nous aurons l’opportunité d’explorer les défis et opportunités du secteur, ainsi [&hellip;]" />
<meta property="og:url" content="https://b19.be/nl/agenda/laurent-wagner-ceo-warehouses-estates-belgium-sa/" />
<meta property="og:site_name" content="B19" />
<meta property="article:publisher" content="https://www.facebook.com/B19BusinessClub" />
<meta property="article:modified_time" content="2025-05-21T08:58:02+00:00" />
<meta property="og:image" content="https://b19.be/wp-content/uploads/2025/05/2c4f6772-bed8-4ddc-a4d7-563046774032.png" />
	<meta property="og:image:width" content="1181" />
	<meta property="og:image:height" content="591" />
	<meta property="og:image:type" content="image/png" />
<meta name="twitter:card" content="summary_large_image" />
<meta name="twitter:label1" content="Geschatte leestijd" />
	<meta name="twitter:data1" content="1 minuut" />
<script type="application/ld+json" class="yoast-schema-graph">{"@context":"https:\/\/schema.org","@graph":[{"@type":"WebPage","@id":"https:\/\/b19.be\/nl\/agenda\/laurent-wagner-ceo-warehouses-estates-belgium-sa\/","url":"https:\/\/b19.be\/nl\/agenda\/laurent-wagner-ceo-warehouses-estates-belgium-sa\/","name":"Laurent Wagner - CEO Warehouses Estates Belgium SA - B19","isPartOf":{"@id":"https:\/\/b19.be\/nl\/#website"},"primaryImageOfPage":{"@id":"https:\/\/b19.be\/nl\/agenda\/laurent-wagner-ceo-warehouses-estates-belgium-sa\/#primaryimage"},"image":{"@id":"https:\/\/b19.be\/nl\/agenda\/laurent-wagner-ceo-warehouses-estates-belgium-sa\/#primaryimage"},"thumbnailUrl":"https:\/\/b19.be\/wp-content\/uploads\/2025\/05\/2c4f6772-bed8-4ddc-a4d7-563046774032.png","datePublished":"2025-02-27T14:04:34+00:00","dateModified":"2025-05-21T08:58:02+00:00","breadcrumb":{"@id":"https:\/\/b19.be\/nl\/agenda\/laurent-wagner-ceo-warehouses-estates-belgium-sa\/#breadcrumb"},"inLanguage":"nl-BE","potentialAction":[{"@type":"ReadAction","target":["https:\/\/b19.be\/nl\/agenda\/laurent-wagner-ceo-warehouses-estates-belgium-sa\/"]}]},{"@type":"ImageObject","inLanguage":"nl-BE","@id":"https:\/\/b19.be\/nl\/agenda\/laurent-wagner-ceo-warehouses-estates-belgium-sa\/#primaryimage","url":"https:\/\/b19.be\/wp-content\/uploads\/2025\/05\/2c4f6772-bed8-4ddc-a4d7-563046774032.png","contentUrl":"https:\/\/b19.be\/wp-content\/uploads\/2025\/05\/2c4f6772-bed8-4ddc-a4d7-563046774032.png","width":1181,"height":591},{"@type":"BreadcrumbList","@id":"https:\/\/b19.be\/nl\/agenda\/laurent-wagner-ceo-warehouses-estates-belgium-sa\/#breadcrumb","itemListElement":[{"@type":"ListItem","position":1,"name":"Home","item":"https:\/\/b19.be\/nl\/"},{"@type":"ListItem","position":2,"name":"Laurent Wagner – CEO Warehouses Estates Belgium SA"}]},{"@type":"WebSite","@id":"https:\/\/b19.be\/nl\/#website","url":"https:\/\/b19.be\/nl\/","name":"B19","description":"National Business Club &amp; Networking","publisher":{"@id":"https:\/\/b19.be\/nl\/#organization"},"alternateName":"B19 Business Club","potentialAction":[{"@type":"SearchAction","target":{"@type":"EntryPoint","urlTemplate":"https:\/\/b19.be\/nl\/?s={search_term_string}"},"query-input":{"@type":"PropertyValueSpecification","valueRequired":true,"valueName":"search_term_string"}}],"inLanguage":"nl-BE"},{"@type":"Organization","@id":"https:\/\/b19.be\/nl\/#organization","name":"B19","alternateName":"B19 Business Club","url":"https:\/\/b19.be\/nl\/","logo":{"@type":"ImageObject","inLanguage":"nl-BE","@id":"https:\/\/b19.be\/nl\/#\/schema\/logo\/image\/","url":"https:\/\/b19.be\/wp-content\/uploads\/2023\/09\/logob19.svg","contentUrl":"https:\/\/b19.be\/wp-content\/uploads\/2023\/09\/logob19.svg","width":1,"height":1,"caption":"B19"},"image":{"@id":"https:\/\/b19.be\/nl\/#\/schema\/logo\/image\/"},"sameAs":["https:\/\/www.facebook.com\/B19BusinessClub","https:\/\/www.linkedin.com\/company\/b19-country-club\/","https:\/\/www.instagram.com\/b19_business_club\/"]}]}</script>
<!-- / Yoast SEO plugin. -->

Nous avons le plaisir de vous convier à un événement exclusif au B19 avec Laurent Wagner, CEO de Warehouses Estates Belgium SA (WEB). Entrepreneur visionnaire et expert du secteur immobilier, Laurent Wagner partagera son expérience et sa vision du marché de l’immobilier logistique et semi-industriel en Belgique. Nous aurons l’opportunité d’explorer les défis et opportunités du secteur, ainsi [&hellip;]
